000
CXUS53 KGID 011537
CF6JYR
PRELIMINARY LOCAL CLIMATOLOGICAL DATA (WS FORM: F-6)
STATION: YORK
MONTH: OCTOBER
YEAR: 2020
LATITUDE: 40 54 N
LONGITUDE: 97 37 W
TEMPERATURE IN F: :PCPN: SNOW: WIND :SUNSHINE: SKY :PK WND
================================================================================
1 2 3 4 5 6A 6B 7 8 9 10 11 12 13 14 15 16 17 18
12Z AVG MX 2MIN
DY MAX MIN AVG DEP HDD CDD WTR SNW DPTH SPD SPD DIR MIN PSBL S-S WX SPD DR
================================================================================
1 59 37 48 M 17 0 0.00 M M 9.8 20 320 M M 0 30 330
2 64 32 48 M 17 0 0.01 M M 6.2 13 90 M M 2 17 180
3 59 39 49 M 16 0 0.00 M M 6.0 14 20 M M 4 16 10
4 68 34 51 M 14 0 0.00 M M 7.5 18 160 M M 1 24 160
5 77 50 64 M 1 0 0.00 M M 12.4 21 210 M M 0 25 200
6 82 45 64 M 1 0 0.00 M M 7.3 17 240 M M 0 21 230
7 82 46 64 M 1 0 0.00 M M 8.1 17 60 M M 0 23 60
8 82 52 67 M 0 2 0.00 M M 11.7 21 160 M M 0 8 27 160
9 86 59 73 M 0 8 0.00 M M 12.0 20 210 M M 0 25 210
10 79 50 65 M 0 0 0.00 M M 9.2 14 90 M M 0 21 30
11 86 54 70 M 0 5 0.04 M M 17.4 29 170 M M 3 44 170
12 70 41 56 M 9 0 T M M 11.0 22 330 M M 1 28 330
13 68 45 57 M 8 0 0.00 M M 8.1 18 350 M M 0 25 350
14 73 52 63 M 2 0 0.00 M M 12.1 29 330 M M 3 40 330
15 54 34 44 M 21 0 0.00 M M 8.9 17 310 M M 1 8 24 310
16 59 30 45 M 20 0 0.00 M M 10.9 18 170 M M 3 25 170
17 68 39 54 M 11 0 T M M 13.6 23 360 M M 2 29 200
18 41 M M M M M T M M 12.9 23 360 M M 8 35 360
19 50 36 43 M 22 0 T M M 6.4 13 140 M M 4 20 140
20 54 37 46 M 19 0 0.00 M M 6.8 13 180 M M 7 20 160
21 48 36 42 M 23 0 T M M 8.5 13 100 M M 7 1 M M
22 46 34 40 M 25 0 0.02 M M 15.2 24 360 M M 10 1 33 360
23 36 30 33 M 32 0 T M M 15.0 23 360 M M 10 1 36 360
24 32 23 28 M 37 0 0.00 M M 6.6 12 90 M M 10 M M
25 30 21 26 M 39 0 M M M 17.1 25 10 M M 10 18 33 360
26 28 18 23 M 42 0 M M M 6.9 12 350 M M 7 18 21 350
27 39 14 27 M 38 0 0.00 M M 7.0 16 230 M M 0 21 240
28 61 18 40 M 25 0 0.00 M M 8.2 18 360 M M 0 25 360
29 48 27 38 M 27 0 0.00 M M 6.6 21 10 M M 0 30 10
30 66 27 47 M 18 0 0.00 M M 5.9 12 160 M M 0 16 150
31 68 41 55 M 10 0 0.00 M M 13.7 23 320 M M 0 31 320
================================================================================
SM 1863 1101 495 15 M M 309.0 M 93
================================================================================
AV 60.1 36.7 10.0 FASTST M M 3 MAX(MPH)
MISC ----> # 29 170 M M
================================================================================
NOTES:
# LAST OF SEVERAL OCCURRENCES
COLUMN 17 PEAK WIND IN M.P.H.
PRELIMINARY LOCAL CLIMATOLOGICAL DATA (WS FORM: F-6) , PAGE 2
STATION: YORK
MONTH: OCTOBER
YEAR: 2020
LATITUDE: 40 54 N
LONGITUDE: 97 37 W
[TEMPERATURE DATA] [PRECIPITATION DATA] SYMBOLS USED IN COLUMN 16
AVERAGE MONTHLY: 48.4 TOTAL FOR MONTH: M 1 = FOG OR MIST
DPTR FM NORMAL: 0.0 DPTR FM NORMAL: M 2 = FOG REDUCING VISIBILITY
HIGHEST: 86 ON 11, 9 GRTST 24HR M ON M TO 1/4 MILE OR LESS
LOWEST: 14 ON 27 3 = THUNDER
SNOW, ICE PELLETS, HAIL 4 = ICE PELLETS
TOTAL MONTH: M 5 = HAIL
GRTST 24HR M ON M 6 = FREEZING RAIN OR DRIZZLE
GRTST DEPTH: M ON M 7 = DUSTSTORM OR SANDSTORM:
VSBY 1/2 MILE OR LESS
8 = SMOKE OR HAZE
[NO. OF DAYS WITH] [WEATHER - DAYS WITH] 9 = BLOWING SNOW
X = TORNADO
MAX 32 OR BELOW: 3 0.01 INCH OR MORE: M
MAX 90 OR ABOVE: 0 0.10 INCH OR MORE: M
MIN 32 OR BELOW: 10 0.50 INCH OR MORE: M
MIN 0 OR BELOW: 0 1.00 INCH OR MORE: M
[HDD (BASE 65) ]
TOTAL THIS MO. 495 CLEAR (SCALE 0-3) 19
DPTR FM NORMAL M PTCLDY (SCALE 4-7) 7
TOTAL FM JUL 1 595 CLOUDY (SCALE 8-10) 5
DPTR FM NORMAL M
[CDD (BASE 65) ]
TOTAL THIS MO. 15
DPTR FM NORMAL M [PRESSURE DATA]
TOTAL FM JAN 1 1013 HIGHEST SLP M ON M
DPTR FM NORMAL M LOWEST SLP M ON M
[REMARKS]
#FINAL-10-20#