000
CXUS51 KBTV 010700
CF6MPV
PRELIMINARY LOCAL CLIMATOLOGICAL DATA (WS FORM: F-6)
STATION: MONTPELIER VT
MONTH: MARCH
YEAR: 2024
LATITUDE: 44 12 N
LONGITUDE: 72 34 W
TEMPERATURE IN F: :PCPN: SNOW: WIND :SUNSHINE: SKY :PK WND
================================================================================
1 2 3 4 5 6A 6B 7 8 9 10 11 12 13 14 15 16 17 18
12Z AVG MX 2MIN
DY MAX MIN AVG DEP HDD CDD WTR SNW DPTH SPD SPD DIR MIN PSBL S-S WX SPD DR
================================================================================
1 37 9 23 0 42 0 0.00 M M 5.7 14 310 M M 5 22 290
2 44 28 36 13 29 0 0.10 M M 5.3 15 160 M M 7 12 18 200
3 48 35 42 19 23 0 T M M 2.8 12 320 M M 10 12 15 320
4 49 37 43 19 22 0 0.00 M M 6.1 17 170 M M 10 12 24 170
5 41 36 39 15 26 0 0.42 M M 6.3 17 180 M M 10 1 24 170
6 44 34 39 15 26 0 0.82 M M 1.0 7 50 M M 10 12 9 180
7 42 28 35 10 30 0 0.73 M M 6.8 17 20 M M 8 1 25 340
8 50 22 36 11 29 0 0.00 M M 1.7 15 160 M M 0 1 23 150
9 39 32 36 11 29 0 0.38 M M 13.7 29 160 M M 5 1 38 150
10 37 25 31 5 34 0 0.61 M M 7.1 22 310 M M 10 18 30 320
11 33 22 28 2 37 0 T M M 14.7 31 300 M M 8 128 46 310
12 42 25 34 8 31 0 T M M 12.9 26 330 M M 0 39 320
13 51 18 35 8 30 0 T M M 1.9 7 150 M M 3 12 40
14 51 28 40 13 25 0 0.16 M M 2.8 16 340 M M 2 1 23 340
15 39 34 37 10 28 0 0.53 M M 3.6 8 50 M M 10 1 M M
16 M M M M M M 0.00 M M M M M M M M M M
17 M M M M M M 0.00 M M M M M M M M M M
18 M M M M M M M M M M M M M M M M M
19 M M M M M M M M M M M M M M M M M
20 M M M M M M M M M M M M M M M M M
21 M M M M M M M M M M M M M M M M M
22 26 12 19 -11 46 0 0.00 M M 9.0 25 310 M M 7 38 310
23 26 17 22 -8 43 0 1.14 M M 4.7 21 310 M M 10 128 30 310
24 32 11 22 -9 43 0 0.00 M M 5.3 16 320 M M 1 24 320
25 44 7 26 -5 39 0 0.00 M M 3.3 14 160 M M 0 17 110
26 49 18 34 3 31 0 T M M 4.3 13 160 M M 7 17 180
27 43 35 39 7 26 0 0.17 M M 5.2 13 180 M M 10 12 19 180
28 41 34 38 6 27 0 0.03 M M 1.7 8 330 M M 9 12 11 330
29 44 32 38 5 27 0 T M M 14.8 32 330 M M 2 49 320
30 42 29 36 3 29 0 T M M 14.5 30 310 M M 5 48 310
31 48 28 38 4 27 0 0.00 M M 7.1 21 310 M M 4 31 340
================================================================================
SM 1042 636 779 0 5.09 M 162.3 M 153
================================================================================
AV 41.7 25.4 6.5 FASTST M M 6 MAX(MPH)
MISC ----> 32 330 49 320
================================================================================
NOTES:
# LAST OF SEVERAL OCCURRENCES
COLUMN 17 PEAK WIND IN M.P.H.
PRELIMINARY LOCAL CLIMATOLOGICAL DATA (WS FORM: F-6) , PAGE 2
STATION: MONTPELIER VT
MONTH: MARCH
YEAR: 2024
LATITUDE: 44 12 N
LONGITUDE: 72 34 W
[TEMPERATURE DATA] [PRECIPITATION DATA] SYMBOLS USED IN COLUMN 16
AVERAGE MONTHLY: 33.6 TOTAL FOR MONTH: 5.09 1 = FOG OR MIST
DPTR FM NORMAL: 5.7 DPTR FM NORMAL: 2.60 2 = FOG REDUCING VISIBILITY
HIGHEST: 51 ON 14,13 GRTST 24HR 1.55 ON 6- 7 TO 1/4 MILE OR LESS
LOWEST: 7 ON 25 3 = THUNDER
SNOW, ICE PELLETS, HAIL 4 = ICE PELLETS
TOTAL MONTH: M 5 = HAIL
GRTST 24HR M ON M 6 = FREEZING RAIN OR DRIZZLE
GRTST DEPTH: M ON M 7 = DUSTSTORM OR SANDSTORM:
VSBY 1/2 MILE OR LESS
8 = SMOKE OR HAZE
[NO. OF DAYS WITH] [WEATHER - DAYS WITH] 9 = BLOWING SNOW
X = TORNADO
MAX 32 OR BELOW: 3 0.01 INCH OR MORE: 11
MAX 90 OR ABOVE: 0 0.10 INCH OR MORE: 10
MIN 32 OR BELOW: 18 0.50 INCH OR MORE: 5
MIN 0 OR BELOW: 0 1.00 INCH OR MORE: 1
[HDD (BASE 65) ]
TOTAL THIS MO. 779 CLEAR (SCALE 0-3) 7
DPTR FM NORMAL -373 PTCLDY (SCALE 4-7) 8
TOTAL FM JUL 1 5813 CLOUDY (SCALE 8-10) 16
DPTR FM NORMAL -1309
[CDD (BASE 65) ]
TOTAL THIS MO. 0
DPTR FM NORMAL 0 [PRESSURE DATA]
TOTAL FM JAN 1 0 HIGHEST SLP M ON M
DPTR FM NORMAL 0 LOWEST SLP 29.28 ON 10
[REMARKS]
#FINAL-03-24#