000
CXUS51 KBTV 010700
CF6MPV
PRELIMINARY LOCAL CLIMATOLOGICAL DATA (WS FORM: F-6)
STATION: MONTPELIER VT
MONTH: SEPTEMBER
YEAR: 2021
LATITUDE: 44 12 N
LONGITUDE: 72 34 W
TEMPERATURE IN F: :PCPN: SNOW: WIND :SUNSHINE: SKY :PK WND
================================================================================
1 2 3 4 5 6A 6B 7 8 9 10 11 12 13 14 15 16 17 18
12Z AVG MX 2MIN
DY MAX MIN AVG DEP HDD CDD WTR SNW DPTH SPD SPD DIR MIN PSBL S-S WX SPD DR
================================================================================
1 68 52 60 -2 5 0 0.00 M M 2.2 8 310 M M 2 12 14 270
2 67 51 59 -3 6 0 T M M 7.9 20 320 M M 3 27 290
3 68 55 62 0 3 0 0.00 M M 8.4 16 330 M M 8 22 350
4 72 52 62 0 3 0 0.00 M M 6.2 15 320 M M 5 21 300
5 75 51 63 2 2 0 T M M 5.6 18 180 M M 7 1 24 170
6 75 52 64 3 1 0 0.38 M M 3.8 21 340 M M 4 1238 29 270
7 72 50 61 0 4 0 0.00 M M 4.1 13 290 M M 2 1 18 270
8 81 54 68 8 0 3 0.30 M M 8.3 23 170 M M 4 13 31 170
9 71 61 66 6 0 1 T M M 2.3 8 160 M M 5 12 11 200
10 66 47 57 -3 8 0 T M M 10.0 22 300 M M 6 1 29 290
11 72 45 59 0 6 0 0.00 M M 5.3 13 190 M M 1 1 17 200
12 75 57 66 7 0 1 0.01 M M 7.9 16 160 M M 2 23 220
13 71 50 61 2 4 0 0.00 M M 5.2 17 290 M M 3 25 280
14 74 47 61 3 4 0 0.00 M M 4.4 15 180 M M 6 12 20 160
15 81 59 70 12 0 5 1.34 M M 8.1 16 210 M M 6 13 24 230
16 74 54 64 6 1 0 T M M 3.0 10 180 M M 3 12 15 180
17 70 61 66 9 0 1 0.00 M M 5.3 14 170 M M 10 22 170
18 78 50 64 7 1 0 0.00 M M 4.5 13 310 M M 5 18 290
19 69 46 58 2 7 0 0.00 M M 2.6 12 330 M M 4 12 15 340
20 74 45 60 4 5 0 0.00 M M 4.1 15 160 M M 4 12 19 220
21 73 56 65 9 0 0 0.00 M M 8.6 20 190 M M 3 25 200
22 78 57 68 13 0 3 T M M 9.3 24 170 M M 6 1 32 150
23 80 68 74 19 0 9 0.01 M M 13.5 25 150 M M 6 18 33 160
24 73 49 61 7 4 0 0.55 M M 8.8 28 150 M M 5 1 39 170
25 72 47 60 6 5 0 0.00 M M 1.9 14 160 M M 4 12 16 180
26 66 48 57 4 8 0 T M M 6.7 18 330 M M 7 12 25 310
27 64 47 56 3 9 0 0.01 M M 5.1 14 170 M M 8 17 160
28 62 42 52 0 13 0 T M M 4.7 14 300 M M 5 19 310
29 54 38 46 -6 19 0 0.01 M M 3.4 15 310 M M 9 12 17 310
30 57 41 49 -3 16 0 T M M 4.7 16 320 M M 8 1 22 340
================================================================================
SM 2132 1532 134 23 2.61 M 175.9 M 151
================================================================================
AV 71.1 51.1 5.9 FASTST M M 5 MAX(MPH)
MISC ----> 28 150 39 170
================================================================================
NOTES:
# LAST OF SEVERAL OCCURRENCES
COLUMN 17 PEAK WIND IN M.P.H.
PRELIMINARY LOCAL CLIMATOLOGICAL DATA (WS FORM: F-6) , PAGE 2
STATION: MONTPELIER VT
MONTH: SEPTEMBER
YEAR: 2021
LATITUDE: 44 12 N
LONGITUDE: 72 34 W
[TEMPERATURE DATA] [PRECIPITATION DATA] SYMBOLS USED IN COLUMN 16
AVERAGE MONTHLY: 61.1 TOTAL FOR MONTH: 2.61 1 = FOG OR MIST
DPTR FM NORMAL: 3.7 DPTR FM NORMAL: -0.72 2 = FOG REDUCING VISIBILITY
HIGHEST: 81 ON 15, 8 GRTST 24HR 1.34 ON 15-15 TO 1/4 MILE OR LESS
LOWEST: 38 ON 29 3 = THUNDER
SNOW, ICE PELLETS, HAIL 4 = ICE PELLETS
TOTAL MONTH: M 5 = HAIL
GRTST 24HR M ON M 6 = FREEZING RAIN OR DRIZZLE
GRTST DEPTH: M ON M 7 = DUSTSTORM OR SANDSTORM:
VSBY 1/2 MILE OR LESS
8 = SMOKE OR HAZE
[NO. OF DAYS WITH] [WEATHER - DAYS WITH] 9 = BLOWING SNOW
X = TORNADO
MAX 32 OR BELOW: 0 0.01 INCH OR MORE: 8
MAX 90 OR ABOVE: 0 0.10 INCH OR MORE: 4
MIN 32 OR BELOW: 0 0.50 INCH OR MORE: 2
MIN 0 OR BELOW: 0 1.00 INCH OR MORE: 1
[HDD (BASE 65) ]
TOTAL THIS MO. 134 CLEAR (SCALE 0-3) 7
DPTR FM NORMAL -113 PTCLDY (SCALE 4-7) 19
TOTAL FM JUL 1 190 CLOUDY (SCALE 8-10) 4
DPTR FM NORMAL -169
[CDD (BASE 65) ]
TOTAL THIS MO. 23
DPTR FM NORMAL 3 [PRESSURE DATA]
TOTAL FM JAN 1 479 HIGHEST SLP M ON M
DPTR FM NORMAL 252 LOWEST SLP 29.71 ON 6
[REMARKS]
#FINAL-09-21#