000
CXUS54 KFWD 010141
CF6PSN
PRELIMINARY LOCAL CLIMATOLOGICAL DATA (WS FORM: F-6)
STATION: PALESTINE
MONTH: DECEMBER
YEAR: 2020
LATITUDE: 31 46 N
LONGITUDE: 95 42 W
TEMPERATURE IN F: :PCPN: SNOW: WIND :SUNSHINE: SKY :PK WND
================================================================================
1 2 3 4 5 6A 6B 7 8 9 10 11 12 13 14 15 16 17 18
12Z AVG MX 2MIN
DY MAX MIN AVG DEP HDD CDD WTR SNW DPTH SPD SPD DIR MIN PSBL S-S WX SPD DR
================================================================================
1 58 26 42 -8 23 0 0.00 M M 5.6 14 150 M M 0 23 150
2 54 45 50 0 15 0 0.40 M M 5.7 10 120 M M 10 1 21 120
3 48 34 41 -9 24 0 0.00 M M 5.7 12 340 M M 6 18 340
4 55 34 45 -5 20 0 0.00 M M 3.4 9 300 M M 3 M M
5 60 29 45 -4 20 0 M M M 1.2 8 200 M M 3 M M
6 61 36 49 0 16 0 0.00 M M 4.1 14 280 M M 3 1 18 290
7 62 32 47 -2 18 0 0.00 M M 3.5 10 320 M M 0 M M
8 71 33 52 3 13 0 0.00 M M 1.8 7 280 M M 0 8 M M
9 78 34 56 8 9 0 0.00 M M 2.1 8 230 M M 0 M M
10 75 46 61 13 4 0 0.00 M M 5.6 13 160 M M 0 18 190
11 63 59 61 13 4 0 0.47 M M 3.5 8 180 M M 9 12 M M
12 60 41 51 3 14 0 0.00 M M 4.2 10 330 M M 0 M M
13 47 38 43 -5 22 0 0.33 M M 9.1 18 300 M M 9 29 100
14 51 36 44 -3 21 0 0.00 M M 6.0 17 350 M M 4 20 330
15 43 36 40 -7 25 0 0.02 M M 3.6 8 80 M M 10 1 M M
16 43 28 36 -11 29 0 0.01 M M 5.0 13 320 M M 7 1 21 320
17 56 25 41 -6 24 0 0.00 M M 1.4 5 110 M M 0 M M
18 64 37 51 4 14 0 M M M 6.4 12 150 M M 5 20 150
19 61 52 57 10 8 0 0.52 M M 4.3 13 290 M M 8 1 16 290
20 61 39 50 4 15 0 0.00 M M 1.9 7 300 M M 5 12 M M
21 70 36 53 7 12 0 0.00 M M 1.9 7 190 M M 0 M M
22 70 48 59 13 6 0 0.00 M M 6.2 12 150 M M 1 20 160
23 76 44 60 14 5 0 0.00 M M 11.9 22 330 M M 6 33 330
24 51 30 41 -5 24 0 0.00 M M 9.3 21 340 M M 1 30 340
25 58 29 44 -2 21 0 0.00 M M 1.1 5 140 M M 0 M M
26 68 41 55 9 10 0 0.00 M M 5.8 10 160 M M 0 18 180
27 74 52 63 17 2 0 0.00 M M 9.2 21 190 M M 2 28 190
28 69 53 61 15 4 0 0.00 M M 3.8 9 90 M M 7 1 16 90
29 72 55 64 18 1 0 M M M 9.4 15 150 M M 4 1 23 150
30 69 46 58 12 7 0 1.40 M M 9.6 18 340 M M 10 29 0
31 48 42 45 -1 20 0 1.64 M M 9.7 14 40 M M 9 1 24 30
================================================================================
SM 1896 1216 450 0 4.79 M 162.1 M 122
================================================================================
AV 61.2 39.2 5.2 FASTST M M 4 MAX(MPH)
MISC ----> 22 330 33 330
================================================================================
NOTES:
# LAST OF SEVERAL OCCURRENCES
COLUMN 17 PEAK WIND IN M.P.H.
PRELIMINARY LOCAL CLIMATOLOGICAL DATA (WS FORM: F-6) , PAGE 2
STATION: PALESTINE
MONTH: DECEMBER
YEAR: 2020
LATITUDE: 31 46 N
LONGITUDE: 95 42 W
[TEMPERATURE DATA] [PRECIPITATION DATA] SYMBOLS USED IN COLUMN 16
AVERAGE MONTHLY: 50.2 TOTAL FOR MONTH: 4.79 1 = FOG OR MIST
DPTR FM NORMAL: 2.8 DPTR FM NORMAL: 0.59 2 = FOG REDUCING VISIBILITY
HIGHEST: 78 ON 9 GRTST 24HR 1.64 ON 31-31 TO 1/4 MILE OR LESS
LOWEST: 25 ON 17 3 = THUNDER
SNOW, ICE PELLETS, HAIL 4 = ICE PELLETS
TOTAL MONTH: M 5 = HAIL
GRTST 24HR M ON M 6 = FREEZING RAIN OR DRIZZLE
GRTST DEPTH: M ON M 7 = DUSTSTORM OR SANDSTORM:
VSBY 1/2 MILE OR LESS
8 = SMOKE OR HAZE
[NO. OF DAYS WITH] [WEATHER - DAYS WITH] 9 = BLOWING SNOW
X = TORNADO
MAX 32 OR BELOW: 0 0.01 INCH OR MORE: 8
MAX 90 OR ABOVE: 0 0.10 INCH OR MORE: 6
MIN 32 OR BELOW: 7 0.50 INCH OR MORE: 3
MIN 0 OR BELOW: 0 1.00 INCH OR MORE: 2
[HDD (BASE 65) ]
TOTAL THIS MO. 450 CLEAR (SCALE 0-3) 14
DPTR FM NORMAL -101 PTCLDY (SCALE 4-7) 10
TOTAL FM JUL 1 693 CLOUDY (SCALE 8-10) 7
DPTR FM NORMAL -241
[CDD (BASE 65) ]
TOTAL THIS MO. 0
DPTR FM NORMAL -6 [PRESSURE DATA]
TOTAL FM JAN 1 2433 HIGHEST SLP M ON M
DPTR FM NORMAL 111 LOWEST SLP M ON M
[REMARKS]
#FINAL-12-20#