000
CXUS53 KIWX 010810
CF6AOH
PRELIMINARY LOCAL CLIMATOLOGICAL DATA (WS FORM: F-6)
STATION: LIMA
MONTH: AUGUST
YEAR: 2023
LATITUDE: 40 42 N
LONGITUDE: 84 1 W
TEMPERATURE IN F: :PCPN: SNOW: WIND :SUNSHINE: SKY :PK WND
================================================================================
1 2 3 4 5 6A 6B 7 8 9 10 11 12 13 14 15 16 17 18
12Z AVG MX 2MIN
DY MAX MIN AVG DEP HDD CDD WTR SNW DPTH SPD SPD DIR MIN PSBL S-S WX SPD DR
================================================================================
1 80 56 68 -5 0 3 0.00 M M 2.1 9 240 M M 2 12 220
2 82 59 71 -2 0 6 0.00 M M 4.9 12 170 M M 0 18 24 140
3 86 60 73 0 0 8 0.00 M M 1.9 9 40 M M 1 18 14 50
4 87 61 74 1 0 9 0.00 M M 4.6 12 20 M M 1 18 16 350
5 82 62 72 -1 0 7 T M M 8.4 16 90 M M 3 18 23 70
6 82 68 75 3 0 10 0.01 M M 11.1 24 230 M M 8 32 250
7 73 62 68 -4 0 3 0.75 M M 7.0 16 340 M M 7 1 27 350
8 81 61 71 -1 0 6 0.00 M M 8.1 16 260 M M 2 22 260
9 82 61 72 0 0 7 0.14 M M 6.7 17 230 M M 3 1 24 240
10 79 63 71 -1 0 6 0.03 M M 6.8 18 260 M M 4 12 24 290
11 83 65 74 2 0 9 0.00 M M 7.2 20 220 M M 3 1 24 230
12 87 64 76 4 0 11 0.26 M M 11.4 24 240 M M 3 13 33 240
13 84 61 73 1 0 8 0.00 M M 6.1 17 250 M M 0 25 270
14 72 65 69 -3 0 4 0.54 M M 6.2 15 240 M M 7 13 20 100
15 70 63 67 -5 0 2 0.07 M M 11.3 20 250 M M 8 1 30 230
16 78 59 69 -3 0 4 0.00 M M 4.9 10 270 M M 2 1 14 260
17 78 62 70 -2 0 5 0.24 M M 10.4 23 220 M M 3 13 34 230
18 73 53 63 -9 2 0 0.00 M M 7.1 17 300 M M 2 25 290
19 77 49 63 -8 2 0 0.00 M M 3.4 9 180 M M 0 1 14 160
20 84 63 74 3 0 9 0.00 M M 5.9 12 200 M M 3 1 16 190
21 88 67 78 7 0 13 0.00 M M 3.7 13 60 M M 5 128 17 60
22 81 62 72 1 0 7 0.00 M M 6.1 12 80 M M 1 1 16 70
23 89 62 76 5 0 11 0.00 M M 9.5 17 250 M M 2 18 23 250
24 87 68 78 7 0 13 0.63 M M 14.2 33 90 M M 2 138 46 20
25 83 70 77 6 0 12 0.00 M M 7.2 14 230 M M 5 1 19 360
26 81 64 73 3 0 8 0.00 M M 6.0 13 30 M M 3 1 18 40
27 76 57 67 -3 0 2 0.00 M M 7.6 15 30 M M 6 21 40
28 75 51 63 -7 2 0 0.00 M M 5.1 13 20 M M 0 1 19 30
29 80 49 65 -5 0 0 0.00 M M 3.4 13 260 M M 1 1 18 230
30 71 54 63 -7 2 0 0.00 M M 7.3 15 350 M M 6 22 330
31 75 45 60 -10 5 0 0.00 M M 5.6 14 80 M M 2 12 18 40
================================================================================
SM 2486 1866 13 183 2.67 M 211.2 M 95
================================================================================
AV 80.2 60.2 6.8 FASTST M M 3 MAX(MPH)
MISC ----> 33 90 46 20
================================================================================
NOTES:
# LAST OF SEVERAL OCCURRENCES
COLUMN 17 PEAK WIND IN M.P.H.
PRELIMINARY LOCAL CLIMATOLOGICAL DATA (WS FORM: F-6) , PAGE 2
STATION: LIMA
MONTH: AUGUST
YEAR: 2023
LATITUDE: 40 42 N
LONGITUDE: 84 1 W
[TEMPERATURE DATA] [PRECIPITATION DATA] SYMBOLS USED IN COLUMN 16
AVERAGE MONTHLY: 70.2 TOTAL FOR MONTH: 2.67 1 = FOG OR MIST
DPTR FM NORMAL: -1.3 DPTR FM NORMAL: -0.83 2 = FOG REDUCING VISIBILITY
HIGHEST: 89 ON 23 GRTST 24HR 0.75 ON 7- 7 TO 1/4 MILE OR LESS
LOWEST: 45 ON 31 3 = THUNDER
SNOW, ICE PELLETS, HAIL 4 = ICE PELLETS
TOTAL MONTH: M 5 = HAIL
GRTST 24HR M ON M 6 = FREEZING RAIN OR DRIZZLE
GRTST DEPTH: M ON M 7 = DUSTSTORM OR SANDSTORM:
VSBY 1/2 MILE OR LESS
8 = SMOKE OR HAZE
[NO. OF DAYS WITH] [WEATHER - DAYS WITH] 9 = BLOWING SNOW
X = TORNADO
MAX 32 OR BELOW: 0 0.01 INCH OR MORE: 9
MAX 90 OR ABOVE: 0 0.10 INCH OR MORE: 6
MIN 32 OR BELOW: 0 0.50 INCH OR MORE: 3
MIN 0 OR BELOW: 0 1.00 INCH OR MORE: 0
[HDD (BASE 65) ]
TOTAL THIS MO. 13 CLEAR (SCALE 0-3) 19
DPTR FM NORMAL 4 PTCLDY (SCALE 4-7) 11
TOTAL FM JUL 1 13 CLOUDY (SCALE 8-10) 1
DPTR FM NORMAL 7
[CDD (BASE 65) ]
TOTAL THIS MO. 183
DPTR FM NORMAL -27 [PRESSURE DATA]
TOTAL FM JAN 1 665 HIGHEST SLP M ON M
DPTR FM NORMAL -74 LOWEST SLP 29.69 ON 10
[REMARKS]
#FINAL-08-23#