000
CXUS53 KGID 010830
CF6ODX
PRELIMINARY LOCAL CLIMATOLOGICAL DATA (WS FORM: F-6)
STATION: ORD NE
MONTH: SEPTEMBER
YEAR: 2023
LATITUDE: 41 37 N
LONGITUDE: 98 57 W
TEMPERATURE IN F: :PCPN: SNOW: WIND :SUNSHINE: SKY :PK WND
================================================================================
1 2 3 4 5 6A 6B 7 8 9 10 11 12 13 14 15 16 17 18
12Z AVG MX 2MIN
DY MAX MIN AVG DEP HDD CDD WTR SNW DPTH SPD SPD DIR MIN PSBL S-S WX SPD DR
================================================================================
1 94 62 78 9 0 13 0.00 M M 11.7 24 170 M M 0 32 170
2 100 68 84 16 0 19 0.00 M M 9.1 18 180 M M 0 26 190
3 100 61 81 13 0 16 0.00 M M 6.8 22 200 M M 0 29 190
4 98 57 78 10 0 13 0.00 M M 10.0 30 310 M M 0 42 310
5 75 55 65 -2 0 0 T M M 17.1 35 300 M M 4 8 49 270
6 81 47 64 -3 1 0 0.00 M M 5.3 13 330 M M 1 18 17 300
7 84 48 66 -1 0 1 0.05 M M 7.2 35 340 M M 1 138 78 350
8 87 50 69 3 0 4 0.00 M M 2.9 10 130 M M 0 18 16 180
9 88 55 72 6 0 7 0.00 M M 4.6 15 100 M M 1 18 21 100
10 68 57 63 -3 2 0 0.46 M M 7.3 26 300 M M 8 1 34 310
11 75 47 61 -4 4 0 0.00 M M 5.2 14 30 M M 1 1 20 60
12 78 43 61 -4 4 0 0.00 M M 3.6 13 190 M M 1 18 180
13 78 44 61 -4 4 0 0.00 M M 5.4 21 180 M M 2 29 180
14 81 53 67 3 0 2 0.41 M M 7.8 18 190 M M 4 1 25 190
15 77 58 68 4 0 3 0.34 M M 3.7 10 290 M M 5 1 16 260
16 80 49 65 2 0 0 0.00 M M 3.1 12 30 M M 1 16 20
17 80 43 62 -1 3 0 0.00 M M 4.3 14 160 M M 0 20 170
18 91 50 71 8 0 6 0.00 M M 7.9 23 190 M M 0 18 33 210
19 94 50 72 10 0 7 0.00 M M 3.3 12 200 M M 0 14 200
20 86 49 68 6 0 3 0.00 M M 6.4 15 120 M M 0 1 21 100
21 76 61 69 8 0 4 T M M 13.0 28 100 M M 5 42 110
22 66 56 61 0 4 0 T M M 4.2 13 80 M M 7 1 18 90
23 76 56 66 6 0 1 1.13 M M 8.6 28 280 M M 6 13 37 300
24 77 48 63 3 2 0 0.00 M M 7.4 21 280 M M 1 29 280
25 81 47 64 4 1 0 0.00 M M 4.9 14 290 M M 0 28 300
26 75 47 61 2 4 0 0.00 M M 4.2 15 50 M M 1 19 360
27 77 44 61 2 4 0 0.00 M M 4.6 13 100 M M 0 18 130
28 91 54 73 15 0 8 0.00 M M 8.6 17 170 M M 0 26 170
29 87 63 75 17 0 10 0.00 M M 7.4 15 200 M M 1 3 20 190
30 91 54 73 16 0 8 0.00 M M 8.5 24 160 M M 0 1 35 170
================================================================================
SM 2492 1576 33 125 2.39 M 204.1 M 50
================================================================================
AV 83.1 52.5 6.8 FASTST M M 2 MAX(MPH)
MISC ----> # 35 300 78 350
================================================================================
NOTES:
# LAST OF SEVERAL OCCURRENCES
COLUMN 17 PEAK WIND IN M.P.H.
PRELIMINARY LOCAL CLIMATOLOGICAL DATA (WS FORM: F-6) , PAGE 2
STATION: ORD NE
MONTH: SEPTEMBER
YEAR: 2023
LATITUDE: 41 37 N
LONGITUDE: 98 57 W
[TEMPERATURE DATA] [PRECIPITATION DATA] SYMBOLS USED IN COLUMN 16
AVERAGE MONTHLY: 67.8 TOTAL FOR MONTH: 2.39 1 = FOG OR MIST
DPTR FM NORMAL: 4.4 DPTR FM NORMAL: 0.17 2 = FOG REDUCING VISIBILITY
HIGHEST: 100 ON 3, 2 GRTST 24HR 1.13 ON 22-23 TO 1/4 MILE OR LESS
LOWEST: 43 ON 17,12 3 = THUNDER
SNOW, ICE PELLETS, HAIL 4 = ICE PELLETS
TOTAL MONTH: M 5 = HAIL
GRTST 24HR M ON M 6 = FREEZING RAIN OR DRIZZLE
GRTST DEPTH: M ON M 7 = DUSTSTORM OR SANDSTORM:
VSBY 1/2 MILE OR LESS
8 = SMOKE OR HAZE
[NO. OF DAYS WITH] [WEATHER - DAYS WITH] 9 = BLOWING SNOW
X = TORNADO
MAX 32 OR BELOW: 0 0.01 INCH OR MORE: 5
MAX 90 OR ABOVE: 8 0.10 INCH OR MORE: 4
MIN 32 OR BELOW: 0 0.50 INCH OR MORE: 1
MIN 0 OR BELOW: 0 1.00 INCH OR MORE: 1
[HDD (BASE 65) ]
TOTAL THIS MO. 33 CLEAR (SCALE 0-3) 23
DPTR FM NORMAL -95 PTCLDY (SCALE 4-7) 7
TOTAL FM JUL 1 37 CLOUDY (SCALE 8-10) 0
DPTR FM NORMAL -106
[CDD (BASE 65) ]
TOTAL THIS MO. 125
DPTR FM NORMAL 47 [PRESSURE DATA]
TOTAL FM JAN 1 1023 HIGHEST SLP 30.25 ON 11
DPTR FM NORMAL 190 LOWEST SLP 29.52 ON 4
[REMARKS]
#FINAL-09-23#