000
CXUS53 KARX 011809
CF6AUM
PRELIMINARY LOCAL CLIMATOLOGICAL DATA (WS FORM: F-6)
STATION: AUSTIN MUNI MN
MONTH: MARCH
YEAR: 2020
LATITUDE: 43 40 N
LONGITUDE: 92 56 W
TEMPERATURE IN F: :PCPN: SNOW: WIND :SUNSHINE: SKY :PK WND
================================================================================
1 2 3 4 5 6A 6B 7 8 9 10 11 12 13 14 15 16 17 18
12Z AVG MX 2MIN
DY MAX MIN AVG DEP HDD CDD WTR SNW DPTH SPD SPD DIR MIN PSBL S-S WX SPD DR
================================================================================
1 45 32 39 M 26 0 0.00 0.0 M 11.7 16 310 M M 0 23 170
2 36 30 33 M 32 0 0.00 0.0 M 10.3 21 310 M M 8 27 310
3 43 30 37 M 28 0 T T M 11.1 20 290 M M 5 4 24 290
4 41 27 34 M 31 0 0.00 0.0 M 7.2 10 180 M M 1 16 170
5 43 36 40 M 25 0 M M M 17.0 29 300 M M 9 38 300
6 36 23 30 M 35 0 0.00 0.0 M 6.5 16 340 M M 0 25 340
7 54 34 44 M 21 0 0.00 0.0 M 11.9 18 180 M M 0 25 190
8 59 41 50 M 15 0 0.00 0.0 M 11.6 17 190 M M 0 22 190
9 48 34 41 M 24 0 M 0.0 M 9.9 15 280 M M 9 1 23 280
10 43 27 35 M 30 0 M 0.0 M 4.9 10 340 M M 4 1 M M
11 48 36 42 M 23 0 0.00 0.0 0 5.3 10 190 M M 6 12 M M
12 54 34 44 M 21 0 M 0.0 0 14.3 22 310 M M 7 1 30 310
13 41 30 36 M 29 0 0.00 0.0 0 13.1 20 290 M M 0 28 290
14 36 28 32 M 33 0 0.00 0.0 0 6.1 9 50 M M 5 16 340
15 41 25 33 M 32 0 0.00 0.0 0 4.9 10 140 M M 4 M M
16 39 32 36 M 29 0 T 0.0 0 8.6 14 310 M M 9 1 M M
17 45 30 38 M 27 0 0.00 0.0 0 7.1 14 310 M M 5 3 21 300
18 45 37 41 M 24 0 M 0.0 0 6.6 9 100 M M 10 1 M M
19 43 36 40 M 25 0 M M 0 8.2 17 350 M M 10 12 29 350
20 36 25 31 M 34 0 M M M 11.9 22 340 M M 5 33 340
21 36 25 31 M 34 0 0.00 0.0 0 7.7 14 140 M M 7 17 190
22 41 34 38 M 27 0 0.00 0.0 0 10.9 17 150 M M 8 1 24 160
23 45 34 40 M 25 0 0.00 0.0 0 4.2 10 210 M M 10 1 M M
24 46 37 42 M 23 0 0.00 0.0 0 6.8 17 160 M M 9 12 25 150
25 48 39 44 M 21 0 M 0.0 0 6.9 13 200 M M 10 1 M M
26 48 39 44 M 21 0 0.00 0.0 0 3.5 8 10 M M 8 1 M M
27 55 37 46 M 19 0 M 0.0 0 6.7 13 50 M M 4 3 17 50
28 48 45 47 M 18 0 M 0.0 0 13.6 27 80 M M 10 13 33 70
29 46 36 41 M 24 0 M 0.0 0 14.9 24 340 M M 8 33 320
30 59 30 45 M 20 0 0.00 0.0 0 4.3 10 30 M M 0 M M
31 54 36 45 M 20 0 0.00 0.0 0 6.4 10 60 M M 1 M M
================================================================================
SM 1402 1019 796 0 T T 274.1 M 172
================================================================================
AV 45.2 32.9 8.8 FASTST M M 6 MAX(MPH)
MISC ----> # 29 300 # 38 300
================================================================================
NOTES:
# LAST OF SEVERAL OCCURRENCES
COLUMN 17 PEAK WIND IN M.P.H.
PRELIMINARY LOCAL CLIMATOLOGICAL DATA (WS FORM: F-6) , PAGE 2
STATION: AUSTIN MUNI MN
MONTH: MARCH
YEAR: 2020
LATITUDE: 43 40 N
LONGITUDE: 92 56 W
[TEMPERATURE DATA] [PRECIPITATION DATA] SYMBOLS USED IN COLUMN 16
AVERAGE MONTHLY: 39.1 TOTAL FOR MONTH: T 1 = FOG OR MIST
DPTR FM NORMAL: M DPTR FM NORMAL: M 2 = FOG REDUCING VISIBILITY
HIGHEST: 59 ON 30, 8 GRTST 24HR T ON 16-16 TO 1/4 MILE OR LESS
LOWEST: 23 ON 6 3 = THUNDER
SNOW, ICE PELLETS, HAIL 4 = ICE PELLETS
TOTAL MONTH: T 5 = HAIL
GRTST 24HR T ON 3- 3 6 = FREEZING RAIN OR DRIZZLE
GRTST DEPTH: 0 7 = DUSTSTORM OR SANDSTORM:
VSBY 1/2 MILE OR LESS
8 = SMOKE OR HAZE
[NO. OF DAYS WITH] [WEATHER - DAYS WITH] 9 = BLOWING SNOW
X = TORNADO
MAX 32 OR BELOW: 0 0.01 INCH OR MORE: 0
MAX 90 OR ABOVE: 0 0.10 INCH OR MORE: 0
MIN 32 OR BELOW: 14 0.50 INCH OR MORE: 0
MIN 0 OR BELOW: 0 1.00 INCH OR MORE: 0
[HDD (BASE 65) ]
TOTAL THIS MO. 796 CLEAR (SCALE 0-3) 8
DPTR FM NORMAL M PTCLDY (SCALE 4-7) 11
TOTAL FM JUL 1 6239 CLOUDY (SCALE 8-10) 12
DPTR FM NORMAL M
[CDD (BASE 65) ]
TOTAL THIS MO. 0
DPTR FM NORMAL M [PRESSURE DATA]
TOTAL FM JAN 1 0 HIGHEST SLP M ON M
DPTR FM NORMAL M LOWEST SLP M ON M
[REMARKS]
#FINAL-03-20#