000
CXUS53 KEAX 010736
CF6IRK
PRELIMINARY LOCAL CLIMATOLOGICAL DATA (WS FORM: F-6)
STATION: KIRKSVILLE MO
MONTH: AUGUST
YEAR: 2022
LATITUDE: 40 5 N
LONGITUDE: 92 33 W
TEMPERATURE IN F: :PCPN: SNOW: WIND :SUNSHINE: SKY :PK WND
================================================================================
1 2 3 4 5 6A 6B 7 8 9 10 11 12 13 14 15 16 17 18
12Z AVG MX 2MIN
DY MAX MIN AVG DEP HDD CDD WTR SNW DPTH SPD SPD DIR MIN PSBL S-S WX SPD DR
================================================================================
1 92 74 83 8 0 18 0.00 M M 5.2 10 220 M M 2 16 250
2 93 73 83 8 0 18 0.00 M M 9.6 21 160 M M 0 25 170
3 83 70 77 2 0 12 0.12 M M 5.9 20 190 M M 2 12 29 190
4 88 65 77 2 0 12 0.00 M M 4.6 10 20 M M 1 1 15 350
5 91 64 78 3 0 13 0.00 M M 5.9 13 150 M M 2 12 18 130
6 92 72 82 7 0 17 0.00 M M 7.6 17 170 M M 0 1 22 180
7 91 76 84 9 0 19 0.00 M M 8.4 14 180 M M 1 21 200
8 82 61 72 -3 0 7 0.04 M M 7.1 16 360 M M 7 13 21 360
9 82 58 70 -5 0 5 0.00 M M 4.8 12 50 M M 1 1 15 30
10 85 56 71 -4 0 6 0.00 M M 3.0 10 60 M M 0 12 16 50
11 89 57 73 -2 0 8 0.00 M M 3.2 10 90 M M 0 1 15 90
12 83 65 74 0 0 9 0.00 M M 8.2 14 130 M M 3 18 110
13 91 62 77 3 0 12 0.00 M M 9.4 18 210 M M 1 25 220
14 83 67 75 1 0 10 0.00 M M 7.6 15 350 M M 5 20 360
15 73 65 69 -5 0 4 0.05 M M 6.3 14 50 M M 6 1 20 50
16 80 62 71 -3 0 6 0.46 M M 5.8 10 120 M M 6 1 M M
17 83 57 70 -4 0 5 0.00 M M 4.7 12 80 M M 1 1 17 80
18 82 54 68 -6 0 3 0.00 M M 4.2 12 200 M M 1 18 16 210
19 82 60 71 -2 0 6 0.02 M M 8.2 17 200 M M 2 1 28 220
20 81 63 72 -1 0 7 T M M 8.8 18 280 M M 2 27 270
21 84 60 72 -1 0 7 0.00 M M 7.3 14 360 M M 1 1 21 340
22 83 57 70 -3 0 5 0.00 M M 3.0 9 80 M M 1 12 13 50
23 86 59 73 0 0 8 0.00 M M 1.7 8 240 M M 5 12 230
24 87 59 73 1 0 8 0.00 M M 4.4 10 190 M M 2 17 180
25 87 65 76 4 0 11 0.00 M M 6.1 17 300 M M 2 24 290
26 87 62 75 3 0 10 0.00 M M 4.1 9 10 M M 1 1 14 90
27 90 65 78 6 0 13 0.00 M M 8.1 17 200 M M 1 1 25 180
28 88 69 79 8 0 14 0.02 M M 9.9 20 170 M M 2 1 26 170
29 94 63 79 8 0 14 0.23 M M 6.6 25 300 M M 3 38 39 290
30 86 56 71 0 0 6 0.00 M M 4.8 15 350 M M 1 128 21 350
31 87 53 70 -1 0 5 0.00 M M 2.4 10 130 M M 0 1 13 180
================================================================================
SM 2665 1949 0 298 0.94 M 186.9 M 62
================================================================================
AV 86.0 62.9 6.0 FASTST M M 2 MAX(MPH)
MISC ----> 25 300 39 290
================================================================================
NOTES:
# LAST OF SEVERAL OCCURRENCES
COLUMN 17 PEAK WIND IN M.P.H.
PRELIMINARY LOCAL CLIMATOLOGICAL DATA (WS FORM: F-6) , PAGE 2
STATION: KIRKSVILLE MO
MONTH: AUGUST
YEAR: 2022
LATITUDE: 40 5 N
LONGITUDE: 92 33 W
[TEMPERATURE DATA] [PRECIPITATION DATA] SYMBOLS USED IN COLUMN 16
AVERAGE MONTHLY: 74.4 TOTAL FOR MONTH: 0.94 1 = FOG OR MIST
DPTR FM NORMAL: 0.8 DPTR FM NORMAL: -3.00 2 = FOG REDUCING VISIBILITY
HIGHEST: 94 ON 29 GRTST 24HR 0.51 ON 15-16 TO 1/4 MILE OR LESS
LOWEST: 53 ON 31 3 = THUNDER
SNOW, ICE PELLETS, HAIL 4 = ICE PELLETS
TOTAL MONTH: M 5 = HAIL
GRTST 24HR M ON M 6 = FREEZING RAIN OR DRIZZLE
GRTST DEPTH: M ON M 7 = DUSTSTORM OR SANDSTORM:
VSBY 1/2 MILE OR LESS
8 = SMOKE OR HAZE
[NO. OF DAYS WITH] [WEATHER - DAYS WITH] 9 = BLOWING SNOW
X = TORNADO
MAX 32 OR BELOW: 0 0.01 INCH OR MORE: 7
MAX 90 OR ABOVE: 8 0.10 INCH OR MORE: 3
MIN 32 OR BELOW: 0 0.50 INCH OR MORE: 0
MIN 0 OR BELOW: 0 1.00 INCH OR MORE: 0
[HDD (BASE 65) ]
TOTAL THIS MO. 0 CLEAR (SCALE 0-3) 26
DPTR FM NORMAL -6 PTCLDY (SCALE 4-7) 5
TOTAL FM JUL 1 0 CLOUDY (SCALE 8-10) 0
DPTR FM NORMAL -4
[CDD (BASE 65) ]
TOTAL THIS MO. 298
DPTR FM NORMAL 26 [PRESSURE DATA]
TOTAL FM JAN 1 976 HIGHEST SLP M ON M
DPTR FM NORMAL 92 LOWEST SLP 29.73 ON 28
[REMARKS]
#FINAL-08-22#