000
CXUS56 KMFR 010930
CF6LMT
PRELIMINARY LOCAL CLIMATOLOGICAL DATA (WS FORM: F-6)
STATION: KLAMATH FALLS OR
MONTH: OCTOBER
YEAR: 2022
LATITUDE: 42 9 N
LONGITUDE: 121 44 W
TEMPERATURE IN F: :PCPN: SNOW: WIND :SUNSHINE: SKY :PK WND
================================================================================
1 2 3 4 5 6A 6B 7 8 9 10 11 12 13 14 15 16 17 18
12Z AVG MX 2MIN
DY MAX MIN AVG DEP HDD CDD WTR SNW DPTH SPD SPD DIR MIN PSBL S-S WX SPD DR
================================================================================
1 75 43 59 6 6 0 0.00 M M 4.8 13 60 M M 0 22 50
2 78 37 58 5 7 0 0.00 M M 2.7 13 310 M M 0 19 320
3 81 33 57 5 8 0 0.00 M M 1.2 8 310 M M 0 11 190
4 81 33 57 5 8 0 0.00 M M 2.0 7 280 M M 0 11 200
5 83 35 59 7 6 0 0.00 M M 1.5 8 150 M M 0 10 230
6 83 35 59 8 6 0 0.00 M M 1.5 9 330 M M 0 14 310
7 84 35 60 9 5 0 0.00 M M 2.4 9 340 M M 0 13 330
8 83 35 59 9 6 0 0.00 M M 2.6 10 340 M M 0 13 320
9 80 36 58 8 7 0 0.00 M M 3.2 10 80 M M 0 14 80
10 78 33 56 6 9 0 0.00 M M 4.6 18 330 M M 0 21 310
11 76 32 54 5 11 0 0.00 M M 2.3 10 50 M M 0 1 13 80
12 80 31 56 7 9 0 0.00 M M 0.8 7 40 M M 0 8 11 20
13 81 31 56 8 9 0 0.00 M M 2.8 12 320 M M 0 15 320
14 81 32 57 9 8 0 0.00 M M 2.8 14 330 M M 0 17 330
15 81 33 57 9 8 0 0.00 M M 4.0 13 40 M M 0 8 19 40
16 80 34 57 10 8 0 0.00 M M 3.5 14 180 M M 0 17 180
17 77 29 53 6 12 0 0.00 M M 2.1 7 90 M M 0 10 80
18 77 31 54 7 11 0 0.00 M M 1.2 7 240 M M 0 8 10 290
19 79 30 55 9 10 0 0.00 M M 2.7 13 330 M M 0 17 130
20 78 29 54 8 11 0 0.00 M M 2.1 9 290 M M 0 12 290
21 67 32 50 4 15 0 0.01 M M 8.5 22 280 M M 3 18 30 250
22 50 26 38 -7 27 0 0.03 M M 12.6 29 290 M M 5 1 39 280
23 50 21 36 -9 29 0 0.00 M M 4.7 14 320 M M 3 17 320
24 50 19 35 -9 30 0 0.02 M M 6.2 17 320 M M 8 18 23 230
25 53 21 37 -7 28 0 T M M 6.9 22 290 M M 2 1 28 250
26 48 26 37 -7 28 0 T M M 6.0 22 260 M M 3 29 260
27 57 19 38 -6 27 0 0.00 M M 2.1 10 150 M M 0 18 19 160
28 58 25 42 -1 23 0 0.00 M M 1.9 8 300 M M 1 8 11 290
29 62 27 45 2 20 0 0.00 M M 1.6 10 330 M M 2 8 13 350
30 62 24 43 1 22 0 0.00 M M 0.5 7 230 M M 2 12 10 170
31 67 22 45 3 20 0 0.00 M M 2.4 15 280 M M 1 19 280
================================================================================
SM 2220 929 434 0 0.06 M 104.2 M 30
================================================================================
AV 71.6 30.0 3.4 FASTST M M 1 MAX(MPH)
MISC ----> 29 290 39 280
================================================================================
NOTES:
# LAST OF SEVERAL OCCURRENCES
COLUMN 17 PEAK WIND IN M.P.H.
PRELIMINARY LOCAL CLIMATOLOGICAL DATA (WS FORM: F-6) , PAGE 2
STATION: KLAMATH FALLS OR
MONTH: OCTOBER
YEAR: 2022
LATITUDE: 42 9 N
LONGITUDE: 121 44 W
[TEMPERATURE DATA] [PRECIPITATION DATA] SYMBOLS USED IN COLUMN 16
AVERAGE MONTHLY: 50.8 TOTAL FOR MONTH: 0.06 1 = FOG OR MIST
DPTR FM NORMAL: 3.4 DPTR FM NORMAL: -0.68 2 = FOG REDUCING VISIBILITY
HIGHEST: 84 ON 7 GRTST 24HR 0.04 ON 21-22 TO 1/4 MILE OR LESS
LOWEST: 19 ON 27,24 3 = THUNDER
SNOW, ICE PELLETS, HAIL 4 = ICE PELLETS
TOTAL MONTH: M 5 = HAIL
GRTST 24HR M ON M 6 = FREEZING RAIN OR DRIZZLE
GRTST DEPTH: M ON M 7 = DUSTSTORM OR SANDSTORM:
VSBY 1/2 MILE OR LESS
8 = SMOKE OR HAZE
[NO. OF DAYS WITH] [WEATHER - DAYS WITH] 9 = BLOWING SNOW
X = TORNADO
MAX 32 OR BELOW: 0 0.01 INCH OR MORE: 3
MAX 90 OR ABOVE: 0 0.10 INCH OR MORE: 0
MIN 32 OR BELOW: 19 0.50 INCH OR MORE: 0
MIN 0 OR BELOW: 0 1.00 INCH OR MORE: 0
[HDD (BASE 65) ]
TOTAL THIS MO. 434 CLEAR (SCALE 0-3) 27
DPTR FM NORMAL -110 PTCLDY (SCALE 4-7) 4
TOTAL FM JUL 1 616 CLOUDY (SCALE 8-10) 0
DPTR FM NORMAL -238
[CDD (BASE 65) ]
TOTAL THIS MO. 0
DPTR FM NORMAL 0 [PRESSURE DATA]
TOTAL FM JAN 1 406 HIGHEST SLP M ON M
DPTR FM NORMAL 190 LOWEST SLP 29.60 ON 21
[REMARKS]
#FINAL-10-22#