000
CXUS53 KMPX 011010
CF6MPX
PRELIMINARY LOCAL CLIMATOLOGICAL DATA (WS FORM: F-6)
STATION: CHANHASSEN MN
MONTH: FEBRUARY
YEAR: 2022
LATITUDE: 44 50 N
LONGITUDE: 93 34 W
TEMPERATURE IN F: :PCPN: SNOW: WIND :SUNSHINE: SKY :PK WND
================================================================================
1 2 3 4 5 6A 6B 7 8 9 10 11 12 13 14 15 16 17 18
12Z AVG MX 2MIN
DY MAX MIN AVG DEP HDD CDD WTR SNW DPTH SPD SPD DIR MIN PSBL S-S WX SPD DR
================================================================================
1 35 1 18 4 47 0 0.00 0.0 6 M M M M M M M M
2 5 -8 -1 -15 66 0 0.00 0.0 6 M M M M M M M M
3 4 -14 -5 -19 70 0 0.00 0.0 6 M M M M M M M M
4 7 -7 0 -15 65 0 0.02 0.3 6 M M M M M M M M
5 24 -6 9 -6 56 0 T T 6 M M M M M M M M
6 21 0 11 -4 54 0 0.01 0.3 6 M M M M M M M M
7 21 -6 8 -7 57 0 0.00 0.0 6 M M M M M M M M
8 42 9 26 10 39 0 0.00 0.0 5 M M M M M M M M
9 34 18 26 10 39 0 T T 4 M M M M M M M M
10 40 9 25 9 40 0 0.02 0.2 4 M M M M M M M M
11 36 0 18 2 47 0 T T 4 M M M M M M M M
12 3 -10 -3 -20 68 0 0.01 0.2 4 M M M M M M M M
13 6 -8 -1 -18 66 0 0.02 0.8 4 M M M M M M M M
14 15 3 9 -8 56 0 0.02 0.5 6 M M M M M M M M
15 32 7 20 2 45 0 0.00 0.0 4 M M M M M M M M
16 26 11 19 1 46 0 0.00 0.0 4 M M M M M M M M
17 11 -5 3 -15 62 0 0.00 0.0 4 M M M M M M M M
18 35 0 18 -1 47 0 T T 4 M M M M M M M M
19 25 -4 11 -8 54 0 0.00 0.0 4 M M M M M M M M
20 42 23 33 13 32 0 0.00 0.0 4 M M M M M M M M
21 23 13 18 -2 47 0 T T 2 M M M M M M M M
22 13 0 7 -13 58 0 0.29 3.8 2 M M M M M M M M
23 8 -8 0 -21 65 0 0.00 0.0 5 M M M M M M M M
24 9 -8 1 -20 64 0 0.16 1.3 5 M M M M M M M M
25 14 -1 7 -15 58 0 T 0.1 6 M M M M M M M M
26 34 0 17 -5 48 0 0.00 0.0 6 M M M M M M M M
27 34 6 20 -3 45 0 0.00 0.0 5 M M M M M M M M
28 43 17 30 7 35 0 0.00 0.0 5 M M M M M M M M
================================================================================
SM 642 32 1476 0 0.55 7.5 M M M
================================================================================
AV 22.9 1.1 M FASTST M M M MAX(MPH)
MISC ----> M M M M
================================================================================
NOTES:
# LAST OF SEVERAL OCCURRENCES
COLUMN 17 PEAK WIND IN M.P.H.
PRELIMINARY LOCAL CLIMATOLOGICAL DATA (WS FORM: F-6) , PAGE 2
STATION: CHANHASSEN MN
MONTH: FEBRUARY
YEAR: 2022
LATITUDE: 44 50 N
LONGITUDE: 93 34 W
[TEMPERATURE DATA] [PRECIPITATION DATA] SYMBOLS USED IN COLUMN 16
AVERAGE MONTHLY: 12.0 TOTAL FOR MONTH: 0.55 1 = FOG OR MIST
DPTR FM NORMAL: -6.0 DPTR FM NORMAL: -0.39 2 = FOG REDUCING VISIBILITY
HIGHEST: 43 ON 28 GRTST 24HR 0.29 ON 22-22 TO 1/4 MILE OR LESS
LOWEST: -14 ON 3 3 = THUNDER
SNOW, ICE PELLETS, HAIL 4 = ICE PELLETS
TOTAL MONTH: 7.5 INCHES 5 = HAIL
GRTST 24HR 3.8 ON 22-22 6 = FREEZING RAIN OR DRIZZLE
GRTST DEPTH: 7 ON M 7 = DUSTSTORM OR SANDSTORM:
VSBY 1/2 MILE OR LESS
8 = SMOKE OR HAZE
[NO. OF DAYS WITH] [WEATHER - DAYS WITH] 9 = BLOWING SNOW
X = TORNADO
MAX 32 OR BELOW: 18 0.01 INCH OR MORE: 8
MAX 90 OR ABOVE: 0 0.10 INCH OR MORE: 2
MIN 32 OR BELOW: 28 0.50 INCH OR MORE: 0
MIN 0 OR BELOW: 17 1.00 INCH OR MORE: 0
[HDD (BASE 65) ]
TOTAL THIS MO. 1476 CLEAR (SCALE 0-3) 0
DPTR FM NORMAL 160 PTCLDY (SCALE 4-7) 0
TOTAL FM JUL 1 5909 CLOUDY (SCALE 8-10) 28
DPTR FM NORMAL -99
[CDD (BASE 65) ]
TOTAL THIS MO. 0
DPTR FM NORMAL 0 [PRESSURE DATA]
TOTAL FM JAN 1 0 HIGHEST SLP M ON M
DPTR FM NORMAL 0 LOWEST SLP M ON M
[REMARKS]
#FINAL-02-22#