000
CXUS55 KGGW 010810
CF6OLF
PRELIMINARY LOCAL CLIMATOLOGICAL DATA (WS FORM: F-6)
STATION: WOLF POINT MT
MONTH: JUNE
YEAR: 2022
LATITUDE: 48 5 N
LONGITUDE: 105 35 W
TEMPERATURE IN F: :PCPN: SNOW: WIND :SUNSHINE: SKY :PK WND
================================================================================
1 2 3 4 5 6A 6B 7 8 9 10 11 12 13 14 15 16 17 18
12Z AVG MX 2MIN
DY MAX MIN AVG DEP HDD CDD WTR SNW DPTH SPD SPD DIR MIN PSBL S-S WX SPD DR
================================================================================
1 74 37 56 -4 9 0 T M M 10.6 24 290 M M 2 33 300
2 75 34 55 -6 10 0 0.00 M M 8.6 23 330 M M 0 8 32 310
3 78 31 55 -6 10 0 0.00 M M 4.4 12 80 M M 0 19 50
4 79 42 61 0 4 0 0.00 M M 6.6 17 100 M M 4 24 90
5 69 50 60 -2 5 0 T M M 10.3 21 100 M M 7 28 110
6 57 47 52 -10 13 0 0.56 M M 12.4 18 80 M M 10 1 26 90
7 57 42 50 -12 15 0 0.20 M M 7.4 20 60 M M 9 1 26 60
8 73 41 57 -5 8 0 0.00 M M 4.7 13 200 M M 1 1 17 210
9 81 50 66 3 0 1 0.11 M M 7.6 21 270 M M 4 1 30 260
10 86 50 68 5 0 3 T M M 8.6 23 290 M M 4 33 280
11 82 51 67 4 0 2 0.00 M M 6.4 17 360 M M 1 24 360
12 79 49 64 1 1 0 0.00 M M 5.3 14 220 M M 1 19 230
13 78 53 66 2 0 1 0.02 M M 7.8 21 200 M M 3 31 190
14 70 47 59 -5 6 0 0.01 M M 13.6 30 280 M M 4 40 280
15 67 49 58 -6 7 0 0.63 M M 22.3 37 280 M M 9 1 57 250
16 79 53 66 2 0 1 0.00 M M 11.3 22 260 M M 1 31 260
17 93 54 74 9 0 9 0.00 M M 13.8 28 110 M M 0 38 110
18 88 64 76 11 0 11 0.00 M M 5.9 16 290 M M 0 20 130
19 77 61 69 4 0 4 0.07 M M 16.6 38 10 M M 6 13 52 20
20 81 58 70 5 0 5 0.07 M M 8.9 21 190 M M 6 3 31 190
21 79 48 64 -2 1 0 0.03 M M 11.5 26 310 M M 5 18 34 300
22 88 45 67 1 0 2 0.00 M M 5.7 20 260 M M 0 28 250
23 92 49 71 5 0 6 0.06 M M 6.3 26 300 M M 1 38 39 300
24 66 54 60 -6 5 0 0.07 M M 7.6 21 290 M M 5 30 360
25 74 49 62 -5 3 0 0.00 M M 18.4 37 340 M M 4 49 310
26 81 45 63 -4 2 0 0.00 M M 5.9 16 270 M M 0 21 270
27 87 42 65 -2 0 0 0.00 M M 3.1 15 310 M M 0 21 320
28 84 49 67 0 0 2 0.19 M M 14.1 26 80 M M 1 3 36 80
29 89 57 73 5 0 8 T M M 10.0 26 300 M M 1 34 290
30 80 50 65 -3 0 0 T M M 8.8 24 290 M M 2 32 290
================================================================================
SM 2343 1451 99 55 2.02 M 284.5 M 91
================================================================================
AV 78.1 48.4 9.5 FASTST M M 3 MAX(MPH)
MISC ----> 38 10 57 250
================================================================================
NOTES:
# LAST OF SEVERAL OCCURRENCES
COLUMN 17 PEAK WIND IN M.P.H.
PRELIMINARY LOCAL CLIMATOLOGICAL DATA (WS FORM: F-6) , PAGE 2
STATION: WOLF POINT MT
MONTH: JUNE
YEAR: 2022
LATITUDE: 48 5 N
LONGITUDE: 105 35 W
[TEMPERATURE DATA] [PRECIPITATION DATA] SYMBOLS USED IN COLUMN 16
AVERAGE MONTHLY: 63.2 TOTAL FOR MONTH: 2.02 1 = FOG OR MIST
DPTR FM NORMAL: -1.1 DPTR FM NORMAL: -1.04 2 = FOG REDUCING VISIBILITY
HIGHEST: 93 ON 17 GRTST 24HR 0.64 ON 14-15 TO 1/4 MILE OR LESS
LOWEST: 31 ON 3 3 = THUNDER
SNOW, ICE PELLETS, HAIL 4 = ICE PELLETS
TOTAL MONTH: M 5 = HAIL
GRTST 24HR M ON M 6 = FREEZING RAIN OR DRIZZLE
GRTST DEPTH: M ON M 7 = DUSTSTORM OR SANDSTORM:
VSBY 1/2 MILE OR LESS
8 = SMOKE OR HAZE
[NO. OF DAYS WITH] [WEATHER - DAYS WITH] 9 = BLOWING SNOW
X = TORNADO
MAX 32 OR BELOW: 0 0.01 INCH OR MORE: 12
MAX 90 OR ABOVE: 2 0.10 INCH OR MORE: 5
MIN 32 OR BELOW: 1 0.50 INCH OR MORE: 2
MIN 0 OR BELOW: 0 1.00 INCH OR MORE: 0
[HDD (BASE 65) ]
TOTAL THIS MO. 99 CLEAR (SCALE 0-3) 17
DPTR FM NORMAL 10 PTCLDY (SCALE 4-7) 10
TOTAL FM JUL 1 8523 CLOUDY (SCALE 8-10) 3
DPTR FM NORMAL 29
[CDD (BASE 65) ]
TOTAL THIS MO. 55
DPTR FM NORMAL -12 [PRESSURE DATA]
TOTAL FM JAN 1 55 HIGHEST SLP M ON M
DPTR FM NORMAL -24 LOWEST SLP 29.34 ON 15
[REMARKS]
#FINAL-06-22#