000
CXUS54 KEWX 300910
CF6ECU
PRELIMINARY LOCAL CLIMATOLOGICAL DATA (WS FORM: F-6)

                                          STATION:   Edwards County Airport
                                          MONTH:     MAY
                                          YEAR:      2015
                                          LATITUDE:   29 57 N
                                          LONGITUDE: 100 10 W

  TEMPERATURE IN F:       :PCPN:    SNOW:  WIND      :SUNSHINE: SKY     :PK WND
================================================================================
1   2   3   4   5  6A  6B    7    8   9   10  11  12  13   14  15   16   17  18
                                     12Z  AVG MX 2MIN
DY MAX MIN AVG DEP HDD CDD  WTR  SNW DPTH SPD SPD DIR MIN PSBL S-S WX    SPD DR
================================================================================

 1  79  54  67   M   0   2 0.00    M    0  7.5 12 140   M    M   0         M  M
 2  79  52  66   M   0   1 0.00  0.0    0  8.7 16 160   M    M   0        22 160
 3  79  61  70   M   0   5 0.00  0.0    0 12.9 18 150   M    M   6 8      23 160
 4  75  64  70   M   0   5 0.02  0.0    0 14.0 20 140   M    M   9 1      29 140
 5  68  64  66   M   0   1 0.05  0.0    0 15.0 24 160   M    M  10 1      32 150
 6  73  68  71   M   0   6 0.09  0.0    0 12.0 15 140   M    M   9 18     23 140
 7  84  68  76   M   0  11 0.01    M    0 14.5 20 160   M    M   7 18     25 160
 8  77  70  74   M   0   9 0.00  0.0    0 12.7 17 150   M    M  10 18     24 150
 9  88  70  79   M   0  14 0.00  0.0    0 13.0 18 160   M    M   5 18     27 150
10  81  63  72   M   0   7 0.01    M    0  6.5 18 160   M    M   6 18     28 140
11  73  64  69   M   0   4 0.37  0.0    M  8.1 15  50   M    M   9 13     24  50
12  70  61  66   M   0   1 0.02  0.0    0  8.2 14  90   M    M  10 1      24  90
13  68  61  65   M   0   0 1.62  0.0    0  9.1 14 130   M    M  10 1      21 130
14  81  66  74   M   0   9 0.04    M    0 11.7 25 140   M    M   6 18     33 140
15  79  63  71   M   0   6 0.30  0.0    0 10.5 17 160   M    M   4 1      24 140
16  81  66  74   M   0   9 0.00    M    M 14.5 18 160   M    M   7 128    27 160
17  86  63  75   M   0  10 1.53  0.0    0  6.7 17 150   M    M   3 1      24 160
18  88  72  80   M   0  15 0.00  0.0    0  8.3 17 130   M    M   6 18     23 130
19  82  72  77   M   0  12 0.02  0.0    0 13.8 20 160   M    M   7 18     29 150
20  82  64  73   M   0   8 0.31  0.0    0  9.3 17 150   M    M   8 18     27 160
21  68  59  64   M   1   0 0.01  0.0    0  9.2 14  50   M    M   7 1      28  60
22  77  63  70   M   0   5 0.01  0.0    0  9.1 13 130   M    M   9 12     21 160
23  81  61  71   M   0   6 0.21  0.0    0 12.3 21 150   M    M   7 138    27 150
24  82  61  72   M   0   7 0.04  0.0    0  7.7 15 170   M    M   4 138    20 170
25  84  63  74   M   0   9 0.04    M    0 11.1 25 160   M    M   5 138    32 160
26  84  66  75   M   0  10 0.01    M    0  9.4 15 170   M    M   5 18     21 170
27  84  72  78   M   0  13 0.00    M    0 11.1 16 160   M    M   6 18     25 140
28  84  61  73   M   0   8 0.07  0.0    0 14.0 22 160   M    M   7 138    27 160
29  82  61  72   M   0   7 0.02  0.0    0  9.2 15 170   M    M   2 13     32 280
================================================================================
SM 2299 1853         1 200  4.80     0.0 310.1          M      184
================================================================================
AV 79.3 63.9                              10.7 FASTST   M    M   6    MAX(MPH)
                                 MISC ---->    25   M                 33    M
================================================================================
NOTES:
# LAST OF SEVERAL OCCURRENCES

COLUMN 17 PEAK WIND IN M.P.H.

PRELIMINARY LOCAL CLIMATOLOGICAL DATA (WS FORM: F-6) , PAGE 2

                                          STATION:  Edwards County Airport
                                          MONTH:    MAY
                                          YEAR:     2015
                                          LATITUDE:   29 57 N
                                          LONGITUDE: 100 10 W

[TEMPERATURE DATA]      [PRECIPITATION DATA]       SYMBOLS USED IN COLUMN 16

AVERAGE MONTHLY: 71.6   TOTAL FOR MONTH:   4.80    1 = FOG OR MIST
DPTR FM NORMAL:     M   DPTR FM NORMAL:       M    2 = FOG REDUCING VISIBILITY
HIGHEST:    88 ON 18, 9 GRTST 24HR  1.62 ON 13-13      TO 1/4 MILE OR LESS
LOWEST:     52 ON  2                               3 = THUNDER
                        SNOW, ICE PELLETS, HAIL    4 = ICE PELLETS
                        TOTAL MONTH:   0.0 INCH    5 = HAIL
                        GRTST 24HR     0.0         6 = FREEZING RAIN OR DRIZZLE
                        GRTST DEPTH:   0           7 = DUSTSTORM OR SANDSTORM:
                                                       VSBY 1/2 MILE OR LESS
                                                   8 = SMOKE OR HAZE
[NO. OF DAYS WITH]      [WEATHER - DAYS WITH]      9 = BLOWING SNOW
                                                   X = TORNADO
MAX 32 OR BELOW:   0    0.01 INCH OR MORE:  21
MAX 90 OR ABOVE:   0    0.10 INCH OR MORE:   6
MIN 32 OR BELOW:   0    0.50 INCH OR MORE:   2
MIN  0 OR BELOW:   0    1.00 INCH OR MORE:   2

[HDD (BASE 65) ]
TOTAL THIS MO.     1    CLEAR  (SCALE 0-3)   4
DPTR FM NORMAL     M    PTCLDY (SCALE 4-7)  17
TOTAL FM JUL 1  2039    CLOUDY (SCALE 8-10)  8
DPTR FM NORMAL     M

[CDD (BASE 65) ]
TOTAL THIS MO.   200
DPTR FM NORMAL     M    [PRESSURE DATA]
TOTAL FM JAN 1   332    HIGHEST SLP M ON M
DPTR FM NORMAL     M    LOWEST  SLP M ON M

[REMARKS]
