000
CXUS54 KEWX 230910
CF6ECU
PRELIMINARY LOCAL CLIMATOLOGICAL DATA (WS FORM: F-6)

                                          STATION:   Edwards County Airport
                                          MONTH:     SEPTEMBER
                                          YEAR:      2014
                                          LATITUDE:   29 57 N
                                          LONGITUDE: 100 10 W

  TEMPERATURE IN F:       :PCPN:    SNOW:  WIND      :SUNSHINE: SKY     :PK WND
================================================================================
1   2   3   4   5  6A  6B    7    8   9   10  11  12  13   14  15   16   17  18
                                     12Z  AVG MX 2MIN
DY MAX MIN AVG DEP HDD CDD  WTR  SNW DPTH SPD SPD DIR MIN PSBL S-S WX    SPD DR
================================================================================

 1  93  72  83   M   0  18    M    M    M 13.2 20 140   M    M   1        27 140
 2  91  73  82   M   0  17    M    M    M 12.6 16 130   M    M   4        23 140
 3  86  70  78   M   0  13    M    M    M 11.7 17 140   M    M   5        24 130
 4  88  72  80   M   0  15    M    M    M 12.6 18 150   M    M   5        25 150
 5  84  72  78   M   0  13    M    M    M  7.9 17 150   M    M   5 1      23 150
 6  90  72  81   M   0  16    M    M    M  5.7 12 130   M    M   4 1      17 150
 7  88  66  77   M   0  12    M    M    M  5.9 10 140   M    M   4 3       M  M
 8  88  70  79   M   0  14    M    M    M  6.3 12 140   M    M   1 1       M  M
 9  91  70  81   M   0  16    M    M    M  8.9 14 140   M    M   0        20 160
10  95  72  84   M   0  19    M    M    M  9.9 15 160   M    M   0        18 160
11  91  73  82   M   0  17    M    M    M  8.6 15 140   M    M   1        20 140
12  88  59  74   M   0   9    M    M    M  7.0 18  30   M    M   4        27  30
13  66  55  61   M   4   0    M    M    M 11.6 17  20   M    M  10 1      25  30
14  77  61  69   M   0   4    M    M    M  1.7  6 100   M    M   5 12      M  M
15  88  66  77   M   0  12    M    M    M  4.3  8 150   M    M   3 18      M  M
16  91  70  81   M   0  16    M    M    M  3.4 10 140   M    M   1         M  M
17  90  73  82   M   0  17    M    M    M  5.2  9 150   M    M   5         M  M
18  90  72  81   M   0  16    M    M    M  6.7 12  50   M    M   4        18 130
19  90  70  80   M   0  15    M    M    M  6.5 13  70   M    M   5 3       M  M
20  88  70  79   M   0  14    M    M    M  6.1 12 110   M    M   7 13      M  M
21  82  70  76   M   0  11    M    M    M  3.8  9 130   M    M   6 1       M  M
22  88  66  77   M   0  12    M    M    M  1.8  8 160   M    M   1         M  M
================================================================================
SM 1923 1514         4 296    M     M    161.4          M       81
================================================================================
AV 87.4 68.8                               7.3 FASTST   M    M   4    MAX(MPH)
                                 MISC ---->    20   M               # 27  140
================================================================================
NOTES:
# LAST OF SEVERAL OCCURRENCES

COLUMN 17 PEAK WIND IN M.P.H.

PRELIMINARY LOCAL CLIMATOLOGICAL DATA (WS FORM: F-6) , PAGE 2

                                          STATION:  Edwards County Airport
                                          MONTH:    SEPTEMBER
                                          YEAR:     2014
                                          LATITUDE:   29 57 N
                                          LONGITUDE: 100 10 W

[TEMPERATURE DATA]      [PRECIPITATION DATA]       SYMBOLS USED IN COLUMN 16

AVERAGE MONTHLY: 78.1   TOTAL FOR MONTH:      M    1 = FOG OR MIST
DPTR FM NORMAL:     M   DPTR FM NORMAL:       M    2 = FOG REDUCING VISIBILITY
HIGHEST:    95 ON 10    GRTST 24HR    M  ON   M        TO 1/4 MILE OR LESS
LOWEST:     55 ON 13                               3 = THUNDER
                        SNOW, ICE PELLETS, HAIL    4 = ICE PELLETS
                        TOTAL MONTH:    M          5 = HAIL
                        GRTST 24HR    M  ON   M    6 = FREEZING RAIN OR DRIZZLE
                        GRTST DEPTH:  M  ON   M    7 = DUSTSTORM OR SANDSTORM:
                                                       VSBY 1/2 MILE OR LESS
                                                   8 = SMOKE OR HAZE
[NO. OF DAYS WITH]      [WEATHER - DAYS WITH]      9 = BLOWING SNOW
                                                   X = TORNADO
MAX 32 OR BELOW:   0    0.01 INCH OR MORE:   0
MAX 90 OR ABOVE:  10    0.10 INCH OR MORE:   0
MIN 32 OR BELOW:   0    0.50 INCH OR MORE:   0
MIN  0 OR BELOW:   0    1.00 INCH OR MORE:   0

[HDD (BASE 65) ]
TOTAL THIS MO.     4    CLEAR  (SCALE 0-3)   8
DPTR FM NORMAL     M    PTCLDY (SCALE 4-7)  13
TOTAL FM JUL 1     4    CLOUDY (SCALE 8-10)  1
DPTR FM NORMAL     M

[CDD (BASE 65) ]
TOTAL THIS MO.   296
DPTR FM NORMAL     M    [PRESSURE DATA]
TOTAL FM JAN 1  2239    HIGHEST SLP M ON M
DPTR FM NORMAL     M    LOWEST  SLP M ON M

[REMARKS]
