000
CXUS54 KEWX 260910
CF6ECU
PRELIMINARY LOCAL CLIMATOLOGICAL DATA (WS FORM: F-6)

                                          STATION:   Edwards County Airport
                                          MONTH:     DECEMBER
                                          YEAR:      2014
                                          LATITUDE:   29 57 N
                                          LONGITUDE: 100 10 W

  TEMPERATURE IN F:       :PCPN:    SNOW:  WIND      :SUNSHINE: SKY     :PK WND
================================================================================
1   2   3   4   5  6A  6B    7    8   9   10  11  12  13   14  15   16   17  18
                                     12Z  AVG MX 2MIN
DY MAX MIN AVG DEP HDD CDD  WTR  SNW DPTH SPD SPD DIR MIN PSBL S-S WX    SPD DR
================================================================================

 1  63  36  50   M  15   0    M    M    M   M   M   M   M    M  10 1       M  M
 2  52  36  44   M  21   0    M    M    M  8.1 13 160   M    M  10 18      M  M
 3  59  46  53   M  12   0    M    M    M  9.2 13 170   M    M  10 12     17 180
 4  64  55  60   M   5   0    M    M    M 11.2 16 160   M    M  10 12     23 170
 5  73  55  64   M   1   0    M    M    M  6.7 14 180   M    M   5 1      20 180
 6  64  46  55   M  10   0    M    M    M  7.3 12  40   M    M   2 12     17  40
 7  61  45  53   M  12   0    M    M    M  3.6  9  60   M    M   7 12      M  M
 8  66  50  58   M   7   0    M    M    M  2.5  7  30   M    M   5         M  M
 9  66  48  57   M   8   0    M    M    M  4.4  8 170   M    M   3 1       M  M
10  59  52  56   M   9   0    M    M    M  8.4 14 160   M    M   9 1       M  M
11  59  57  58   M   7   0    M    M    M  7.1 12 180   M    M  10 12      M  M
12  64  57  61   M   4   0    M    M    M  9.4 14 160   M    M   8 1      18 180
13  66  57  62   M   3   0    M    M    M 14.2 20 160   M    M   7 1      27 160
14  66  57  62   M   3   0    M    M    M 11.7 17 170   M    M   8 12     28 170
15  70  46  58   M   7   0    M    M    M  5.0  9 320   M    M   2 12     16 310
16  61  43  52   M  13   0    M    M    M  7.4 12  60   M    M   5        17  60
17  54  46  50   M  15   0    M    M    M  7.9 14 140   M    M  10 12     22 140
18  70  52  61   M   4   0    M    M    M  2.1  5 110   M    M   8 12      M  M
19  63  43  53   M  12   0    M    M    M  6.6 12  30   M    M   5 13      M  M
20  63  43  53   M  12   0    M    M    M  6.3 13 160   M    M   7 12      M  M
21  52  45  49   M  16   0    M    M    M  9.4 14 180   M    M  10 128    18 180
22  73  48  61   M   4   0    M    M    M  7.8 14 300   M    M   4 12     25 290
23  54  39  47   M  18   0    M    M    M 11.9 18 340   M    M   5        28  20
24  52  34  43   M  22   0    M    M    M 12.1 21 320   M    M   2        29 330
25  61  36  49   M  16   0 0.00  0.0    0 14.7 22 150   M    M   0        32 180
================================================================================
SM 1555 1172       256   0  0.00     0.0 195.0          M      162
================================================================================
AV 62.2 46.9                               8.1 FASTST   M    M   6    MAX(MPH)
                                 MISC ---->    22   M                 32    M
================================================================================
NOTES:
# LAST OF SEVERAL OCCURRENCES

COLUMN 17 PEAK WIND IN M.P.H.

PRELIMINARY LOCAL CLIMATOLOGICAL DATA (WS FORM: F-6) , PAGE 2

                                          STATION:  Edwards County Airport
                                          MONTH:    DECEMBER
                                          YEAR:     2014
                                          LATITUDE:   29 57 N
                                          LONGITUDE: 100 10 W

[TEMPERATURE DATA]      [PRECIPITATION DATA]       SYMBOLS USED IN COLUMN 16

AVERAGE MONTHLY: 54.5   TOTAL FOR MONTH:   0.00    1 = FOG OR MIST
DPTR FM NORMAL:     M   DPTR FM NORMAL:       M    2 = FOG REDUCING VISIBILITY
HIGHEST:    73 ON 22, 5 GRTST 24HR  0.00 ON 25-25      TO 1/4 MILE OR LESS
LOWEST:     34 ON 24                               3 = THUNDER
                        SNOW, ICE PELLETS, HAIL    4 = ICE PELLETS
                        TOTAL MONTH:   0.0 INCH    5 = HAIL
                        GRTST 24HR     0.0         6 = FREEZING RAIN OR DRIZZLE
                        GRTST DEPTH:   0           7 = DUSTSTORM OR SANDSTORM:
                                                       VSBY 1/2 MILE OR LESS
                                                   8 = SMOKE OR HAZE
[NO. OF DAYS WITH]      [WEATHER - DAYS WITH]      9 = BLOWING SNOW
                                                   X = TORNADO
MAX 32 OR BELOW:   0    0.01 INCH OR MORE:   0
MAX 90 OR ABOVE:   0    0.10 INCH OR MORE:   0
MIN 32 OR BELOW:   0    0.50 INCH OR MORE:   0
MIN  0 OR BELOW:   0    1.00 INCH OR MORE:   0

[HDD (BASE 65) ]
TOTAL THIS MO.   256    CLEAR  (SCALE 0-3)   4
DPTR FM NORMAL     M    PTCLDY (SCALE 4-7)  13
TOTAL FM JUL 1   611    CLOUDY (SCALE 8-10)  8
DPTR FM NORMAL     M

[CDD (BASE 65) ]
TOTAL THIS MO.     0
DPTR FM NORMAL     M    [PRESSURE DATA]
TOTAL FM JAN 1  2510    HIGHEST SLP M ON M
DPTR FM NORMAL     M    LOWEST  SLP M ON M

[REMARKS]
