000
CXUS52 TJSJ 230438
CF6ISX
PRELIMINARY LOCAL CLIMATOLOGICAL DATA (WS FORM: F-6)

                                          STATION:   HENRY E. ROHLSEN AP/ST CROIX
                                          MONTH:     APRIL
                                          YEAR:      2017
                                          LATITUDE:   17 42 N
                                          LONGITUDE:  64 48 W

  TEMPERATURE IN F:       :PCPN:    SNOW:  WIND      :SUNSHINE: SKY     :PK WND
================================================================================
1   2   3   4   5  6A  6B    7    8   9   10  11  12  13   14  15   16   17  18
                                     12Z  AVG MX 2MIN
DY MAX MIN AVG DEP HDD CDD  WTR  SNW DPTH SPD SPD DIR MIN PSBL S-S WX    SPD DR
================================================================================

 1  85  74  80   1   0  15 0.00  0.0    0  7.4 14 110   M    M   5        18 110
 2  85  73  79   0   0  14 0.00  0.0    0  6.2 13 110   M    M   2        16 120
 3  86  73  80   1   0  15 0.06  0.0    0  7.9 16  60   M    M   2        20  70
 4  84  75  80   1   0  15 0.00  0.0    0 11.9 18  70   M    M   4        26  70
 5  85  73  79   0   0  14    T  0.0    0 11.1 21 100   M    M   1        26 100
 6  85  72  79   0   0  14 0.00  0.0    0 10.5 22 110   M    M   1        25 100
 7  85  72  79  -1   0  14 0.00  0.0    0  9.5 20 100   M    M   2        25 100
 8  85  72  79  -1   0  14 0.00  0.0    0  8.6 17  90   M    M   2        21 110
 9  86  74  80   0   0  15 0.08  0.0    0  7.6 16  90   M    M   4        20 100
10  84  72  78  -2   0  13 1.73  0.0    0  8.0 18  80   M    M   7 1      22 100
11  84  72  78  -2   0  13 0.26  0.0    0  7.4 17 110   M    M   7 18     20  90
12  85  73  79  -1   0  14    T  0.0    0  5.0 13 130   M    M   4        16 130
13  86  73  80   0   0  15 0.09  0.0    0  4.3  8 360   M    M   5 1      14 360
14  85  73  79  -1   0  14 0.00  0.0    0  5.0 12  50   M    M   3        14  60
15  85  74  80   0   0  15 0.13  0.0    0  6.7 14  30   M    M   7 1      17  50
16  83  74  79  -1   0  14 2.41  0.0    0  8.2 16  70   M    M   7 1      22  70
17  84  76  80   0   0  15 0.04  0.0    0 14.5 22  70   M    M   7 1      28  50
18  82  76  79  -1   0  14 0.00  0.0    0 13.8 23  80   M    M   8        28  60
19  85  72  79  -1   0  14 0.00  0.0    0 11.5 21  50   M    M   3        27  40
20  84  69  77  -3   0  12    T  0.0    0  8.7 17  80   M    M   2        24  80
21  84  72  78  -2   0  13 0.22  0.0    0 10.0 17 100   M    M   4        22  90
22  84  73  79  -1   0  14 0.00  0.0    0 11.6 20 100   M    M   4        24 110
================================================================================
SM 1861 1607         0 310  5.02     0.0 195.4          M       91
================================================================================
AV 84.6 73.1                               8.9 FASTST   M    M   4    MAX(MPH)
                                 MISC ---->  # 23  80               # 28   50
================================================================================
NOTES:
# LAST OF SEVERAL OCCURRENCES

COLUMN 17 PEAK WIND IN M.P.H.

PRELIMINARY LOCAL CLIMATOLOGICAL DATA (WS FORM: F-6) , PAGE 2

                                          STATION:  HENRY E. ROHLSEN AP/ST CROIX
                                          MONTH:    APRIL
                                          YEAR:     2017
                                          LATITUDE:   17 42 N
                                          LONGITUDE:  64 48 W

[TEMPERATURE DATA]      [PRECIPITATION DATA]       SYMBOLS USED IN COLUMN 16

AVERAGE MONTHLY: 78.8   TOTAL FOR MONTH:   5.02    1 = FOG OR MIST
DPTR FM NORMAL:  -0.9   DPTR FM NORMAL:    3.63    2 = FOG REDUCING VISIBILITY
HIGHEST:    86 ON 13, 9 GRTST 24HR  2.41 ON 16-16      TO 1/4 MILE OR LESS
LOWEST:     69 ON 20                               3 = THUNDER
                        SNOW, ICE PELLETS, HAIL    4 = ICE PELLETS
                        TOTAL MONTH:   0.0 INCH    5 = HAIL
                        GRTST 24HR     0.0         6 = FREEZING RAIN OR DRIZZLE
                        GRTST DEPTH:   0           7 = DUSTSTORM OR SANDSTORM:
                                                       VSBY 1/2 MILE OR LESS
                                                   8 = SMOKE OR HAZE
[NO. OF DAYS WITH]      [WEATHER - DAYS WITH]      9 = BLOWING SNOW
                                                   X = TORNADO
MAX 32 OR BELOW:   0    0.01 INCH OR MORE:   9
MAX 90 OR ABOVE:   0    0.10 INCH OR MORE:   5
MIN 32 OR BELOW:   0    0.50 INCH OR MORE:   2
MIN  0 OR BELOW:   0    1.00 INCH OR MORE:   2

[HDD (BASE 65) ]
TOTAL THIS MO.     0    CLEAR  (SCALE 0-3)   8
DPTR FM NORMAL     0    PTCLDY (SCALE 4-7)  13
TOTAL FM JUL 1     0    CLOUDY (SCALE 8-10)  1
DPTR FM NORMAL     0

[CDD (BASE 65) ]
TOTAL THIS MO.   310
DPTR FM NORMAL   -13    [PRESSURE DATA]
TOTAL FM JAN 1  1515    HIGHEST SLP M ON M
DPTR FM NORMAL    -5    LOWEST  SLP 29.88 ON M

[REMARKS]
