000
CXUS54 KSHV 231300
CF6TXK
PRELIMINARY LOCAL CLIMATOLOGICAL DATA (WS FORM: F-6)

                                          STATION:   TEXARKANA
                                          MONTH:     JULY
                                          YEAR:      2017
                                          LATITUDE:   33 27 N
                                          LONGITUDE:  94  0 W

  TEMPERATURE IN F:       :PCPN:    SNOW:  WIND      :SUNSHINE: SKY     :PK WND
================================================================================
1   2   3   4   5  6A  6B    7    8   9   10  11  12  13   14  15   16   17  18
                                     12Z  AVG MX 2MIN
DY MAX MIN AVG DEP HDD CDD  WTR  SNW DPTH SPD SPD DIR MIN PSBL S-S WX    SPD DR
================================================================================

 1  90  68  79  -2   0  14 2.39  0.0    0  4.7 31 230   M    M   4 13     41 230
 2  90  69  80  -1   0  15 0.01  0.0    0  6.9 15 230   M    M   4 3      18 220
 3  87  69  78  -3   0  13 0.82  0.0    0  4.9 28 300   M    M   4 13     36 300
 4  86  75  81   0   0  16    T  0.0    0  7.9 15 210   M    M   1        21 230
 5  86  69  78  -4   0  13 0.33  0.0    0  5.7 16 350   M    M   5 13     23 330
 6  91  72  82   0   0  17 0.14  0.0    0  4.9 10 200   M    M   3 13     13 220
 7  94  70  82   0   0  17 0.00  0.0    0  3.3  9 340   M    M   1 1      12 340
 8  87  74  81  -1   0  16 0.00  0.0    0  4.2 18 360   M    M   1        23  10
 9  92  70  81  -1   0  16 0.00  0.0    0  3.8 15 180   M    M   2 123    19 220
10  89  68  79  -3   0  14 0.00  0.0    0  4.5 12 200   M    M   1        17 220
11  92  74  83   1   0  18 0.00  0.0    0  5.6 10 190   M    M   2        14 140
12  92  74  83   1   0  18 0.00  0.0    0  7.5 16 170   M    M   1        20 170
13  93  73  83   1   0  18    T  0.0    0  4.5 12 160   M    M   1        16 150
14  95  73  84   2   0  19 0.34  0.0    0  4.6 22  30   M    M   2 13     29  50
15  91  71  81  -1   0  16    T  0.0    0  3.4 13  60   M    M   3 13     15  50
16  92  73  83   1   0  18 0.00  0.0    0  4.0 10  50   M    M   1 12     14  40
17  91  71  81  -1   0  16 0.00  0.0    0  4.0 10  60   M    M   0 1      14  60
18  95  72  84   2   0  19 0.00  0.0    0  2.0  8  70   M    M   1        11 170
19  94  74  84   1   0  19 0.00  0.0    0  3.3 17 150   M    M   2        21 160
20  95  75  85   2   0  20 0.00  0.0    0  4.3 13 200   M    M   0        17 200
21  95  77  86   3   0  21 0.00  0.0    0  5.1 10 220   M    M   1        15 230
22  95  75  85   2   0  20 0.00  0.0    0  5.5 10 170   M    M   1        14 210
================================================================================
SM 2012 1586         0 373  4.03     0.0 104.6          M       41
================================================================================
AV 91.5 72.1                               4.8 FASTST   M    M   2    MAX(MPH)
                                 MISC ---->  # 31 230               # 41  230
================================================================================
NOTES:
# LAST OF SEVERAL OCCURRENCES

COLUMN 17 PEAK WIND IN M.P.H.

PRELIMINARY LOCAL CLIMATOLOGICAL DATA (WS FORM: F-6) , PAGE 2

                                          STATION:  TEXARKANA
                                          MONTH:    JULY
                                          YEAR:     2017
                                          LATITUDE:   33 27 N
                                          LONGITUDE:  94  0 W

[TEMPERATURE DATA]      [PRECIPITATION DATA]       SYMBOLS USED IN COLUMN 16

AVERAGE MONTHLY: 81.8   TOTAL FOR MONTH:   4.03    1 = FOG OR MIST
DPTR FM NORMAL:  -0.2   DPTR FM NORMAL:    1.44    2 = FOG REDUCING VISIBILITY
HIGHEST:    95 ON 22,21 GRTST 24HR  2.39 ON  1- 1      TO 1/4 MILE OR LESS
LOWEST:     68 ON 10, 1                            3 = THUNDER
                        SNOW, ICE PELLETS, HAIL    4 = ICE PELLETS
                        TOTAL MONTH:   0.0 INCH    5 = HAIL
                        GRTST 24HR     0.0         6 = FREEZING RAIN OR DRIZZLE
                        GRTST DEPTH:   0           7 = DUSTSTORM OR SANDSTORM:
                                                       VSBY 1/2 MILE OR LESS
                                                   8 = SMOKE OR HAZE
[NO. OF DAYS WITH]      [WEATHER - DAYS WITH]      9 = BLOWING SNOW
                                                   X = TORNADO
MAX 32 OR BELOW:   0    0.01 INCH OR MORE:   6
MAX 90 OR ABOVE:  17    0.10 INCH OR MORE:   5
MIN 32 OR BELOW:   0    0.50 INCH OR MORE:   2
MIN  0 OR BELOW:   0    1.00 INCH OR MORE:   1

[HDD (BASE 65) ]
TOTAL THIS MO.     0    CLEAR  (SCALE 0-3)  18
DPTR FM NORMAL     0    PTCLDY (SCALE 4-7)   4
TOTAL FM JUL 1     0    CLOUDY (SCALE 8-10)  0
DPTR FM NORMAL     0

[CDD (BASE 65) ]
TOTAL THIS MO.   373
DPTR FM NORMAL    -1    [PRESSURE DATA]
TOTAL FM JAN 1  1117    HIGHEST SLP M ON M
DPTR FM NORMAL    18    LOWEST  SLP 29.85 ON 22

[REMARKS]
