000
CXUS53 KDTX 071329 AAA
CLMFNT

CLIMATE REPORT
NATIONAL WEATHER SERVICE DETROIT/PONTIAC MI
1211 PM EDT THU JUN 6 2013

...................................

...THE FLINT MI CLIMATE SUMMARY FOR THE MONTH OF MAY 2013...

CLIMATE NORMAL PERIOD 1981 TO 2010
CLIMATE RECORD PERIOD 1921 TO 2013

WEATHER         OBSERVED          NORMAL  DEPART
                 VALUE   DATE(S)  VALUE   FROM
                                          NORMAL
................................................
TEMPERATURE (F)
RECORD
 HIGH              93   05/28/2012
                        05/31/1988
 LOW               22   05/10/1966
HIGHEST            90   05/20        MM      MM
LOWEST             29   05/13        MM      MM
AVG. MAXIMUM     74.7              68.5     6.2
AVG. MINIMUM     49.2              45.3     3.9
MEAN             61.9              56.9     5.0
DAYS MAX >= 90      1               0.1     0.9
DAYS MAX <= 32      0               0.0     0.0
DAYS MIN <= 32      2               1.5     0.5
DAYS MIN <= 0       0               0.0     0.0

PRECIPITATION (INCHES)
RECORD
 MAXIMUM         8.19   2004
 MINIMUM         0.34   1988
TOTALS           4.09              3.08    1.01
DAILY AVG.       0.13              0.10    0.03
DAYS >= .01        10              11.1    -1.1
DAYS >= .10         6               6.5    -0.5
DAYS >= .50         1               2.0    -1.0
DAYS >= 1.00        1               0.5     0.5
GREATEST
 24 HR. TOTAL    2.67   05/28 TO 05/29
 STORM TOTAL       MM
 (MM/DD(HH))            MM

SNOWFALL (INCHES)
RECORDS
 TOTAL           12.0   1923
                        0
                        0
TOTALS            0.0                 T     0.0
 LIQUID EQUIV    0.00                MM      MM
SINCE 7/1        43.8              47.4    -3.6
 LIQUID 7/1      4.38
DAYS >= TRACE       0               0.0     0.0
DAYS >= 1.0         0               0.0     0.0
GREATEST
 SNOW DEPTH         0   MM
 24 HR TOTAL      0.0   05/31 TO 05/31
 STORM TOTAL       MM
 (MM/DD(HH))            MM

DEGREE_DAYS
HEATING TOTAL     167               280    -113
 SINCE 7/1       6421              6887    -466
COOLING TOTAL      79                28      51
 SINCE 1/1         79                32      47

FREEZE DATES
RECORD
 EARLIEST     MM
 LATEST       MM
EARLIEST      05/12             MM
LATEST                          MM
.................................................

WIND (MPH)
AVERAGE WIND SPEED              7.9
HIGHEST WIND SPEED/DIRECTION    32/290    DATE  05/11
HIGHEST GUST SPEED/DIRECTION    43/280    DATE  05/12

SKY COVER
POSSIBLE SUNSHINE (PERCENT)   MM
AVERAGE SKY COVER           0.30
NUMBER OF DAYS FAIR           18
NUMBER OF DAYS PC              9
NUMBER OF DAYS CLOUDY          4

AVERAGE RH (PERCENT)     61

WEATHER CONDITIONS. NUMBER OF DAYS WITH
THUNDERSTORM              4     MIXED PRECIP               0
HEAVY RAIN                3     RAIN                       6
LIGHT RAIN               12     FREEZING RAIN              0
LT FREEZING RAIN          0     HAIL                       0
HEAVY SNOW                0     SNOW                       0
LIGHT SNOW                0     SLEET                      0
FOG                      10     FOG W/VIS <= 1/4 MILE      0
HAZE                      6

-  INDICATES NEGATIVE NUMBERS.
R  INDICATES RECORD WAS SET OR TIED.
MM INDICATES DATA IS MISSING.
T  INDICATES TRACE AMOUNT.

$$

=====================================================================

        SOUTHEAST MICHIGAN CLIMATE SUMMARY FOR MAY 2013


APRIL 2013 MONTHLY STATISTICS AND RANKINGS
---------------------------------------------------------------------

PRECIPITATION
              ACTUAL   NORMAL  DEPARTURE     RANKING
DETROIT AREA   2.54"    3.38"   -0.84"      46TH DRIEST
FLINT AREA     4.09"    3.08"   +1.01"      33RD WETTEST
SAGINAW        5.17"    3.38"   +1.79"      11TH WETTEST

WATER YEAR SINCE JANUARY 1

              ACTUAL   NORMAL*  DEPARTURE     RANKING
DETROIT AREA  14.85"   12.54"    +2.31"     28TH WETTEST
FLINT AREA    16.76"   10.99"    +5.77"      5TH WETTEST
SAGINAW       18.36"   12.13"    +6.23       2TH WETTEST

     *NORMAL TO-DATE (AS OF MAY 31, 2013)


AVERAGE TEMPERATURE

              ACTUAL   NORMAL  DEPARTURE     RANKING
DETROIT AREA   63.6     59.7     +3.9       12TH WARMEST
FLINT AREA     61.9     56.9     +5.0       10TH WARMEST
SAGINAW        61.5     57.3     +4.2       10ST WARMEST


AVERAGE HIGH TEMPERATURE

              ACTUAL   NORMAL  DEPARTURE     RANKING
DETROIT AREA   75.3     69.9     +5.4        6TH WARMEST
FLINT AREA     74.7     68.5     +6.2       10TH WARMEST
SAGINAW        72.8     68.0     +4.8        9TH WARMEST


AVERAGE LOW TEMPERATURE

              ACTUAL   NORMAL  DEPARTURE     RANKING
DETROIT AREA   52.0     49.4     +2.6       52ND WARMEST
FLINT AREA     49.2     45.3     +3.9       17TH WARMEST
SAGINAW        50.2     46.6     +3.6       10ND WARMEST


SNOW SEASON SINCE JULY 1

              ACTUAL   NORMAL*  DEPARTURE     RANKING
DETROIT AREA   47.7"    42.5     +5.2"       39TH SNOWIEST
FLINT AREA     43.8"    47.4"    -3.6"       38TH SNOWIEST
SAGINAW        43.5"    41.5"    +2.0"       42ND SNOWIEST

     *NORMAL TO-DATE (AS OF MAY 31, 2013)


DETROIT AREA HAS A CLIMATE RECORD DATING TO NOVEMBER 1874
FLINT AREA HAS A CLIMATE RECORD DATING TO JANUARY 1921
SAGINAW HAS A CLIMATE RECORD DATING TO JANUARY 1912
