000
CXUS54 KAMA 010710
CF6AMA
PRELIMINARY LOCAL CLIMATOLOGICAL DATA (WS FORM: F-6)
STATION: AMARILLO
MONTH: MAY
YEAR: 2022
LATITUDE: 35 13 N
LONGITUDE: 101 42 W
TEMPERATURE IN F: :PCPN: SNOW: WIND :SUNSHINE: SKY :PK WND
================================================================================
1 2 3 4 5 6A 6B 7 8 9 10 11 12 13 14 15 16 17 18
12Z AVG MX 2MIN
DY MAX MIN AVG DEP HDD CDD WTR SNW DPTH SPD SPD DIR MIN PSBL S-S WX SPD DR
================================================================================
1 81 49 65 4 0 0 0.07 0.0 0 20.7 45 150 M M 4 38 60 140
2 86 42 64 2 1 0 0.00 0.0 0 21.2 33 250 M M 3 18 43 20
3 71 37 54 -8 11 0 0.00 0.0 0 14.8 25 10 M M 3 34 160
4 73 48 61 -1 4 0 0.04 0.0 0 18.5 29 20 M M 5 13 37 10
5 75 45 60 -3 5 0 0.00 0.0 M 13.7 25 20 M M 4 1 33 20
6 90 44 67 4 0 2 0.00 0.0 0 10.8 26 140 M M 0 34 140
7 101 56 79 16 0 14 0.00 0.0 0 16.3 33 230 M M 1 1 41 230
8 99 64 82 18 0 17 0.00 0.0 0 17.3 35 220 M M 0 47 250
9 97 65 81 17 0 16 0.00 0.0 0 21.2 33 230 M M 0 45 250
10 100 59 80 16 0 15 0.12 0.0 0 17.6 40 220 M M 1 38 59 220
11 89 58 74 9 0 9 0.01 0.0 0 21.1 36 180 M M 0 49 180
12 97 66 82 17 0 17 0.00 0.0 0 17.2 31 180 M M 0 40 190
13 87 55 71 5 0 6 0.00 0.0 0 11.1 22 40 M M 0 29 20
14 95 53 74 8 0 9 0.00 0.0 0 10.5 21 250 M M 0 33 260
15 91 52 72 6 0 7 0.00 0.0 0 15.3 29 10 M M 0 38 10
16 86 57 72 5 0 7 0.00 0.0 0 14.0 33 320 M M 1 3 58 300
17 101 63 82 15 0 17 0.00 0.0 0 15.2 28 210 M M 0 36 220
18 91 57 74 6 0 9 0.00 0.0 0 12.9 40 360 M M 0 38 51 360
19 100 56 78 10 0 13 0.00 0.0 0 15.4 32 220 M M 0 44 220
20 78 50 64 -4 1 0 0.00 0.0 0 17.4 30 360 M M 0 8 37 20
21 63 45 54 -15 11 0 0.00 0.0 0 19.6 30 20 M M 3 41 20
22 69 39 54 -15 11 0 0.00 0.0 0 11.1 22 120 M M 0 29 120
23 67 50 59 -10 6 0 0.55 0.0 0 18.7 31 140 M M 8 13 41 170
24 56 46 51 -19 14 0 0.61 0.0 0 14.6 25 350 M M 10 123 35 350
25 70 45 58 -12 7 0 0.00 0.0 0 17.2 31 340 M M 3 46 330
26 86 49 68 -2 0 3 0.00 0.0 0 10.8 20 10 M M 0 29 290
27 93 55 74 3 0 9 0.00 0.0 0 20.0 35 200 M M 0 43 210
28 104 66 85 14 0 20 0.00 0.0 0 18.3 35 240 M M 0 8 48 210
29 96 68 82 10 0 17 0.00 0.0 0 24.2 45 220 M M 1 55 230
30 91 61 76 4 0 11 0.00 0.0 0 15.0 30 240 M M 0 42 240
31 87 56 72 0 0 7 0.00 0.0 0 13.8 26 110 M M 0 33 110
================================================================================
SM 2670 1656 71 225 1.40 0.0 505.5 M 47
================================================================================
AV 86.1 53.4 16.3 FASTST M M 2 MAX(MPH)
MISC ----> # 45 150 60 140
================================================================================
NOTES:
# LAST OF SEVERAL OCCURRENCES
COLUMN 17 PEAK WIND IN M.P.H.
PRELIMINARY LOCAL CLIMATOLOGICAL DATA (WS FORM: F-6) , PAGE 2
STATION: AMARILLO
MONTH: MAY
YEAR: 2022
LATITUDE: 35 13 N
LONGITUDE: 101 42 W
[TEMPERATURE DATA] [PRECIPITATION DATA] SYMBOLS USED IN COLUMN 16
AVERAGE MONTHLY: 69.8 TOTAL FOR MONTH: 1.40 1 = FOG OR MIST
DPTR FM NORMAL: 3.0 DPTR FM NORMAL: -0.87 2 = FOG REDUCING VISIBILITY
HIGHEST: 104 ON 28 GRTST 24HR 1.16 ON 23-24 TO 1/4 MILE OR LESS
LOWEST: 37 ON 3 3 = THUNDER
SNOW, ICE PELLETS, HAIL 4 = ICE PELLETS
TOTAL MONTH: 0.0 INCH 5 = HAIL
GRTST 24HR 0.0 6 = FREEZING RAIN OR DRIZZLE
GRTST DEPTH: 0 7 = DUSTSTORM OR SANDSTORM:
VSBY 1/2 MILE OR LESS
8 = SMOKE OR HAZE
[NO. OF DAYS WITH] [WEATHER - DAYS WITH] 9 = BLOWING SNOW
X = TORNADO
MAX 32 OR BELOW: 0 0.01 INCH OR MORE: 6
MAX 90 OR ABOVE: 15 0.10 INCH OR MORE: 3
MIN 32 OR BELOW: 0 0.50 INCH OR MORE: 2
MIN 0 OR BELOW: 0 1.00 INCH OR MORE: 0
[HDD (BASE 65) ]
TOTAL THIS MO. 71 CLEAR (SCALE 0-3) 25
DPTR FM NORMAL -7 PTCLDY (SCALE 4-7) 5
TOTAL FM JUL 1 3466 CLOUDY (SCALE 8-10) 1
DPTR FM NORMAL -402
[CDD (BASE 65) ]
TOTAL THIS MO. 225
DPTR FM NORMAL 93 [PRESSURE DATA]
TOTAL FM JAN 1 288 HIGHEST SLP M ON M
DPTR FM NORMAL 127 LOWEST SLP 29.25 ON 20
[REMARKS]
#FINAL-05-22#