000
CXUS54 KFWD 300730
CF6INJ
PRELIMINARY LOCAL CLIMATOLOGICAL DATA (WS FORM: F-6)

                                          STATION:   HILLSBORO
                                          MONTH:     JANUARY
                                          YEAR:      2015
                                          LATITUDE:   32  0 N
                                          LONGITUDE:  97  6 W

  TEMPERATURE IN F:       :PCPN:    SNOW:  WIND      :SUNSHINE: SKY     :PK WND
================================================================================
1   2   3   4   5  6A  6B    7    8   9   10  11  12  13   14  15   16   17  18
                                     12Z  AVG MX 2MIN
DY MAX MIN AVG DEP HDD CDD  WTR  SNW DPTH SPD SPD DIR MIN PSBL S-S WX    SPD DR
================================================================================

 1  38  33  36 -10  29   0 0.04    M    0  5.5 10 330   M    M  10 1       M  M
 2  41  37  39  -7  26   0 0.09    M    0  7.6 13 320   M    M  10 13      M  M
 3  55  38  47   1  18   0 0.46    M    0  5.7 10 220   M    M   5 3      16 290
 4  43  25  34 -12  31   0 0.00  0.0    0 11.1 21 330   M    M   1        28 320
 5  47  23  35 -11  30   0 0.00  0.0    0  4.9 10 160   M    M   0         M  M
 6  63  32  48   2  17   0 0.00  0.0    0  4.0 10 180   M    M   0         M  M
 7  44  24  34 -12  31   0 0.00  0.0    0 18.5 35 350   M    M   0        41 350
 8  39  17  28 -18  37   0 0.00  0.0    0  6.8 17 180   M    M   0        20 190
 9  37  30  34 -13  31   0 0.01    T    0  7.5 18 340   M    M   9 46     24 340
10  36  32  34 -13  31   0 0.03  0.0    0  1.2  9  20   M    M  10         M  M
11  44  34  39  -8  26   0 0.58  0.0    0  4.8  8 140   M    M  10 1       M  M
12  45  37  41  -6  24   0 0.00  0.0    0 11.4 18 340   M    M  10 18     24 350
13  39  33  36 -11  29   0 0.00  0.0    0  9.6 16 350   M    M  10 18     23 350
14  42  37  40  -7  25   0 0.00  0.0    0  4.0  9 330   M    M  10         M  M
15  56  32  44  -3  21   0 0.00  0.0    0  4.1 12 330   M    M   3        17 330
16  64  30  47   0  18   0 0.00  0.0    0  4.7 13 200   M    M   0         M  M
17  72  39  56   9   9   0 0.00  0.0    0  9.6 20 330   M    M   0        24 330
18  69  31  50   3  15   0 0.00  0.0    0  6.3 14 350   M    M   0         M  M
19  69  38  54   7  11   0 0.00  0.0    0  5.8 13 180   M    M   0         M  M
20  61  43  52   5  13   0 0.00  0.0    0  4.4 10 360   M    M   2 12      M  M
21  59  44  52   5  13   0 0.20  0.0    0 11.4 20  40   M    M   5        25  40
22  48  41  45  -2  20   0 1.35  0.0    0 16.7 25  40   M    M  10 3      35  40
23  52  33  43  -4  22   0    M  0.0    0 10.2 20 310   M    M   5        27 320
24  60  28  44  -3  21   0 0.00  0.0    0  2.3  9 270   M    M   0         M  M
25  68  35  52   4  13   0 0.00  0.0    0  8.8 25 310   M    M   0        31 320
26  72  32  52   4  13   0 0.00  0.0    0  4.5 10 230   M    M   0         M  M
27  78  41  60  12   5   0 0.00  0.0    0  2.6  6 310   M    M   0         M  M
28  81  46  64  16   1   0 0.00  0.0    0 10.2 21 170   M    M   0        25 170
29  71  46  59  11   6   0 0.00  0.0    0  9.4 18 360   M    M   1        24 360
================================================================================
SM 1593  991       586   0  2.76    T    213.6          M      111
================================================================================
AV 54.9 34.2                               7.4 FASTST   M    M   4    MAX(MPH)
                                 MISC ---->  # 35 350                 41    M
================================================================================
NOTES:
# LAST OF SEVERAL OCCURRENCES

COLUMN 17 PEAK WIND IN M.P.H.

PRELIMINARY LOCAL CLIMATOLOGICAL DATA (WS FORM: F-6) , PAGE 2

                                          STATION:  HILLSBORO
                                          MONTH:    JANUARY
                                          YEAR:     2015
                                          LATITUDE:   32  0 N
                                          LONGITUDE:  97  6 W

[TEMPERATURE DATA]      [PRECIPITATION DATA]       SYMBOLS USED IN COLUMN 16

AVERAGE MONTHLY: 44.6   TOTAL FOR MONTH:   2.76    1 = FOG OR MIST
DPTR FM NORMAL:  -2.3   DPTR FM NORMAL:    0.55    2 = FOG REDUCING VISIBILITY
HIGHEST:    81 ON 28    GRTST 24HR  1.35 ON 22-22      TO 1/4 MILE OR LESS
LOWEST:     17 ON  8                               3 = THUNDER
                        SNOW, ICE PELLETS, HAIL    4 = ICE PELLETS
                        TOTAL MONTH:    T          5 = HAIL
                        GRTST 24HR    T  ON  9- 9  6 = FREEZING RAIN OR DRIZZLE
                        GRTST DEPTH:   0           7 = DUSTSTORM OR SANDSTORM:
                                                       VSBY 1/2 MILE OR LESS
                                                   8 = SMOKE OR HAZE
[NO. OF DAYS WITH]      [WEATHER - DAYS WITH]      9 = BLOWING SNOW
                                                   X = TORNADO
MAX 32 OR BELOW:   0    0.01 INCH OR MORE:   8
MAX 90 OR ABOVE:   0    0.10 INCH OR MORE:   4
MIN 32 OR BELOW:  12    0.50 INCH OR MORE:   2
MIN  0 OR BELOW:   0    1.00 INCH OR MORE:   1

[HDD (BASE 65) ]
TOTAL THIS MO.   586    CLEAR  (SCALE 0-3)  17
DPTR FM NORMAL    59    PTCLDY (SCALE 4-7)   3
TOTAL FM JUL 1  1392    CLOUDY (SCALE 8-10)  9
DPTR FM NORMAL   -21

[CDD (BASE 65) ]
TOTAL THIS MO.     0
DPTR FM NORMAL     0    [PRESSURE DATA]
TOTAL FM JAN 1     0    HIGHEST SLP M ON M
DPTR FM NORMAL     0    LOWEST  SLP M ON M

[REMARKS]
