000
CXUS54 KEWX 260910
CF6RYW
PRELIMINARY LOCAL CLIMATOLOGICAL DATA (WS FORM: F-6)

                                          STATION:   LAGO VISTA
                                          MONTH:     FEBRUARY
                                          YEAR:      2015
                                          LATITUDE:   30 30 N
                                          LONGITUDE:  97 58 W

  TEMPERATURE IN F:       :PCPN:    SNOW:  WIND      :SUNSHINE: SKY     :PK WND
================================================================================
1   2   3   4   5  6A  6B    7    8   9   10  11  12  13   14  15   16   17  18
                                     12Z  AVG MX 2MIN
DY MAX MIN AVG DEP HDD CDD  WTR  SNW DPTH SPD SPD DIR MIN PSBL S-S WX    SPD DR
================================================================================

 1  68  42  55   M  10   0    M    M    M  8.7 13 350   M    M   7 1      21 310
 2  48  31  40   M  25   0    M    M    M  5.8 13  10   M    M   0        25  10
 3  43  38  41   M  24   0    M    M    M  3.6  7 130   M    M   7 12      M  M
 4  54  42  48   M  17   0    M    M    M  3.9  8 200   M    M  10 12      9 180
 5  50  36  43   M  22   0    M    M    M  6.6 17  10   M    M  10        24  10
 6  60  38  49   M  16   0    M    M    M  4.0 13 210   M    M   5        18 210
 7  68  45  57   M   8   0    M    M    M  9.1 13 200   M    M   0        23 210
 8  81  57  69   M   0   4    M    M    M  9.6 16 210   M    M   4        22 210
 9  81  52  67   M   0   2    M    M    M  5.1  8 330   M    M   0         M  M
10  80  56  68   M   0   3    M    M    M  6.5 12 190   M    M   0        21 190
11   M   M   M   M   M   M    M    M    M   M   M   M   M    M   M         M  M
12  61  45  53   M  12   0    M  0.0    M  7.3 13 360   M    M   1        18 340
13  67  40  54   M  11   0    M    M    M  4.2  8  20   M    M   1         M  M
14  76  47  62   M   3   0    M    M    M  6.6  9 260   M    M   0         M  M
15  69  59  64   M   1   0    M    M    M  6.8 13 190   M    M   5        22 190
16  65  35  50   M  15   0    M    M    M 10.6 20  10   M    M   9        29  10
17  54  33  44   M  21   0    M    M    M  6.7 12 360   M    M   5        20 360
18  64  33  49   M  16   0    M    M    M  5.8  9 260   M    M   0        16 160
19  69  44  57   M   8   0    M    M    M  8.7 15 190   M    M   0        25 190
20  74  55  65   M   0   0    M    M    M 13.8 18 190   M    M   9        35 190
21  76  52  64   M   1   0    M    M    M  9.9 15 190   M    M   7        28 190
22  54  34  44   M  21   0    M    M    M 10.1 16  20   M    M  10 1      27  10
23  34  28  31   M  34   0    M    M    M 10.0 15 360   M    M  10 1      25  10
24  35  28  32   M  33   0    M    M    M  3.6  8  10   M    M  10 1       M  M
25  62  34  48   M  17   0 0.00  0.0    0  4.8 14 310   M    M   5 1      21 310
================================================================================
SM 1493 1004       315   9  0.00     0.0 171.8          M      115
================================================================================
AV 62.2 41.8                               7.2 FASTST   M    M   5    MAX(MPH)
                                 MISC ---->    20   M               # 35  190
================================================================================
NOTES:
# LAST OF SEVERAL OCCURRENCES

COLUMN 17 PEAK WIND IN M.P.H.

PRELIMINARY LOCAL CLIMATOLOGICAL DATA (WS FORM: F-6) , PAGE 2

                                          STATION:  LAGO VISTA
                                          MONTH:    FEBRUARY
                                          YEAR:     2015
                                          LATITUDE:   30 30 N
                                          LONGITUDE:  97 58 W

[TEMPERATURE DATA]      [PRECIPITATION DATA]       SYMBOLS USED IN COLUMN 16

AVERAGE MONTHLY: 52.0   TOTAL FOR MONTH:   0.00    1 = FOG OR MIST
DPTR FM NORMAL:     M   DPTR FM NORMAL:       M    2 = FOG REDUCING VISIBILITY
HIGHEST:    81 ON  9, 8 GRTST 24HR  0.00 ON 25-25      TO 1/4 MILE OR LESS
LOWEST:     28 ON 24,23                            3 = THUNDER
                        SNOW, ICE PELLETS, HAIL    4 = ICE PELLETS
                        TOTAL MONTH:   0.0 INCH    5 = HAIL
                        GRTST 24HR     0.0         6 = FREEZING RAIN OR DRIZZLE
                        GRTST DEPTH:   0           7 = DUSTSTORM OR SANDSTORM:
                                                       VSBY 1/2 MILE OR LESS
                                                   8 = SMOKE OR HAZE
[NO. OF DAYS WITH]      [WEATHER - DAYS WITH]      9 = BLOWING SNOW
                                                   X = TORNADO
MAX 32 OR BELOW:   0    0.01 INCH OR MORE:   0
MAX 90 OR ABOVE:   0    0.10 INCH OR MORE:   0
MIN 32 OR BELOW:   3    0.50 INCH OR MORE:   0
MIN  0 OR BELOW:   0    1.00 INCH OR MORE:   0

[HDD (BASE 65) ]
TOTAL THIS MO.   315    CLEAR  (SCALE 0-3)   9
DPTR FM NORMAL     M    PTCLDY (SCALE 4-7)   8
TOTAL FM JUL 1  1460    CLOUDY (SCALE 8-10)  7
DPTR FM NORMAL     M

[CDD (BASE 65) ]
TOTAL THIS MO.     9
DPTR FM NORMAL     M    [PRESSURE DATA]
TOTAL FM JAN 1    14    HIGHEST SLP M ON M
DPTR FM NORMAL     M    LOWEST  SLP M ON M

[REMARKS]
