000
CXUS56 KBOI 050059
CF6BNO
PRELIMINARY LOCAL CLIMATOLOGICAL DATA (WS FORM: F-6)
STATION: BURNS OR
MONTH: OCTOBER
YEAR: 2021
LATITUDE: 43 34 N
LONGITUDE: 118 57 W
TEMPERATURE IN F: :PCPN: SNOW: WIND :SUNSHINE: SKY :PK WND
================================================================================
1 2 3 4 5 6A 6B 7 8 9 10 11 12 13 14 15 16 17 18
12Z AVG MX 2MIN
DY MAX MIN AVG DEP HDD CDD WTR SNW DPTH SPD SPD DIR MIN PSBL S-S WX SPD DR
================================================================================
1 74 32 53 1 12 0 0.00 M M 4.5 10 160 M M 1 16 130
2 77 29 53 2 12 0 0.00 M M 4.7 10 160 M M 0 17 150
3 81 30 56 5 9 0 0.00 M M 3.9 14 220 M M 0 19 220
4 73 37 55 5 10 0 0.00 M M 3.9 10 70 M M 0 14 70
5 78 30 54 4 11 0 T M M 6.9 21 190 M M 1 29 180
6 57 37 47 -3 18 0 T M M 5.9 16 290 M M 6 20 290
7 64 31 48 -1 17 0 T M M 4.2 22 170 M M 6 30 170
8 63 36 50 1 15 0 T M M 5.9 16 330 M M 4 13 21 340
9 64 22 43 -5 22 0 0.00 M M 5.3 12 300 M M 0 18 270
10 64 27 46 -2 19 0 0.00 M M 8.0 22 260 M M 4 35 270
11 47 26 37 -10 28 0 0.00 M M 16.1 33 350 M M M 45 340
12 54 22 38 -9 27 0 0.00 M M 8.3 26 340 M M 3 40 330
13 51 29 40 -7 25 0 0.04 M M 7.7 20 330 M M 7 1 32 280
14 56 22 39 -7 26 0 T M M 5.1 18 280 M M 5 24 280
15 65 18 42 -4 23 0 0.00 M M 3.3 9 310 M M 0 14 90
16 73 24 49 4 16 0 0.00 M M 7.8 20 70 M M 0 25 80
17 69 25 47 2 18 0 0.00 M M 7.6 26 190 M M 3 8 38 180
18 64 36 50 6 15 0 T M M 11.5 24 360 M M 4 32 360
19 66 20 43 -1 22 0 0.00 M M 5.9 16 140 M M 0 22 150
20 63 38 51 7 14 0 0.03 M M 10.5 25 220 M M 8 33 210
21 71 29 50 7 15 0 T M M 9.2 25 200 M M 3 1 36 170
22 62 37 50 7 15 0 0.40 M M 7.9 25 190 M M 8 1 35 200
23 49 33 41 -2 24 0 0.04 M M 4.5 16 230 M M 9 1 22 220
24 53 39 46 4 19 0 0.59 M M 14.8 29 200 M M 7 1 43 200
25 52 37 45 3 20 0 0.02 M M 7.6 21 240 M M 8 1 29 240
26 50 32 41 -1 24 0 0.05 M M 8.1 21 230 M M 8 27 240
27 58 33 46 5 19 0 T M M 6.8 22 260 M M 7 30 250
28 70 38 54 13 11 0 0.00 M M 3.7 16 220 M M 3 25 190
29 64 35 50 9 15 0 0.03 M M 4.6 17 320 M M 5 1 25 270
30 59 37 48 8 17 0 0.02 M M 7.3 16 70 M M 6 1 20 10
31 49 30 40 0 25 0 0.00 M M 3.8 8 70 M M 6 12 13 200
================================================================================
SM 1940 951 563 0 1.22 M 215.3 M 122
================================================================================
AV 62.6 30.7 6.9 FASTST M M 4 MAX(MPH)
MISC ----> 33 350 45 340
================================================================================
NOTES:
# LAST OF SEVERAL OCCURRENCES
COLUMN 17 PEAK WIND IN M.P.H.
PRELIMINARY LOCAL CLIMATOLOGICAL DATA (WS FORM: F-6) , PAGE 2
STATION: BURNS OR
MONTH: OCTOBER
YEAR: 2021
LATITUDE: 43 34 N
LONGITUDE: 118 57 W
[TEMPERATURE DATA] [PRECIPITATION DATA] SYMBOLS USED IN COLUMN 16
AVERAGE MONTHLY: 46.6 TOTAL FOR MONTH: 1.22 1 = FOG OR MIST
DPTR FM NORMAL: 1.0 DPTR FM NORMAL: 0.45 2 = FOG REDUCING VISIBILITY
HIGHEST: 81 ON 3 GRTST 24HR 0.59 ON 23-24 TO 1/4 MILE OR LESS
LOWEST: 18 ON 15 3 = THUNDER
SNOW, ICE PELLETS, HAIL 4 = ICE PELLETS
TOTAL MONTH: M 5 = HAIL
GRTST 24HR M ON M 6 = FREEZING RAIN OR DRIZZLE
GRTST DEPTH: M ON M 7 = DUSTSTORM OR SANDSTORM:
VSBY 1/2 MILE OR LESS
8 = SMOKE OR HAZE
[NO. OF DAYS WITH] [WEATHER - DAYS WITH] 9 = BLOWING SNOW
X = TORNADO
MAX 32 OR BELOW: 0 0.01 INCH OR MORE: 9
MAX 90 OR ABOVE: 0 0.10 INCH OR MORE: 2
MIN 32 OR BELOW: 18 0.50 INCH OR MORE: 1
MIN 0 OR BELOW: 0 1.00 INCH OR MORE: 0
[HDD (BASE 65) ]
TOTAL THIS MO. 563 CLEAR (SCALE 0-3) 11
DPTR FM NORMAL -40 PTCLDY (SCALE 4-7) 17
TOTAL FM JUL 1 886 CLOUDY (SCALE 8-10) 3
DPTR FM NORMAL -40
[CDD (BASE 65) ]
TOTAL THIS MO. 0
DPTR FM NORMAL 0 [PRESSURE DATA]
TOTAL FM JAN 1 609 HIGHEST SLP 30.39 ON 15
DPTR FM NORMAL 307 LOWEST SLP 29.35 ON 24
[REMARKS]
#FINAL-10-21#