000
CXUS53 KUNR 011030
CF6D07
PRELIMINARY LOCAL CLIMATOLOGICAL DATA (WS FORM: F-6)
STATION: FAITH SD
MONTH: JANUARY
YEAR: 2023
LATITUDE: 45 1 N
LONGITUDE: 102 1 W
TEMPERATURE IN F: :PCPN: SNOW: WIND :SUNSHINE: SKY :PK WND
================================================================================
1 2 3 4 5 6A 6B 7 8 9 10 11 12 13 14 15 16 17 18
12Z AVG MX 2MIN
DY MAX MIN AVG DEP HDD CDD WTR SNW DPTH SPD SPD DIR MIN PSBL S-S WX SPD DR
================================================================================
1 37 24 31 11 34 0 0.00 M M 6.7 16 280 M M M 22 270
2 31 23 27 7 38 0 0.00 M M 4.3 9 340 M M M 10 340
3 29 13 21 1 44 0 0.00 M M 6.7 10 330 M M M 13 330
4 29 12 21 1 44 0 0.00 M M 7.6 13 290 M M M 15 330
5 34 15 25 5 40 0 0.00 M M 6.8 13 300 M M M 16 300
6 25 3 14 -6 51 0 0.00 M M 2.9 13 200 M M M 16 200
7 25 8 17 -3 48 0 0.00 M M 10.3 13 200 M M M M M
8 33 16 25 5 40 0 0.00 M M 6.0 13 160 M M M 15 150
9 41 20 31 11 34 0 0.00 M M 11.3 22 290 M M M 29 300
10 34 22 28 8 37 0 0.00 M M 6.3 14 300 M M M 17 310
11 28 18 23 3 42 0 0.00 M M 9.9 18 350 M M M 22 360
12 25 18 22 2 43 0 0.00 M M 7.6 18 170 M M M 23 180
13 32 18 25 5 40 0 0.00 M M 13.1 20 170 M M M 24 170
14 48 26 37 17 28 0 0.00 M M 12.0 18 180 M M M 20 290
15 44 32 38 18 27 0 0.00 M M 4.9 12 180 M M M 13 180
16 32 23 28 9 37 0 0.01 M M 11.5 16 10 M M M 21 10
17 27 22 25 6 40 0 0.00 M M 5.2 10 20 M M 0 12 20
18 27 22 25 6 40 0 0.00 M M 3.8 12 170 M M M 15 150
19 36 27 32 13 33 0 0.00 M M 6.6 14 290 M M M 17 290
20 35 19 27 8 38 0 0.00 M M 6.9 14 330 M M M 18 320
21 38 20 29 10 36 0 0.00 M M 10.3 20 330 M M M 29 280
22 40 15 28 9 37 0 0.00 M M 9.8 25 300 M M M 33 310
23 37 21 29 10 36 0 0.00 M M 15.5 31 330 M M M 40 330
24 38 22 30 11 35 0 0.00 M M 17.2 25 320 M M M 33 350
25 31 17 24 4 41 0 0.04 M M 11.5 25 350 M M M 32 350
26 38 21 30 10 35 0 0.06 M M 17.7 41 320 M M M 53 320
27 35 20 28 8 37 0 0.05 M M 12.6 39 330 M M M 53 330
28 20 -2 9 -11 56 0 0.01 M M 14.0 21 10 M M M 26 10
29 5 -10 -2 -22 67 0 0.01 M M 10.4 22 320 M M M 27 330
30 4 -14 -5 -25 70 0 0.00 M M 11.8 18 210 M M M 22 210
31 22 -3 10 -10 55 0 0.00 M M 10.7 17 230 M M M 20 230
================================================================================
SM 960 488 1283 0 0.18 M 291.9 M 0
================================================================================
AV 31.0 15.7 9.4 FASTST M M 0 MAX(MPH)
MISC ----> 41 320 # 53 320
================================================================================
NOTES:
# LAST OF SEVERAL OCCURRENCES
COLUMN 17 PEAK WIND IN M.P.H.
PRELIMINARY LOCAL CLIMATOLOGICAL DATA (WS FORM: F-6) , PAGE 2
STATION: FAITH SD
MONTH: JANUARY
YEAR: 2023
LATITUDE: 45 1 N
LONGITUDE: 102 1 W
[TEMPERATURE DATA] [PRECIPITATION DATA] SYMBOLS USED IN COLUMN 16
AVERAGE MONTHLY: 23.4 TOTAL FOR MONTH: 0.18 1 = FOG OR MIST
DPTR FM NORMAL: 3.8 DPTR FM NORMAL: -0.20 2 = FOG REDUCING VISIBILITY
HIGHEST: 48 ON 14 GRTST 24HR 0.54 ON 2- 3 TO 1/4 MILE OR LESS
LOWEST: -14 ON 30 3 = THUNDER
SNOW, ICE PELLETS, HAIL 4 = ICE PELLETS
TOTAL MONTH: M 5 = HAIL
GRTST 24HR M ON M 6 = FREEZING RAIN OR DRIZZLE
GRTST DEPTH: M ON M 7 = DUSTSTORM OR SANDSTORM:
VSBY 1/2 MILE OR LESS
8 = SMOKE OR HAZE
[NO. OF DAYS WITH] [WEATHER - DAYS WITH] 9 = BLOWING SNOW
X = TORNADO
MAX 32 OR BELOW: 16 0.01 INCH OR MORE: 6
MAX 90 OR ABOVE: 0 0.10 INCH OR MORE: 0
MIN 32 OR BELOW: 31 0.50 INCH OR MORE: 0
MIN 0 OR BELOW: 4 1.00 INCH OR MORE: 0
[HDD (BASE 65) ]
TOTAL THIS MO. 1283 CLEAR (SCALE 0-3) 1
DPTR FM NORMAL -124 PTCLDY (SCALE 4-7) 0
TOTAL FM JUL 1 4442 CLOUDY (SCALE 8-10) 30
DPTR FM NORMAL 6
[CDD (BASE 65) ]
TOTAL THIS MO. 0
DPTR FM NORMAL 0 [PRESSURE DATA]
TOTAL FM JAN 1 0 HIGHEST SLP M ON M
DPTR FM NORMAL 0 LOWEST SLP 29.50 ON 15
[REMARKS]
#FINAL-01-23#