000
CXUS53 KUNR 071513
CF6D07
PRELIMINARY LOCAL CLIMATOLOGICAL DATA (WS FORM: F-6)
STATION: FAITH SD
MONTH: JUNE
YEAR: 2022
LATITUDE: 45 1 N
LONGITUDE: 102 1 W
TEMPERATURE IN F: :PCPN: SNOW: WIND :SUNSHINE: SKY :PK WND
================================================================================
1 2 3 4 5 6A 6B 7 8 9 10 11 12 13 14 15 16 17 18
12Z AVG MX 2MIN
DY MAX MIN AVG DEP HDD CDD WTR SNW DPTH SPD SPD DIR MIN PSBL S-S WX SPD DR
================================================================================
1 68 40 54 -6 11 0 0.00 M M 7.2 16 310 M M M 23 300
2 71 44 58 -3 7 0 0.00 M M 10.9 26 320 M M M 35 320
3 72 44 58 -3 7 0 0.00 M M 9.1 21 170 M M M 28 150
4 67 48 58 -3 7 0 0.00 M M 9.2 17 90 M M M 24 120
5 65 55 60 -2 5 0 0.20 M M 10.3 20 120 M M M 26 130
6 57 49 53 -9 12 0 0.19 M M 8.5 21 80 M M M 28 80
7 68 48 58 -4 7 0 0.17 M M 5.4 29 290 M M M 39 290
8 69 48 59 -4 6 0 0.00 M M 7.7 18 310 M M M 24 300
9 74 55 65 2 0 0 0.00 M M 8.3 16 90 M M M 21 140
10 79 64 72 8 0 7 0.00 M M 9.7 14 180 M M M 20 190
11 82 61 72 8 0 7 0.09 M M 10.1 18 320 M M M 23 330
12 82 56 69 5 0 4 0.31 M M 11.7 56 300 M M M 77 300
13 79 59 69 5 0 4 0.00 M M 11.6 33 330 M M M 45 320
14 M M M M M M M M M M M M M M M M M
15 M M M M M M 0.00 M M M M M M M M M M
16 79 58 69 3 0 4 0.00 M M M 17 280 M M M 23 260
17 86 58 72 6 0 7 0.00 M M 17.9 31 140 M M M 45 130
18 99 67 83 17 0 18 0.00 M M 17.3 31 170 M M M 42 220
19 95 67 81 14 0 16 0.00 M M 13.2 29 300 M M M 41 310
20 77 53 65 -2 0 0 0.71 M M 11.5 30 310 M M M 41 310
21 74 52 63 -4 2 0 0.00 M M 14.8 29 290 M M M 39 300
22 85 52 69 1 0 4 0.00 M M 10.4 21 180 M M M 29 210
23 91 56 74 6 0 9 0.00 M M 8.0 17 50 M M M 23 60
24 86 56 71 3 0 6 0.00 M M 11.8 32 350 M M M 43 360
25 71 48 60 -9 5 0 0.00 M M 19.2 37 300 M M M 53 300
26 75 46 61 -8 4 0 0.00 M M 9.3 18 320 M M M 24 300
27 87 49 68 -1 0 3 0.00 M M 11.1 17 310 M M M 25 300
28 91 54 73 3 0 8 0.00 M M 8.6 20 150 M M M 28 140
29 101 64 83 13 0 18 0.00 M M 13.0 43 300 M M M 67 300
30 83 57 70 0 0 5 0.00 M M 11.3 23 330 M M M 32 340
================================================================================
SM 2213 1508 73 120 1.67 M 297.1 M M
================================================================================
AV 79.0 53.9 11.0 FASTST M M M MAX(MPH)
MISC ----> 56 300 77 300
================================================================================
NOTES:
# LAST OF SEVERAL OCCURRENCES
COLUMN 17 PEAK WIND IN M.P.H.
PRELIMINARY LOCAL CLIMATOLOGICAL DATA (WS FORM: F-6) , PAGE 2
STATION: FAITH SD
MONTH: JUNE
YEAR: 2022
LATITUDE: 45 1 N
LONGITUDE: 102 1 W
[TEMPERATURE DATA] [PRECIPITATION DATA] SYMBOLS USED IN COLUMN 16
AVERAGE MONTHLY: 66.4 TOTAL FOR MONTH: 1.67 1 = FOG OR MIST
DPTR FM NORMAL: 1.1 DPTR FM NORMAL: -1.01 2 = FOG REDUCING VISIBILITY
HIGHEST: 101 ON 29 GRTST 24HR 0.71 ON 20-20 TO 1/4 MILE OR LESS
LOWEST: 40 ON 1 3 = THUNDER
SNOW, ICE PELLETS, HAIL 4 = ICE PELLETS
TOTAL MONTH: M 5 = HAIL
GRTST 24HR M ON M 6 = FREEZING RAIN OR DRIZZLE
GRTST DEPTH: M ON M 7 = DUSTSTORM OR SANDSTORM:
VSBY 1/2 MILE OR LESS
8 = SMOKE OR HAZE
[NO. OF DAYS WITH] [WEATHER - DAYS WITH] 9 = BLOWING SNOW
X = TORNADO
MAX 32 OR BELOW: 0 0.01 INCH OR MORE: 6
MAX 90 OR ABOVE: 5 0.10 INCH OR MORE: 5
MIN 32 OR BELOW: 0 0.50 INCH OR MORE: 1
MIN 0 OR BELOW: 0 1.00 INCH OR MORE: 0
[HDD (BASE 65) ]
TOTAL THIS MO. 73 CLEAR (SCALE 0-3) 0
DPTR FM NORMAL -9 PTCLDY (SCALE 4-7) 0
TOTAL FM JUL 1 7291 CLOUDY (SCALE 8-10) 30
DPTR FM NORMAL -340
[CDD (BASE 65) ]
TOTAL THIS MO. 120
DPTR FM NORMAL 28 [PRESSURE DATA]
TOTAL FM JAN 1 124 HIGHEST SLP M ON M
DPTR FM NORMAL 18 LOWEST SLP 29.46 ON 12
[REMARKS]
#FINAL-06-22#