000
CXUS51 KOKX 011010
CF6EWR
PRELIMINARY LOCAL CLIMATOLOGICAL DATA (WS FORM: F-6)
STATION: NEWARK NJ
MONTH: NOVEMBER
YEAR: 2021
LATITUDE: 40 42 N
LONGITUDE: 74 10 W
TEMPERATURE IN F: :PCPN: SNOW: WIND :SUNSHINE: SKY :PK WND
================================================================================
1 2 3 4 5 6A 6B 7 8 9 10 11 12 13 14 15 16 17 18
12Z AVG MX 2MIN
DY MAX MIN AVG DEP HDD CDD WTR SNW DPTH SPD SPD DIR MIN PSBL S-S WX SPD DR
================================================================================
1 64 50 57 5 8 0 0.00 0.0 0 9.3 24 290 M M 4 28 310
2 56 44 50 -1 15 0 T 0.0 0 7.3 18 230 M M 9 22 250
3 56 39 48 -3 17 0 0.00 0.0 0 8.1 20 300 M M 3 27 300
4 54 36 45 -6 20 0 0.00 0.0 0 6.5 13 340 M M 7 16 330
5 55 36 46 -4 19 0 0.00 0.0 0 7.3 16 350 M M 2 24 360
6 56 34 45 -5 20 0 0.00 0.0 0 4.7 10 20 M M 2 13 30
7 57 35 46 -4 19 0 0.00 0.0 0 5.5 9 10 M M 7 13 340
8 68 43 56 7 9 0 0.00 0.0 0 6.3 18 350 M M 2 23 360
9 74 44 59 10 6 0 0.00 0.0 0 5.2 15 250 M M 1 19 250
10 69 46 58 9 7 0 T 0.0 0 8.1 28 340 M M 4 33 330
11 64 41 53 5 12 0 0.00 0.0 0 8.1 20 120 M M 7 30 110
12 69 48 59 11 6 0 0.41 0.0 0 11.3 29 210 M M 7 1 36 130
13 66 40 53 5 12 0 0.31 0.0 0 10.0 41 270 M M 3 3 52 270
14 48 35 42 -5 23 0 T 0.0 0 9.8 22 230 M M 6 26 220
15 51 38 45 -2 20 0 0.01 0.0 0 11.8 29 290 M M 7 39 280
16 52 36 44 -3 21 0 0.00 0.0 0 10.1 18 250 M M 2 24 270
17 59 34 47 1 18 0 0.00 0.0 0 4.1 14 140 M M 6 20 130
18 72 47 60 14 5 0 0.03 0.0 0 8.5 30 290 M M 4 35 310
19 51 41 46 0 19 0 0.01 0.0 0 14.9 29 310 M M 4 38 300
20 49 33 41 -5 24 0 0.00 0.0 0 6.1 12 190 M M 5 16 160
21 57 42 50 5 15 0 0.01 0.0 0 6.4 16 210 M M 9 21 210
22 55 37 46 1 19 0 0.01 0.0 0 11.5 24 330 M M 8 30 350
23 46 34 40 -4 25 0 0.00 0.0 0 12.8 26 300 M M 3 34 290
24 48 32 40 -4 25 0 0.00 0.0 0 9.4 17 320 M M 3 24 310
25 59 34 47 3 18 0 T 0.0 0 5.7 12 230 M M 7 17 250
26 48 38 43 -1 22 0 0.09 0.0 0 14.7 29 280 M M 9 1 36 260
27 43 36 40 -3 25 0 0.00 0.0 0 15.3 30 290 M M 7 37 280
28 42 33 38 -5 27 0 T 0.1 T 3.9 17 240 M M 9 19 240
29 47 33 40 -3 25 0 T T 0 10.4 24 330 M M 6 33 300
30 42 27 35 -7 30 0 T T 0 6.5 18 240 M M 7 24 250
================================================================================
SM 1677 1146 531 0 0.88 0.1 259.6 M 160
================================================================================
AV 55.9 38.2 8.7 FASTST M M 5 MAX(MPH)
MISC ----> 41 270 52 270
================================================================================
NOTES:
# LAST OF SEVERAL OCCURRENCES
COLUMN 17 PEAK WIND IN M.P.H.
PRELIMINARY LOCAL CLIMATOLOGICAL DATA (WS FORM: F-6) , PAGE 2
STATION: NEWARK NJ
MONTH: NOVEMBER
YEAR: 2021
LATITUDE: 40 42 N
LONGITUDE: 74 10 W
[TEMPERATURE DATA] [PRECIPITATION DATA] SYMBOLS USED IN COLUMN 16
AVERAGE MONTHLY: 47.1 TOTAL FOR MONTH: 0.88 1 = FOG OR MIST
DPTR FM NORMAL: 0.1 DPTR FM NORMAL: -2.45 2 = FOG REDUCING VISIBILITY
HIGHEST: 74 ON 9 GRTST 24HR 0.41 ON 12-12 TO 1/4 MILE OR LESS
LOWEST: 27 ON 30 3 = THUNDER
SNOW, ICE PELLETS, HAIL 4 = ICE PELLETS
TOTAL MONTH: 0.1 INCH 5 = HAIL
GRTST 24HR 0.1 ON 28-28 6 = FREEZING RAIN OR DRIZZLE
GRTST DEPTH: T 7 = DUSTSTORM OR SANDSTORM:
VSBY 1/2 MILE OR LESS
8 = SMOKE OR HAZE
[NO. OF DAYS WITH] [WEATHER - DAYS WITH] 9 = BLOWING SNOW
X = TORNADO
MAX 32 OR BELOW: 0 0.01 INCH OR MORE: 8
MAX 90 OR ABOVE: 0 0.10 INCH OR MORE: 2
MIN 32 OR BELOW: 2 0.50 INCH OR MORE: 0
MIN 0 OR BELOW: 0 1.00 INCH OR MORE: 0
[HDD (BASE 65) ]
TOTAL THIS MO. 531 CLEAR (SCALE 0-3) 9
DPTR FM NORMAL -11 PTCLDY (SCALE 4-7) 17
TOTAL FM JUL 1 609 CLOUDY (SCALE 8-10) 4
DPTR FM NORMAL -220
[CDD (BASE 65) ]
TOTAL THIS MO. 0
DPTR FM NORMAL -1 [PRESSURE DATA]
TOTAL FM JAN 1 1663 HIGHEST SLP M ON M
DPTR FM NORMAL 393 LOWEST SLP 29.56 ON 13
[REMARKS]
#FINAL-11-21#