000
CXUS54 KFWD 010831
CF6PSN
PRELIMINARY LOCAL CLIMATOLOGICAL DATA (WS FORM: F-6)
STATION: PALESTINE
MONTH: FEBRUARY
YEAR: 2023
LATITUDE: 31 46 N
LONGITUDE: 95 42 W
TEMPERATURE IN F: :PCPN: SNOW: WIND :SUNSHINE: SKY :PK WND
================================================================================
1 2 3 4 5 6A 6B 7 8 9 10 11 12 13 14 15 16 17 18
12Z AVG MX 2MIN
DY MAX MIN AVG DEP HDD CDD WTR SNW DPTH SPD SPD DIR MIN PSBL S-S WX SPD DR
================================================================================
1 30 28 29 -18 36 0 0.16 M M 13.8 15 360 M M 10 16 18 M
2 37 36 37 -10 28 0 0.02 M M 12.7 14 340 M M 10 1 20 M
3 57 34 46 -1 19 0 0.00 M M 5.4 10 M M M 4 1 13 99
4 61 32 47 -1 18 0 0.00 M M 7.8 16 200 M M 2 20 170
5 72 43 58 10 7 0 0.00 M M 5.2 13 230 M M 5 12 16 190
6 73 54 64 16 1 0 0.00 M M 12.0 21 190 M M 8 31 190
7 68 59 64 16 1 0 0.07 M M 7.4 9 110 M M 9 1 16 140
8 66 37 52 4 13 0 1.15 M M 8.1 22 M M M 10 13 30 M
9 68 34 51 3 14 0 0.00 M M 5.1 10 200 M M 3 12 15 180
10 50 39 45 -3 20 0 0.03 M M 10.9 18 340 M M 9 1 27 340
11 52 34 43 -6 22 0 0.00 M M 9.4 13 340 M M 7 16 340
12 66 30 48 -1 17 0 0.00 M M 4.5 9 210 M M 0 1 15 200
13 68 39 54 5 11 0 0.00 M M 5.4 13 210 M M 2 8 15 210
14 77 52 65 16 0 0 0.17 M M 10.7 24 310 M M 5 1 33 310
15 77 55 66 17 0 1 0.00 M M 8.5 15 180 M M 6 18 23 150
16 72 37 55 5 10 0 0.05 M M 14.0 17 320 M M 8 1 30 320
17 52 30 41 -9 24 0 0.00 M M 11.9 17 360 M M 2 23 350
18 54 27 41 -9 24 0 0.00 M M 6.2 13 230 M M 3 18 230
19 70 45 58 8 7 0 0.00 M M 8.9 14 230 M M 4 20 200
20 82 61 72 22 0 7 0.00 M M 12.2 20 230 M M 3 33 230
21 82 63 73 22 0 8 0.00 M M 12.5 21 190 M M 4 1 29 190
22 81 59 70 19 0 5 0.25 M M 7.9 18 180 M M 6 128 28 180
23 75 55 65 14 0 0 0.00 M M 10.1 16 360 M M 6 18 21 30
24 68 55 62 10 3 0 0.00 M M 6.1 13 270 M M 10 13 310
25 61 50 56 4 9 0 0.00 M M 4.8 8 350 M M 9 1 12 350
26 81 55 68 16 0 3 0.00 M M 8.8 18 170 M M 9 18 24 180
27 75 48 62 10 3 0 0.00 M M 8.7 20 220 M M 4 8 28 220
28 84 46 65 13 0 0 0.00 M M 5.5 10 200 M M 2 18 200
================================================================================
SM 1859 1237 287 24 1.90 M 244.5 M 160
================================================================================
AV 66.4 44.2 8.7 FASTST M M 6 MAX(MPH)
MISC ----> 24 310 # 33 310
================================================================================
NOTES:
# LAST OF SEVERAL OCCURRENCES
COLUMN 17 PEAK WIND IN M.P.H.
PRELIMINARY LOCAL CLIMATOLOGICAL DATA (WS FORM: F-6) , PAGE 2
STATION: PALESTINE
MONTH: FEBRUARY
YEAR: 2023
LATITUDE: 31 46 N
LONGITUDE: 95 42 W
[TEMPERATURE DATA] [PRECIPITATION DATA] SYMBOLS USED IN COLUMN 16
AVERAGE MONTHLY: 55.3 TOTAL FOR MONTH: 1.90 1 = FOG OR MIST
DPTR FM NORMAL: 5.8 DPTR FM NORMAL: -2.00 2 = FOG REDUCING VISIBILITY
HIGHEST: 84 ON 28 GRTST 24HR 1.15 ON 8- 8 TO 1/4 MILE OR LESS
LOWEST: 27 ON 18 3 = THUNDER
SNOW, ICE PELLETS, HAIL 4 = ICE PELLETS
TOTAL MONTH: M 5 = HAIL
GRTST 24HR M ON M 6 = FREEZING RAIN OR DRIZZLE
GRTST DEPTH: M ON M 7 = DUSTSTORM OR SANDSTORM:
VSBY 1/2 MILE OR LESS
8 = SMOKE OR HAZE
[NO. OF DAYS WITH] [WEATHER - DAYS WITH] 9 = BLOWING SNOW
X = TORNADO
MAX 32 OR BELOW: 1 0.01 INCH OR MORE: 8
MAX 90 OR ABOVE: 0 0.10 INCH OR MORE: 4
MIN 32 OR BELOW: 5 0.50 INCH OR MORE: 1
MIN 0 OR BELOW: 0 1.00 INCH OR MORE: 1
[HDD (BASE 65) ]
TOTAL THIS MO. 287 CLEAR (SCALE 0-3) 6
DPTR FM NORMAL -153 PTCLDY (SCALE 4-7) 13
TOTAL FM JUL 1 1507 CLOUDY (SCALE 8-10) 9
DPTR FM NORMAL -463
[CDD (BASE 65) ]
TOTAL THIS MO. 24
DPTR FM NORMAL 18 [PRESSURE DATA]
TOTAL FM JAN 1 38 HIGHEST SLP M ON M
DPTR FM NORMAL 35 LOWEST SLP M ON M
[REMARKS]
#FINAL-02-23#