000
CXUS54 KFWD 010730
CF6PSN
PRELIMINARY LOCAL CLIMATOLOGICAL DATA (WS FORM: F-6)
STATION: PALESTINE
MONTH: MARCH
YEAR: 2020
LATITUDE: 31 46 N
LONGITUDE: 95 42 W
TEMPERATURE IN F: :PCPN: SNOW: WIND :SUNSHINE: SKY :PK WND
================================================================================
1 2 3 4 5 6A 6B 7 8 9 10 11 12 13 14 15 16 17 18
12Z AVG MX 2MIN
DY MAX MIN AVG DEP HDD CDD WTR SNW DPTH SPD SPD DIR MIN PSBL S-S WX SPD DR
================================================================================
1 71 58 65 12 0 0 0.00 0.0 0 9.8 13 150 M M 8 22 160
2 73 65 69 16 0 4 0.00 0.0 0 7.0 13 180 M M 8 18 180
3 72 64 68 15 0 3 M 0.0 0 3.2 8 60 M M 5 1 M M
4 67 52 60 6 5 0 1.97 0.0 0 13.3 23 50 M M 10 41 50
5 72 48 60 6 5 0 0.00 0.0 0 6.8 14 340 M M 3 20 340
6 68 40 54 0 11 0 0.00 0.0 0 6.0 13 20 M M 0 23 20
7 63 46 55 1 10 0 0.00 0.0 0 5.9 9 110 M M 1 M M
8 71 46 59 5 6 0 0.00 0.0 0 8.0 13 150 M M 1 21 150
9 66 60 63 8 2 0 0.03 0.0 0 7.3 12 140 M M 9 1 18 140
10 77 59 68 13 0 3 0.00 0.0 0 3.6 9 170 M M 4 1 M M
11 79 61 70 15 0 5 0.00 0.0 0 7.5 14 210 M M 4 1 17 210
12 83 66 75 19 0 10 0.00 0.0 0 8.6 13 170 M M 5 18 210
13 81 67 74 18 0 9 0.00 0.0 0 6.5 15 170 M M 6 20 170
14 79 65 72 16 0 7 0.00 0.0 0 7.0 15 160 M M 8 23 150
15 73 56 65 9 0 0 0.00 0.0 0 6.6 10 50 M M 7 1 M M
16 71 55 63 7 2 0 0.00 0.0 0 3.7 8 120 M M 7 18 M M
17 80 62 71 14 0 6 0.59 0.0 0 5.7 9 130 M M 8 1 M M
18 78 68 73 16 0 8 0.00 0.0 0 7.7 12 150 M M 7 20 150
19 78 69 74 17 0 9 0.03 0.0 0 6.4 14 180 M M 7 1 21 180
20 72 48 60 2 5 0 0.97 0.0 0 6.9 12 320 M M 10 23 330
21 57 45 51 -7 14 0 0.96 0.0 0 7.1 12 60 M M 10 18 70
22 62 52 57 -1 8 0 0.11 0.0 0 1.8 10 120 M M 10 1 17 90
23 78 62 70 12 0 5 0.13 0.0 0 2.6 8 160 M M 9 1 M M
24 83 56 70 12 0 5 0.00 0.0 0 7.6 15 200 M M 5 1 23 160
25 85 50 68 9 0 3 0.00 0.0 0 3.6 10 200 M M 0 M M
26 83 65 74 15 0 9 0.00 0.0 0 8.6 13 200 M M 3 1 17 170
27 86 69 78 19 0 13 0.00 0.0 0 8.7 15 180 M M 4 22 180
28 75 50 63 4 2 0 0.33 0.0 0 4.6 15 300 M M 6 1 28 300
29 74 46 60 0 5 0 0.00 0.0 0 2.3 7 60 M M 3 128 M M
30 65 59 62 2 3 0 0.70 0.0 0 7.0 17 70 M M 10 23 70
31 65 49 57 -3 8 0 0.00 0.0 0 7.3 17 350 M M 7 1 23 330
================================================================================
SM 2287 1758 86 99 5.82 0.0 198.7 M 185
================================================================================
AV 73.8 56.7 6.4 FASTST M M 6 MAX(MPH)
MISC ----> # 23 50 # 41 50
================================================================================
NOTES:
# LAST OF SEVERAL OCCURRENCES
COLUMN 17 PEAK WIND IN M.P.H.
PRELIMINARY LOCAL CLIMATOLOGICAL DATA (WS FORM: F-6) , PAGE 2
STATION: PALESTINE
MONTH: MARCH
YEAR: 2020
LATITUDE: 31 46 N
LONGITUDE: 95 42 W
[TEMPERATURE DATA] [PRECIPITATION DATA] SYMBOLS USED IN COLUMN 16
AVERAGE MONTHLY: 65.2 TOTAL FOR MONTH: 5.82 1 = FOG OR MIST
DPTR FM NORMAL: 8.7 DPTR FM NORMAL: 1.93 2 = FOG REDUCING VISIBILITY
HIGHEST: 86 ON 27 GRTST 24HR 1.97 ON 4- 4 TO 1/4 MILE OR LESS
LOWEST: 40 ON 6 3 = THUNDER
SNOW, ICE PELLETS, HAIL 4 = ICE PELLETS
TOTAL MONTH: 0.0 INCH 5 = HAIL
GRTST 24HR 0.0 6 = FREEZING RAIN OR DRIZZLE
GRTST DEPTH: 0 7 = DUSTSTORM OR SANDSTORM:
VSBY 1/2 MILE OR LESS
8 = SMOKE OR HAZE
[NO. OF DAYS WITH] [WEATHER - DAYS WITH] 9 = BLOWING SNOW
X = TORNADO
MAX 32 OR BELOW: 0 0.01 INCH OR MORE: 10
MAX 90 OR ABOVE: 0 0.10 INCH OR MORE: 8
MIN 32 OR BELOW: 0 0.50 INCH OR MORE: 5
MIN 0 OR BELOW: 0 1.00 INCH OR MORE: 1
[HDD (BASE 65) ]
TOTAL THIS MO. 86 CLEAR (SCALE 0-3) 6
DPTR FM NORMAL -200 PTCLDY (SCALE 4-7) 18
TOTAL FM JUL 1 1751 CLOUDY (SCALE 8-10) 7
DPTR FM NORMAL -504
[CDD (BASE 65) ]
TOTAL THIS MO. 99
DPTR FM NORMAL 78 [PRESSURE DATA]
TOTAL FM JAN 1 110 HIGHEST SLP M ON M
DPTR FM NORMAL 80 LOWEST SLP M ON M
[REMARKS]
#FINAL-03-20#