000
CXUS56 KSGX 011045
CF6SNA
PRELIMINARY LOCAL CLIMATOLOGICAL DATA (WS FORM: F-6)
STATION: JOHN WAYNE AIRPORT CA
MONTH: APRIL
YEAR: 2023
LATITUDE: 33 40 N
LONGITUDE: 117 53 W
TEMPERATURE IN F: :PCPN: SNOW: WIND :SUNSHINE: SKY :PK WND
================================================================================
1 2 3 4 5 6A 6B 7 8 9 10 11 12 13 14 15 16 17 18
12Z AVG MX 2MIN
DY MAX MIN AVG DEP HDD CDD WTR SNW DPTH SPD SPD DIR MIN PSBL S-S WX SPD DR
================================================================================
1 68 49 59 -2 6 0 0.00 M M 4.8 14 210 M M 1 17 220
2 63 50 57 -4 8 0 0.00 M M 6.7 15 200 M M 4 18 21 220
3 64 54 59 -2 6 0 T M M 9.2 20 320 M M 5 8 27 290
4 65 51 58 -3 7 0 0.00 M M 7.4 17 230 M M 1 25 220
5 66 48 57 -5 8 0 0.00 M M 3.1 13 220 M M 2 17 210
6 73 50 62 0 3 0 0.00 M M 4.3 15 210 M M 1 20 220
7 70 54 62 0 3 0 0.00 M M 4.7 13 200 M M 4 17 200
8 66 54 60 -2 5 0 0.00 M M 4.0 13 210 M M 4 1 16 220
9 68 53 61 -1 4 0 0.00 M M 4.5 12 220 M M 7 1 14 230
10 69 51 60 -2 5 0 0.00 M M 4.8 15 190 M M 8 18 20 200
11 65 54 60 -2 5 0 0.00 M M 6.0 14 220 M M 8 18 19 200
12 62 56 59 -3 6 0 0.00 M M 6.9 14 190 M M 10 18 17 200
13 60 54 57 -5 8 0 0.04 M M 7.7 18 160 M M 9 18 23 190
14 64 54 59 -3 6 0 T M M 6.4 14 200 M M 7 19 190
15 69 51 60 -2 5 0 0.00 M M 3.5 14 220 M M 1 18 210
16 66 54 60 -3 5 0 0.00 M M 3.7 12 230 M M 6 19 210
17 64 56 60 -3 5 0 0.00 M M 5.2 14 190 M M 9 17 200
18 65 55 60 -3 5 0 0.00 M M 6.6 16 190 M M 6 22 190
19 67 53 60 -3 5 0 0.00 M M 5.8 16 190 M M 2 22 190
20 77 53 65 2 0 0 0.00 M M 3.5 14 220 M M 1 18 230
21 86 58 72 9 0 7 0.00 M M 3.6 13 210 M M 0 17 190
22 80 60 70 7 0 5 0.00 M M 5.3 13 200 M M 2 16 210
23 68 59 64 1 1 0 0.00 M M 7.6 17 200 M M 4 21 200
24 68 59 64 1 1 0 0.00 M M 6.5 13 190 M M 8 16 220
25 68 60 64 0 1 0 0.00 M M 5.5 14 200 M M 7 8 19 200
26 71 58 65 1 0 0 0.00 M M 4.2 13 180 M M 5 1 16 170
27 67 58 63 -1 2 0 0.00 M M 5.2 12 200 M M 8 18 16 220
28 68 57 63 -1 2 0 0.00 M M 5.6 13 210 M M 6 1 21 170
29 71 57 64 0 1 0 0.00 M M 4.9 14 210 M M 8 18 18 210
30 63 58 61 -3 4 0 T M M 7.0 15 180 M M 10 18 20 180
================================================================================
SM 2041 1638 117 12 0.04 M 164.2 M 154
================================================================================
AV 68.0 54.6 5.5 FASTST M M 5 MAX(MPH)
MISC ----> 20 320 27 290
================================================================================
NOTES:
# LAST OF SEVERAL OCCURRENCES
COLUMN 17 PEAK WIND IN M.P.H.
PRELIMINARY LOCAL CLIMATOLOGICAL DATA (WS FORM: F-6) , PAGE 2
STATION: JOHN WAYNE AIRPORT CA
MONTH: APRIL
YEAR: 2023
LATITUDE: 33 40 N
LONGITUDE: 117 53 W
[TEMPERATURE DATA] [PRECIPITATION DATA] SYMBOLS USED IN COLUMN 16
AVERAGE MONTHLY: 61.3 TOTAL FOR MONTH: 0.04 1 = FOG OR MIST
DPTR FM NORMAL: -1.3 DPTR FM NORMAL: -0.48 2 = FOG REDUCING VISIBILITY
HIGHEST: 86 ON 21 GRTST 24HR 0.04 ON 13-13 TO 1/4 MILE OR LESS
LOWEST: 48 ON 5 3 = THUNDER
SNOW, ICE PELLETS, HAIL 4 = ICE PELLETS
TOTAL MONTH: M 5 = HAIL
GRTST 24HR M ON M 6 = FREEZING RAIN OR DRIZZLE
GRTST DEPTH: M ON M 7 = DUSTSTORM OR SANDSTORM:
VSBY 1/2 MILE OR LESS
8 = SMOKE OR HAZE
[NO. OF DAYS WITH] [WEATHER - DAYS WITH] 9 = BLOWING SNOW
X = TORNADO
MAX 32 OR BELOW: 0 0.01 INCH OR MORE: 1
MAX 90 OR ABOVE: 0 0.10 INCH OR MORE: 0
MIN 32 OR BELOW: 0 0.50 INCH OR MORE: 0
MIN 0 OR BELOW: 0 1.00 INCH OR MORE: 0
[HDD (BASE 65) ]
TOTAL THIS MO. 117 CLEAR (SCALE 0-3) 9
DPTR FM NORMAL 18 PTCLDY (SCALE 4-7) 16
TOTAL FM JUL 1 1149 CLOUDY (SCALE 8-10) 5
DPTR FM NORMAL 97
[CDD (BASE 65) ]
TOTAL THIS MO. 12
DPTR FM NORMAL -13 [PRESSURE DATA]
TOTAL FM JAN 1 12 HIGHEST SLP 30.15 ON 9
DPTR FM NORMAL -37 LOWEST SLP 29.77 ON 23
[REMARKS]
#FINAL-04-23#