000
CXUS54 KLCH 300011
CF6BPT
PRELIMINARY LOCAL CLIMATOLOGICAL DATA (WS FORM: F-6)

                                          STATION:   BEAUMONT PORT ARTHUR
                                          MONTH:     JULY
                                          YEAR:      2015
                                          LATITUDE:   29 57 N
                                          LONGITUDE:  94  1 W

  TEMPERATURE IN F:       :PCPN:    SNOW:  WIND      :SUNSHINE: SKY     :PK WND
================================================================================
1   2   3   4   5  6A  6B    7    8   9   10  11  12  13   14  15   16   17  18
                                     12Z  AVG MX 2MIN
DY MAX MIN AVG DEP HDD CDD  WTR  SNW DPTH SPD SPD DIR MIN PSBL S-S WX    SPD DR
================================================================================

 1  91  69  80  -2   0  15 0.32  0.0    0  5.9 26 260   M    M   3 138    40 270
 2  91  74  83   0   0  18    T  0.0    0  6.4 16 200   M    M   1        21 190
 3  93  75  84   1   0  19    T  0.0    0  7.0 15 200   M    M   2 3      20 220
 4  92  76  84   1   0  19    T  0.0    0  7.3 17 200   M    M   3 13     35 210
 5  92  77  85   2   0  20    T  0.0    0  7.6 17 190   M    M   2 1      22 190
 6  92  78  85   2   0  20 0.00  0.0    0  9.7 18 170   M    M   1        24 180
 7  92  78  85   2   0  20 0.01  0.0    0 10.4 20 160   M    M   3 3      25 160
 8  92  77  85   2   0  20    T  0.0    0 10.0 17 180   M    M   2        28 330
 9  94  76  85   2   0  20 0.00  0.0    0  7.7 15 170   M    M   2        20 180
10  94  76  85   2   0  20    T  0.0    0  5.5 15 190   M    M   2        20 190
11  95  75  85   2   0  20    T  0.0    0  4.8 15 170   M    M   2        18 160
12  95  74  85   2   0  20    T  0.0    0  5.4 15 200   M    M   2 1      28  30
13  94  75  85   2   0  20 0.00  0.0    0  6.6 15 220   M    M   2 1      19 220
14  94  74  84   1   0  19 0.00  0.0    0  6.4 16 190   M    M   2 1      21 190
15  94  72  83   0   0  18 0.00  0.0    0  5.3 14 190   M    M   2 1      18 220
16  95  74  85   2   0  20 0.00  0.0    0  6.4 15 200   M    M   2 1      22 190
17  94  75  85   2   0  20 0.05  0.0    0  5.8 23 240   M    M   2 13     30 230
18  97  76  87   4   0  22    T  0.0    0  6.1 14 180   M    M   2 1      20 190
19  98  77  88   5   0  23    T  0.0    0  4.7 13 190   M    M   2 1      25 270
20  96  76  86   3   0  21 0.00  0.0    0  6.1 16 200   M    M   1 1      22 180
21  92  74  83   0   0  18 0.71  0.0    0  5.6 18 200   M    M   2 13     26 190
22  94  76  85   2   0  20    T  0.0    0  7.0 18 180   M    M   2        23 170
23  95  75  85   2   0  20 0.00  0.0    0  7.0 16 180   M    M   1        22 180
24  96  74  85   2   0  20 0.00  0.0    0  5.4 15 190   M    M   1 1      20 200
25  98  74  86   3   0  21 0.00  0.0    0  5.9 15 190   M    M   1 1      19 190
26  97  77  87   4   0  22 0.00  0.0    0  5.7 13 180   M    M   1 1      18 220
27  96  77  87   4   0  22    T  0.0    0  3.6 21 310   M    M   3 13     27 320
28  97  75  86   3   0  21 0.00  0.0    0  4.6 14 200   M    M   2 1      19 170
================================================================================
SM 2640 2106         0 558  1.09     0.0 179.9          M       53
================================================================================
AV 94.3 75.2                               6.4 FASTST   M    M   2    MAX(MPH)
                                 MISC ---->  # 26 260               # 40  270
================================================================================
NOTES:
# LAST OF SEVERAL OCCURRENCES

COLUMN 17 PEAK WIND IN M.P.H.

PRELIMINARY LOCAL CLIMATOLOGICAL DATA (WS FORM: F-6) , PAGE 2

                                          STATION:  BEAUMONT PORT ARTHUR
                                          MONTH:    JULY
                                          YEAR:     2015
                                          LATITUDE:   29 57 N
                                          LONGITUDE:  94  1 W

[TEMPERATURE DATA]      [PRECIPITATION DATA]       SYMBOLS USED IN COLUMN 16

AVERAGE MONTHLY: 84.8   TOTAL FOR MONTH:   1.09    1 = FOG OR MIST
DPTR FM NORMAL:   1.8   DPTR FM NORMAL:   -4.34    2 = FOG REDUCING VISIBILITY
HIGHEST:    98 ON 25,19 GRTST 24HR  0.71 ON 20-21      TO 1/4 MILE OR LESS
LOWEST:     69 ON  1                               3 = THUNDER
                        SNOW, ICE PELLETS, HAIL    4 = ICE PELLETS
                        TOTAL MONTH:   0.0 INCH    5 = HAIL
                        GRTST 24HR     0.0         6 = FREEZING RAIN OR DRIZZLE
                        GRTST DEPTH:   0           7 = DUSTSTORM OR SANDSTORM:
                                                       VSBY 1/2 MILE OR LESS
                                                   8 = SMOKE OR HAZE
[NO. OF DAYS WITH]      [WEATHER - DAYS WITH]      9 = BLOWING SNOW
                                                   X = TORNADO
MAX 32 OR BELOW:   0    0.01 INCH OR MORE:   4
MAX 90 OR ABOVE:  28    0.10 INCH OR MORE:   2
MIN 32 OR BELOW:   0    0.50 INCH OR MORE:   1
MIN  0 OR BELOW:   0    1.00 INCH OR MORE:   0

[HDD (BASE 65) ]
TOTAL THIS MO.     0    CLEAR  (SCALE 0-3)  28
DPTR FM NORMAL     0    PTCLDY (SCALE 4-7)   0
TOTAL FM JUL 1     0    CLOUDY (SCALE 8-10)  0
DPTR FM NORMAL     0

[CDD (BASE 65) ]
TOTAL THIS MO.   558
DPTR FM NORMAL    54    [PRESSURE DATA]
TOTAL FM JAN 1  1792    HIGHEST SLP M ON M
DPTR FM NORMAL   238    LOWEST  SLP 29.87 ON 14

[REMARKS]
