000
CXUS53 KLMK 011340
CLMBWG
CLIMATE REPORT
NATIONAL WEATHER SERVICE LOUISVILLE KY
840 AM EST FRI MAR 01 2024
...................................
...THE BOWLING GREEN KY CLIMATE SUMMARY FOR THE MONTH OF FEBRUARY 2024...
CLIMATE NORMAL PERIOD 1991 TO 2020
CLIMATE RECORD PERIOD 1870 TO 2024
WEATHER OBSERVED NORMAL DEPART LAST YEAR`S
VALUE DATE(S) VALUE FROM VALUE DATE(S)
NORMAL
................................................................
TEMPERATURE (F)
RECORD
HIGH 83 02/28/1918
LOW -20 02/02/1951
HIGHEST 76 02/26 MM MM 80 02/23
LOWEST 18 02/18 MM MM 19 02/04
AVG. MAXIMUM 60.3 51.0 9.3 59.6
AVG. MINIMUM 35.7 31.1 4.6 38.5
MEAN 48.0 41.1 6.9 49.1
DAYS MAX >= 90 0 0.0 0.0 0
DAYS MAX <= 32 0 2.0 -2.0 0
DAYS MIN <= 32 13 17.1 -4.1 9
DAYS MIN <= 0 0 0.2 -0.2 0
PRECIPITATION (INCHES)
RECORD
MAXIMUM 11.27 1989
MINIMUM 0.12 1947
TOTALS 3.25 4.07 -0.82 3.17
DAILY AVG. 0.11 NAN NAN 0.11
DAYS >= .01 7 10.7 -3.7 9
DAYS >= .10 5 6.5 -1.5 4
DAYS >= .50 2 3.0 -1.0 2
DAYS >= 1.00 1 1.3 -0.3 1
GREATEST
24 HR. TOTAL 1.40 02/12 TO 02/12
SNOWFALL (INCHES)
RECORDS
TOTAL 20.0 1979
TOTALS 0.2 2.9 -2.7 T
SINCE 7/1 4.8 7.0 -2.2 MM
DAYS >= TRACE 1
DAYS >= 1.0 0 1.0 -1.0 0
GREATEST
SNOW DEPTH 0 0 MM
DEGREE DAYS
HEATING TOTAL 488 671 -183 442
SINCE 7/1 2656 3058 -402 MM
COOLING TOTAL 2 1 1 5
SINCE 1/1 2 1 1 MM
................................................................
WIND (MPH)
AVERAGE WIND SPEED 7.0
HIGHEST WIND SPEED/DIRECTION 30/190 DATE 02/27
HIGHEST GUST SPEED/DIRECTION 39/190 DATE 02/27
SKY COVER
POSSIBLE SUNSHINE (PERCENT) MM
AVERAGE SKY COVER 0.28
NUMBER OF DAYS FAIR 19
NUMBER OF DAYS PC 5
NUMBER OF DAYS CLOUDY 5
AVERAGE RH (PERCENT) 60
WEATHER CONDITIONS. NUMBER OF DAYS WITH
THUNDERSTORM 4 MIXED PRECIP 0
HEAVY RAIN 5 RAIN 4
LIGHT RAIN 9 FREEZING RAIN 0
LT FREEZING RAIN 0 HAIL 0
HEAVY SNOW 0 SNOW 0
LIGHT SNOW 1 SLEET 0
FOG 9 FOG W/VIS <= 1/4 MILE 0
HAZE 2
- INDICATES NEGATIVE NUMBERS.
R INDICATES RECORD WAS SET OR TIED.
MM INDICATES DATA IS MISSING.
T INDICATES TRACE AMOUNT.
$$