000
CXUS53 KEAX 010736
CF6LXT
PRELIMINARY LOCAL CLIMATOLOGICAL DATA (WS FORM: F-6)
STATION: LEE`S SUMMIT MO
MONTH: MARCH
YEAR: 2024
LATITUDE: 38 57 N
LONGITUDE: 94 22 W
TEMPERATURE IN F: :PCPN: SNOW: WIND :SUNSHINE: SKY :PK WND
================================================================================
1 2 3 4 5 6A 6B 7 8 9 10 11 12 13 14 15 16 17 18
12Z AVG MX 2MIN
DY MAX MIN AVG DEP HDD CDD WTR SNW DPTH SPD SPD DIR MIN PSBL S-S WX SPD DR
================================================================================
1 57 37 47 7 18 0 0.01 M M 10.8 29 210 M M 6 34 200
2 74 40 57 17 8 0 0.00 M M 13.5 24 180 M M 0 37 180
3 81 57 69 28 0 4 0.00 M M 17.9 38 230 M M 0 52 230
4 78 46 62 21 3 0 T M M 15.3 26 210 M M 6 35 200
5 54 42 48 7 17 0 0.00 M M 11.0 20 30 M M 7 8 25 20
6 64 35 50 8 15 0 0.00 M M 8.1 21 80 M M 3 12 27 70
7 53 45 49 7 16 0 0.72 M M 8.1 13 90 M M 8 13 M M
8 51 39 45 3 20 0 0.01 M M 12.9 20 340 M M 10 12 28 340
9 55 31 43 0 22 0 0.00 M M 10.3 21 300 M M 1 28 330
10 63 30 47 4 18 0 0.00 M M 7.2 16 190 M M 0 25 180
11 71 44 58 14 7 0 0.00 M M 16.2 30 200 M M 0 38 210
12 76 52 64 20 1 0 0.03 M M 15.2 28 190 M M 1 3 35 210
13 76 46 61 17 4 0 T M M 7.7 16 30 M M 2 3 23 170
14 73 53 63 18 2 0 0.18 M M 11.5 23 70 M M 7 13 29 70
15 65 46 56 11 9 0 0.00 M M 9.2 20 10 M M 2 26 30
16 67 45 56 10 9 0 0.00 M M 10.9 25 290 M M 3 35 290
17 49 32 41 -5 24 0 0.00 M M 13.8 30 290 M M 1 43 290
18 42 25 34 -12 31 0 0.00 M M 9.8 22 360 M M 1 30 10
19 71 32 52 5 13 0 0.00 M M 11.9 25 230 M M 0 34 220
20 57 42 50 3 15 0 0.00 M M 11.6 21 40 M M 0 28 40
21 61 37 49 2 16 0 0.00 M M 11.3 20 100 M M 2 26 90
22 60 35 48 0 17 0 0.00 M M 14.2 26 10 M M 6 36 10
23 49 32 41 -7 24 0 T M M 10.8 21 90 M M 6 28 80
24 60 45 53 5 12 0 0.04 M M 16.7 28 160 M M 5 40 180
25 65 41 53 4 12 0 0.22 M M 16.5 30 140 M M 4 44 150
26 41 31 36 -13 29 0 0.02 M M 12.1 25 210 M M 9 18 33 230
27 52 25 39 -10 26 0 0.00 M M 3.5 9 190 M M 1 13 310
28 68 36 52 2 13 0 0.00 M M 13.5 23 210 M M 0 30 210
29 76 51 64 14 1 0 0.00 M M 17.8 32 200 M M 1 46 180
30 70 47 59 9 6 0 0.00 M M 7.0 14 10 M M 2 18 20
31 79 57 68 17 0 3 T M M 11.0 23 200 M M 7 33 170
================================================================================
SM 1958 1256 408 7 1.23 M 367.3 M 101
================================================================================
AV 63.2 40.5 11.8 FASTST M M 3 MAX(MPH)
MISC ----> 38 230 52 230
================================================================================
NOTES:
# LAST OF SEVERAL OCCURRENCES
COLUMN 17 PEAK WIND IN M.P.H.
PRELIMINARY LOCAL CLIMATOLOGICAL DATA (WS FORM: F-6) , PAGE 2
STATION: LEE`S SUMMIT MO
MONTH: MARCH
YEAR: 2024
LATITUDE: 38 57 N
LONGITUDE: 94 22 W
[TEMPERATURE DATA] [PRECIPITATION DATA] SYMBOLS USED IN COLUMN 16
AVERAGE MONTHLY: 51.8 TOTAL FOR MONTH: 1.23 1 = FOG OR MIST
DPTR FM NORMAL: 6.4 DPTR FM NORMAL: -0.91 2 = FOG REDUCING VISIBILITY
HIGHEST: 81 ON 3 GRTST 24HR 0.73 ON 7- 8 TO 1/4 MILE OR LESS
LOWEST: 25 ON 27,18 3 = THUNDER
SNOW, ICE PELLETS, HAIL 4 = ICE PELLETS
TOTAL MONTH: M 5 = HAIL
GRTST 24HR M ON M 6 = FREEZING RAIN OR DRIZZLE
GRTST DEPTH: M ON M 7 = DUSTSTORM OR SANDSTORM:
VSBY 1/2 MILE OR LESS
8 = SMOKE OR HAZE
[NO. OF DAYS WITH] [WEATHER - DAYS WITH] 9 = BLOWING SNOW
X = TORNADO
MAX 32 OR BELOW: 0 0.01 INCH OR MORE: 8
MAX 90 OR ABOVE: 0 0.10 INCH OR MORE: 3
MIN 32 OR BELOW: 8 0.50 INCH OR MORE: 1
MIN 0 OR BELOW: 0 1.00 INCH OR MORE: 0
[HDD (BASE 65) ]
TOTAL THIS MO. 408 CLEAR (SCALE 0-3) 19
DPTR FM NORMAL -203 PTCLDY (SCALE 4-7) 10
TOTAL FM JUL 1 3467 CLOUDY (SCALE 8-10) 2
DPTR FM NORMAL -911
[CDD (BASE 65) ]
TOTAL THIS MO. 7
DPTR FM NORMAL 4 [PRESSURE DATA]
TOTAL FM JAN 1 7 HIGHEST SLP M ON M
DPTR FM NORMAL 4 LOWEST SLP 29.28 ON 25
[REMARKS]
#FINAL-03-24#