000
CXUS51 KCTP 010800
CF6MDT
PRELIMINARY LOCAL CLIMATOLOGICAL DATA (WS FORM: F-6)
STATION: HARRISBURG PA
MONTH: JUNE
YEAR: 2022
LATITUDE: 40 11 N
LONGITUDE: 76 46 W
TEMPERATURE IN F: :PCPN: SNOW: WIND :SUNSHINE: SKY :PK WND
================================================================================
1 2 3 4 5 6A 6B 7 8 9 10 11 12 13 14 15 16 17 18
12Z AVG MX 2MIN
DY MAX MIN AVG DEP HDD CDD WTR SNW DPTH SPD SPD DIR MIN PSBL S-S WX SPD DR
================================================================================
1 91 70 81 13 0 16 0.04 0.0 0 5.5 18 300 M M 5 38 24 330
2 83 67 75 7 0 10 0.22 0.0 0 5.4 22 340 M M 8 18 28 340
3 79 64 72 3 0 7 T 0.0 0 10.4 20 320 M M 6 26 300
4 81 58 70 1 0 5 0.00 0.0 0 7.7 17 300 M M 1 23 320
5 78 54 66 -3 0 1 0.00 0.0 0 2.4 10 110 M M 3 13 110
6 82 56 69 -1 0 4 0.00 0.0 0 8.1 17 160 M M 3 23 160
7 77 62 70 0 0 5 0.04 0.0 0 9.8 24 190 M M 8 1 31 190
8 83 68 76 6 0 11 0.18 0.0 0 6.9 18 150 M M 7 18 21 150
9 77 61 69 -2 0 4 0.04 0.0 0 15.0 28 290 M M 8 1 35 290
10 80 55 68 -3 0 3 0.00 0.0 0 4.9 17 280 M M 6 22 290
11 73 59 66 -5 0 1 0.01 0.0 0 4.6 12 290 M M 7 13 290
12 79 59 69 -3 0 4 0.34 0.0 0 2.6 15 200 M M 8 18 22 190
13 88 67 78 6 0 13 T 0.0 0 3.3 12 290 M M 7 18 14 290
14 83 67 75 3 0 10 0.24 0.0 0 4.2 24 240 M M 6 3 31 250
15 89 65 77 4 0 12 0.00 0.0 0 6.6 20 130 M M 4 24 130
16 82 66 74 1 0 9 1.33 0.0 0 8.8 37 190 M M 10 13 43 190
17 91 69 80 7 0 15 0.00 0.0 0 10.5 26 300 M M 3 1 33 290
18 76 63 70 -4 0 5 0.00 0.0 0 15.3 28 310 M M 4 35 300
19 78 58 68 -6 0 3 0.00 0.0 0 11.4 24 310 M M 3 32 290
20 81 52 67 -7 0 2 0.00 0.0 0 4.9 16 300 M M 5 20 300
21 85 62 74 0 0 9 T 0.0 0 4.6 14 310 M M 7 16 200
22 85 66 76 1 0 11 0.26 0.0 0 6.9 23 110 M M 8 13 29 100
23 71 64 68 -7 0 3 0.28 0.0 0 6.9 12 120 M M 10 18 17 70
24 81 62 72 -3 0 7 0.00 0.0 0 2.8 8 110 M M 6 18 10 70
25 89 66 78 3 0 13 0.00 0.0 0 4.8 12 200 M M 3 17 200
26 90 72 81 5 0 16 0.91 0.0 0 7.7 22 220 M M 6 13 34 240
27 82 68 75 -1 0 10 0.42 0.0 0 9.0 17 300 M M 6 1 24 290
28 78 59 69 -7 0 4 0.00 0.0 0 6.0 13 340 M M 3 17 330
29 86 60 73 -3 0 8 0.00 0.0 0 4.7 13 210 M M 3 17 270
30 89 63 76 0 0 11 0.00 0.0 0 2.1 10 260 M M 1 14 270
================================================================================
SM 2467 1882 0 232 4.31 0.0 203.8 M 165
================================================================================
AV 82.2 62.7 6.8 FASTST M M 6 MAX(MPH)
MISC ----> 37 190 43 190
================================================================================
NOTES:
# LAST OF SEVERAL OCCURRENCES
COLUMN 17 PEAK WIND IN M.P.H.
PRELIMINARY LOCAL CLIMATOLOGICAL DATA (WS FORM: F-6) , PAGE 2
STATION: HARRISBURG PA
MONTH: JUNE
YEAR: 2022
LATITUDE: 40 11 N
LONGITUDE: 76 46 W
[TEMPERATURE DATA] [PRECIPITATION DATA] SYMBOLS USED IN COLUMN 16
AVERAGE MONTHLY: 72.5 TOTAL FOR MONTH: 4.31 1 = FOG OR MIST
DPTR FM NORMAL: 0.0 DPTR FM NORMAL: 0.33 2 = FOG REDUCING VISIBILITY
HIGHEST: 91 ON 17, 1 GRTST 24HR 1.33 ON 16-16 TO 1/4 MILE OR LESS
LOWEST: 52 ON 20 3 = THUNDER
SNOW, ICE PELLETS, HAIL 4 = ICE PELLETS
TOTAL MONTH: 0.0 INCH 5 = HAIL
GRTST 24HR 0.0 6 = FREEZING RAIN OR DRIZZLE
GRTST DEPTH: 0 7 = DUSTSTORM OR SANDSTORM:
VSBY 1/2 MILE OR LESS
8 = SMOKE OR HAZE
[NO. OF DAYS WITH] [WEATHER - DAYS WITH] 9 = BLOWING SNOW
X = TORNADO
MAX 32 OR BELOW: 0 0.01 INCH OR MORE: 13
MAX 90 OR ABOVE: 3 0.10 INCH OR MORE: 9
MIN 32 OR BELOW: 0 0.50 INCH OR MORE: 2
MIN 0 OR BELOW: 0 1.00 INCH OR MORE: 1
[HDD (BASE 65) ]
TOTAL THIS MO. 0 CLEAR (SCALE 0-3) 8
DPTR FM NORMAL -12 PTCLDY (SCALE 4-7) 17
TOTAL FM JUL 1 4544 CLOUDY (SCALE 8-10) 5
DPTR FM NORMAL -477
[CDD (BASE 65) ]
TOTAL THIS MO. 232
DPTR FM NORMAL -7 [PRESSURE DATA]
TOTAL FM JAN 1 334 HIGHEST SLP 30.24 ON 30
DPTR FM NORMAL 13 LOWEST SLP 29.57 ON 9
[REMARKS]
#FINAL-06-22#