000
CXUS53 KARX 011000
CF6MDZ
PRELIMINARY LOCAL CLIMATOLOGICAL DATA (WS FORM: F-6)
STATION: MEDFORD WI
MONTH: FEBRUARY
YEAR: 2023
LATITUDE: 45 5 N
LONGITUDE: 90 18 W
TEMPERATURE IN F: :PCPN: SNOW: WIND :SUNSHINE: SKY :PK WND
================================================================================
1 2 3 4 5 6A 6B 7 8 9 10 11 12 13 14 15 16 17 18
12Z AVG MX 2MIN
DY MAX MIN AVG DEP HDD CDD WTR SNW DPTH SPD SPD DIR MIN PSBL S-S WX SPD DR
================================================================================
1 15 -5 5 M 60 0 0.00 0.0 M 4.4 8 200 M M 4 M M
2 13 -9 2 M 63 0 0.00 0.0 M 12.2 22 330 M M 3 29 330
3 2 -18 -8 M 73 0 0.00 0.0 M 7.3 14 320 M M 5 20 320
4 24 0 12 M 53 0 0.00 0.0 M 7.6 16 180 M M 3 21 170
5 25 5 15 M 50 0 0.00 0.0 M 4.7 14 320 M M 4 17 300
6 33 1 17 M 48 0 0.00 0.0 M 7.3 14 130 M M 4 22 120
7 36 24 30 M 35 0 0.00 0.0 M 10.5 18 280 M M 6 28 280
8 40 16 28 M 37 0 0.00 0.0 M 5.4 8 160 M M 0 M M
9 39 18 29 M 36 0 0.00 0.0 M 9.4 20 330 M M 5 29 340
10 27 9 18 M 47 0 0.00 0.0 M 8.2 14 320 M M 0 24 310
11 37 13 25 M 40 0 0.00 0.0 M 8.2 14 240 M M 0 20 240
12 39 14 27 M 38 0 0.00 0.0 M 3.7 7 210 M M 0 M M
13 37 24 31 M 34 0 0.00 0.0 M 7.3 12 290 M M 3 18 290
14 39 26 33 M 32 0 0.33 0.0 M 10.3 15 130 M M 6 23 100
15 38 22 30 M 35 0 0.07 0.0 M 12.3 18 290 M M 9 28 300
16 22 12 17 M 48 0 0.00 0.0 M 9.6 14 350 M M 7 21 10
17 22 6 14 M 51 0 0.00 0.0 M 7.6 14 200 M M 2 18 10
18 33 18 26 M 39 0 0.00 0.0 M 6.3 12 160 M M 0 M M
19 33 20 27 M 38 0 0.00 0.0 M 7.9 12 290 M M 3 18 270
20 31 9 20 M 45 0 M M M 8.0 23 260 M M 7 36 260
21 22 11 17 M 48 0 M M M 9.1 18 270 M M 9 27 270
22 21 13 17 M 48 0 M M M 15.8 24 60 M M 10 30 60
23 20 0 10 M 55 0 M M M 12.0 21 60 M M 9 30 60
24 11 -13 -1 M 66 0 M M M 2.8 8 200 M M 5 M M
25 23 9 16 M 49 0 M M M 6.3 12 210 M M 5 17 250
26 25 5 15 M 50 0 0.00 0.0 M 5.8 12 270 M M 0 17 260
27 33 23 28 M 37 0 0.29 M M 7.4 17 100 M M 9 6 28 90
28 35 24 30 M 35 0 M M M 6.5 14 310 M M 4 23 300
================================================================================
SM 775 277 1290 0 0.69 0.0 223.9 M 122
================================================================================
AV 27.7 9.9 8.0 FASTST M M 4 MAX(MPH)
MISC ----> 24 60 36 260
================================================================================
NOTES:
# LAST OF SEVERAL OCCURRENCES
COLUMN 17 PEAK WIND IN M.P.H.
PRELIMINARY LOCAL CLIMATOLOGICAL DATA (WS FORM: F-6) , PAGE 2
STATION: MEDFORD WI
MONTH: FEBRUARY
YEAR: 2023
LATITUDE: 45 5 N
LONGITUDE: 90 18 W
[TEMPERATURE DATA] [PRECIPITATION DATA] SYMBOLS USED IN COLUMN 16
AVERAGE MONTHLY: 18.8 TOTAL FOR MONTH: 0.69 1 = FOG OR MIST
DPTR FM NORMAL: 0.0 DPTR FM NORMAL: 0.69 2 = FOG REDUCING VISIBILITY
HIGHEST: 40 ON 8 GRTST 24HR 0.33 ON 14-14 TO 1/4 MILE OR LESS
LOWEST: -18 ON 3 3 = THUNDER
SNOW, ICE PELLETS, HAIL 4 = ICE PELLETS
TOTAL MONTH: 0.0 INCH 5 = HAIL
GRTST 24HR 0.0 6 = FREEZING RAIN OR DRIZZLE
GRTST DEPTH: M ON M 7 = DUSTSTORM OR SANDSTORM:
VSBY 1/2 MILE OR LESS
8 = SMOKE OR HAZE
[NO. OF DAYS WITH] [WEATHER - DAYS WITH] 9 = BLOWING SNOW
X = TORNADO
MAX 32 OR BELOW: 15 0.01 INCH OR MORE: 3
MAX 90 OR ABOVE: 0 0.10 INCH OR MORE: 2
MIN 32 OR BELOW: 28 0.50 INCH OR MORE: 0
MIN 0 OR BELOW: 6 1.00 INCH OR MORE: 0
[HDD (BASE 65) ]
TOTAL THIS MO. 1290 CLEAR (SCALE 0-3) 10
DPTR FM NORMAL M PTCLDY (SCALE 4-7) 13
TOTAL FM JUL 1 6021 CLOUDY (SCALE 8-10) 5
DPTR FM NORMAL M
[CDD (BASE 65) ]
TOTAL THIS MO. 0
DPTR FM NORMAL M [PRESSURE DATA]
TOTAL FM JAN 1 0 HIGHEST SLP M ON M
DPTR FM NORMAL M LOWEST SLP M ON M
[REMARKS]
#FINAL-02-23#