000
CXUS53 KBIS 200830
CF6MOT
PRELIMINARY LOCAL CLIMATOLOGICAL DATA (WS FORM: F-6)

                                          STATION:   MINOT ND
                                          MONTH:     FEBRUARY
                                          YEAR:      2018
                                          LATITUDE:   48 15 N
                                          LONGITUDE: 101 16 W

  TEMPERATURE IN F:       :PCPN:    SNOW:  WIND      :SUNSHINE: SKY     :PK WND
================================================================================
1   2   3   4   5  6A  6B    7    8   9   10  11  12  13   14  15   16   17  18
                                     12Z  AVG MX 2MIN
DY MAX MIN AVG DEP HDD CDD  WTR  SNW DPTH SPD SPD DIR MIN PSBL S-S WX    SPD DR
================================================================================

 1   7  -8   0 -14  65   0 0.00    M    M 10.4 20 300   M    M   1        24 300
 2  14  -5   5  -9  60   0    T    M    M  5.0 10  30   M    M   6        12  30
 3   9 -10   0 -14  65   0    T    M    M 14.3 24 290   M    M   6 8      28 290
 4   4 -13  -4 -18  69   0 0.00    M    M 14.9 24 250   M    M   0        30 230
 5   5  -7  -1 -15  66   0 0.00    M    M 13.5 24 300   M    M   2        28 300
 6  11 -11   0 -15  65   0    T    M    M 11.6 23 300   M    M   5 8      30 300
 7  10 -12  -1 -16  66   0 0.00    M    M  9.4 20 280   M    M   1        22 280
 8   3 -11  -4 -19  69   0 0.00    M    M  7.5 14 280   M    M   1        17 280
 9   5 -13  -4 -19  69   0 0.00    M    M 13.4 23 260   M    M   0        28 260
10  12  -9   2 -14  63   0 0.00    M    M 15.2 24 230   M    M   1        32 240
11  13 -11   1 -15  64   0    T    M    M 14.6 24 310   M    M   5        27 310
12   2 -20  -9 -25  74   0 0.00    M    M  8.0 15 200   M    M   0        18 170
13  29   0  15  -1  50   0 0.00    M    M 18.9 33 220   M    M   0        40 220
14  42  26  34  17  31   0 0.02    M    M 16.4 25 270   M    M   4 1      29 260
15  26   1  14  -3  51   0    T    M    M 18.4 26 340   M    M   5 18     31 340
16  28   1  15  -2  50   0 0.00    M    M 16.1 30 220   M    M   3        37 220
17  23  10  17  -1  48   0 0.00    M    M 12.0 26 270   M    M   3        31 260
18  12  -3   5 -13  60   0 0.02    M    M 11.8 20 340   M    M   6 18     24 360
19   9 -11  -1 -19  66   0    T    M    M  3.8 13 300   M    M   5 18     13 290
================================================================================
SM  264 -106      1151   0  0.04    M    235.2          M       54
================================================================================
AV 13.9 -5.6                              12.4 FASTST   M    M   3    MAX(MPH)
                                 MISC ---->  # 33 220               # 40  220
================================================================================
NOTES:
# LAST OF SEVERAL OCCURRENCES

COLUMN 17 PEAK WIND IN M.P.H.

PRELIMINARY LOCAL CLIMATOLOGICAL DATA (WS FORM: F-6) , PAGE 2

                                          STATION:  MINOT ND
                                          MONTH:    FEBRUARY
                                          YEAR:     2018
                                          LATITUDE:   48 15 N
                                          LONGITUDE: 101 16 W

[TEMPERATURE DATA]      [PRECIPITATION DATA]       SYMBOLS USED IN COLUMN 16

AVERAGE MONTHLY:  4.2   TOTAL FOR MONTH:   0.04    1 = FOG OR MIST
DPTR FM NORMAL: -11.6   DPTR FM NORMAL:   -0.21    2 = FOG REDUCING VISIBILITY
HIGHEST:    42 ON 14    GRTST 24HR  0.02 ON 18-18      TO 1/4 MILE OR LESS
LOWEST:    -20 ON 12                               3 = THUNDER
                        SNOW, ICE PELLETS, HAIL    4 = ICE PELLETS
                        TOTAL MONTH:    M          5 = HAIL
                        GRTST 24HR    M  ON   M    6 = FREEZING RAIN OR DRIZZLE
                        GRTST DEPTH:  M  ON   M    7 = DUSTSTORM OR SANDSTORM:
                                                       VSBY 1/2 MILE OR LESS
                                                   8 = SMOKE OR HAZE
[NO. OF DAYS WITH]      [WEATHER - DAYS WITH]      9 = BLOWING SNOW
                                                   X = TORNADO
MAX 32 OR BELOW:  18    0.01 INCH OR MORE:   2
MAX 90 OR ABOVE:   0    0.10 INCH OR MORE:   0
MIN 32 OR BELOW:  19    0.50 INCH OR MORE:   0
MIN  0 OR BELOW:  15    1.00 INCH OR MORE:   0

[HDD (BASE 65) ]
TOTAL THIS MO.  1151    CLEAR  (SCALE 0-3)  10
DPTR FM NORMAL   214    PTCLDY (SCALE 4-7)   9
TOTAL FM JUL 1  6079    CLOUDY (SCALE 8-10)  0
DPTR FM NORMAL   -90

[CDD (BASE 65) ]
TOTAL THIS MO.     0
DPTR FM NORMAL     0    [PRESSURE DATA]
TOTAL FM JAN 1     0    HIGHEST SLP M ON M
DPTR FM NORMAL     0    LOWEST  SLP 29.63 ON 14

[REMARKS]
