000
CXUS53 KBIS 010733
CF6MOT
PRELIMINARY LOCAL CLIMATOLOGICAL DATA (WS FORM: F-6)

                                          STATION:   MINOT ND
                                          MONTH:     APRIL
                                          YEAR:      2016
                                          LATITUDE:   48 15 N
                                          LONGITUDE: 101 16 W

  TEMPERATURE IN F:       :PCPN:    SNOW:  WIND      :SUNSHINE: SKY     :PK WND
================================================================================
1   2   3   4   5  6A  6B    7    8   9   10  11  12  13   14  15   16   17  18
                                     12Z  AVG MX 2MIN
DY MAX MIN AVG DEP HDD CDD  WTR  SNW DPTH SPD SPD DIR MIN PSBL S-S WX    SPD DR
================================================================================

 1  51  21  36   0  29   0    T    M    M 13.6 30 290   M    M   8        39 280
 2  71  20  46   9  19   0 0.00    M    M  8.9 21 230   M    M   0        25 220
 3  59  24  42   5  23   0 0.00    M    M 11.8 21 330   M    M   2        27 270
 4  57  27  42   4  23   0 0.00    M    M 11.2 21 100   M    M   4        26 100
 5  66  36  51  13  14   0 0.13    M    M 15.1 31 320   M    M   6        39 320
 6  56  33  45   6  20   0 0.04    M    M 14.2 31 310   M    M   7 38     41 310
 7  49  28  39   0  26   0 0.00    M    M 18.4 29 310   M    M   7        35 320
 8  43  22  33  -7  32   0 0.00    M    M  8.0 15 130   M    M   2        21 330
 9  73  28  51  11  14   0 0.00    M    M 21.0 35 290   M    M   1        45 300
10  41  25  33  -8  32   0    T    M    M 24.4 38 310   M    M   8        49 300
11  45  19  32  -9  33   0 0.00    M    M  7.4 15 290   M    M   2        19 300
12  64  27  46   4  19   0    T    M    M  9.8 18 110   M    M   3        28 120
13  75  32  54  12  11   0 0.00    M    M 12.5 26 130   M    M   1        34 130
14  72  47  60  17   5   0 0.08    M    M  8.0 16  70   M    M   6        21  70
15  58  38  48   5  17   0 0.34    M    M 13.9 26 360   M    M   9 18     32 350
16  39  24  32 -12  33   0 0.42    M    M 17.0 23 360   M    M   9 68     29 350
17  42  36  39  -5  26   0 0.06    M    M 13.5 22 350   M    M  10 18     27 360
18  52  35  44  -1  21   0 0.03    M    M 10.4 15  60   M    M  10 128    21  60
19  53  45  49   4  16   0 0.00    M    M  6.4 12  90   M    M  10 128    14  40
20  74  39  57  11   8   0 0.00    M    M  8.6 21 310   M    M   3 128    25 300
21  58  34  46   0  19   0 0.00    M    M 10.6 21 340   M    M   1        25 330
22  67  32  50   4  15   0 0.00    M    M 14.6 24  70   M    M   0        33  70
23  67  39  53   6  12   0    T    M    M 18.4 31  60   M    M   3        42  70
24  48  42  45  -2  20   0 0.89    M    M 16.2 25  40   M    M  10 38     35  50
25  49  37  43  -5  22   0 0.16    M    M 11.3 18  80   M    M  10        25  30
26  49  39  44  -4  21   0 0.02    M    M  8.4 17  80   M    M  10        22  90
27  59  43  51   3  14   0 0.00    M    M 11.3 26  70   M    M   6        34  70
28  61  37  49   0  16   0 0.00    M    M  9.4 18  70   M    M   0        25  70
29  66  34  50   1  15   0 0.00    M    M  7.8 21  90   M    M   0        25 100
30  67  34  51   1  14   0 0.00    M    M  8.4 22  60   M    M   0        33  80
================================================================================
SM 1731  977       589   0  2.17    M    370.5          M      148
================================================================================
AV 57.7 32.6                              12.3 FASTST   M    M   5    MAX(MPH)
                                 MISC ---->  # 38 310               # 49  300
================================================================================
NOTES:
# LAST OF SEVERAL OCCURRENCES

COLUMN 17 PEAK WIND IN M.P.H.

PRELIMINARY LOCAL CLIMATOLOGICAL DATA (WS FORM: F-6) , PAGE 2

                                          STATION:  MINOT ND
                                          MONTH:    APRIL
                                          YEAR:     2016
                                          LATITUDE:   48 15 N
                                          LONGITUDE: 101 16 W

[TEMPERATURE DATA]      [PRECIPITATION DATA]       SYMBOLS USED IN COLUMN 16

AVERAGE MONTHLY: 45.1   TOTAL FOR MONTH:   2.17    1 = FOG OR MIST
DPTR FM NORMAL:   1.7   DPTR FM NORMAL:    1.03    2 = FOG REDUCING VISIBILITY
HIGHEST:    75 ON 13    GRTST 24HR  1.05 ON 24-25      TO 1/4 MILE OR LESS
LOWEST:     19 ON 11                               3 = THUNDER
                        SNOW, ICE PELLETS, HAIL    4 = ICE PELLETS
                        TOTAL MONTH:    M          5 = HAIL
                        GRTST 24HR    M  ON   M    6 = FREEZING RAIN OR DRIZZLE
                        GRTST DEPTH:  M  ON   M    7 = DUSTSTORM OR SANDSTORM:
                                                       VSBY 1/2 MILE OR LESS
                                                   8 = SMOKE OR HAZE
[NO. OF DAYS WITH]      [WEATHER - DAYS WITH]      9 = BLOWING SNOW
                                                   X = TORNADO
MAX 32 OR BELOW:   0    0.01 INCH OR MORE:  10
MAX 90 OR ABOVE:   0    0.10 INCH OR MORE:   5
MIN 32 OR BELOW:  13    0.50 INCH OR MORE:   1
MIN  0 OR BELOW:   0    1.00 INCH OR MORE:   0

[HDD (BASE 65) ]
TOTAL THIS MO.   589    CLEAR  (SCALE 0-3)  13
DPTR FM NORMAL   -62    PTCLDY (SCALE 4-7)   8
TOTAL FM JUL 1  6817    CLOUDY (SCALE 8-10)  9
DPTR FM NORMAL -1549

[CDD (BASE 65) ]
TOTAL THIS MO.     0
DPTR FM NORMAL    -1    [PRESSURE DATA]
TOTAL FM JAN 1     0    HIGHEST SLP M ON M
DPTR FM NORMAL    -1    LOWEST  SLP 29.36 ON  9

[REMARKS]
#FINAL-04-16#
