000
CXUS54 KHGX 302051
CF6UTS
PRELIMINARY LOCAL CLIMATOLOGICAL DATA (WS FORM: F-6)

                                          STATION:   HUNTSVILLE_(ASOS)
                                          MONTH:     MAY
                                          YEAR:      2015
                                          LATITUDE:   30 45 N
                                          LONGITUDE:  95 35 W

  TEMPERATURE IN F:       :PCPN:    SNOW:  WIND      :SUNSHINE: SKY     :PK WND
================================================================================
1   2   3   4   5  6A  6B    7    8   9   10  11  12  13   14  15   16   17  18
                                     12Z  AVG MX 2MIN
DY MAX MIN AVG DEP HDD CDD  WTR  SNW DPTH SPD SPD DIR MIN PSBL S-S WX    SPD DR
================================================================================

 1  81  56  69  -3   0   4 0.00  0.0    0  1.7  8 320   M    M   1        11 320
 2  83  59  71  -1   0   6 0.00  0.0    0  4.4 10 180   M    M   1        15 160
 3  83  59  71  -2   0   6 0.00  0.0    0  5.8 15 180   M    M   1 18     21 180
 4  84  63  74   1   0   9 0.00  0.0    0  4.5 13 170   M    M   0        16 130
 5  82  62  72  -1   0   7 0.02  0.0    0  5.3 14 160   M    M   5 138    24 170
 6  82  70  76   2   0  11 0.03  0.0    0  4.9 13 160   M    M   8 1      20 160
 7  86  73  80   6   0  15    T  0.0    0  6.7 15 160   M    M   8        25 170
 8  85  75  80   6   0  15    T  0.0    0  6.6 15 180   M    M   7        23 170
 9  87  75  81   7   0  16    T  0.0    0  7.2 24 160   M    M   6 13     33 170
10  86  76  81   6   0  16 0.11  0.0    0  7.7 15 180   M    M   8 18     23 170
11  76  66  71  -4   0   6 3.42  0.0    0  4.6 21 300   M    M   7 13     29 300
12  71  66  69  -6   0   4 0.66  0.0    0  4.2  9  70   M    M   8 1      15  60
13  79  67  73  -2   0   8 1.35  0.0    0  4.6 18 300   M    M   8 13     26 290
14  87  69  78   2   0  13 1.94  0.0    0  5.1 28 230   M    M   7 123    36 220
15  79  72  76   0   0  11 0.28  0.0    0  1.9 10 300   M    M   7 13     14 120
16  89  73  81   5   0  16 0.06  0.0    0  8.5 23 180   M    M   6 3      30 190
17  79  70  75  -1   0  10 1.44  0.0    0  4.6 16 180   M    M   8 13     26 180
18  86  70  78   1   0  13 0.67  0.0    0  3.8 18 220   M    M   6 13     29 220
19  86  71  79   2   0  14 0.08  0.0    0  4.5 13 170   M    M   6 138    19 170
20  90  73  82   5   0  17 0.01  0.0    0  3.5 13 170   M    M   4 138    20 180
21  77  66  72  -6   0   7 0.85  0.0    0  4.4 15 340   M    M   8 13     21 330
22  81  62  72  -6   0   7 0.00  0.0    0  4.4 10 170   M    M   9 1      16 170
23  86  71  79   1   0  14 0.00  0.0    0  4.9 14 160   M    M   5 13     23 170
24  81  68  75  -3   0  10 1.37  0.0    0  7.2 20 190   M    M   4 13     26 190
25  88  64  76  -2   0  11 1.47  0.0    0  7.4 24 290   M    M   5 13     46 260
26  87  66  77  -2   0  12 0.01  0.0    0  6.1 18 180   M    M   4        24 170
27  87  64  76  -3   0  11 0.65  0.0    0  4.6 22 350   M    M   5 13     36 330
28  90  71  81   2   0  16 0.00  0.0    0  4.4 13 180   M    M   3 13     18 190
29  88  69  79   0   0  14 0.30  0.0    0  6.8 23 270   M    M   2 13     34 280
================================================================================
SM 2426 1966         0 319 14.72     0.0 150.3          M      157
================================================================================
AV 83.7 67.8                               5.2 FASTST   M    M   5    MAX(MPH)
                                 MISC ---->  # 28 230               # 46  260
================================================================================
NOTES:
# LAST OF SEVERAL OCCURRENCES

COLUMN 17 PEAK WIND IN M.P.H.

PRELIMINARY LOCAL CLIMATOLOGICAL DATA (WS FORM: F-6) , PAGE 2

                                          STATION:  HUNTSVILLE_(ASOS)
                                          MONTH:    MAY
                                          YEAR:     2015
                                          LATITUDE:   30 45 N
                                          LONGITUDE:  95 35 W

[TEMPERATURE DATA]      [PRECIPITATION DATA]       SYMBOLS USED IN COLUMN 16

AVERAGE MONTHLY: 75.7   TOTAL FOR MONTH:  14.72    1 = FOG OR MIST
DPTR FM NORMAL:  -0.1   DPTR FM NORMAL:   10.69    2 = FOG REDUCING VISIBILITY
HIGHEST:    90 ON 28,20 GRTST 24HR  3.50 ON 10-11      TO 1/4 MILE OR LESS
LOWEST:     56 ON  1                               3 = THUNDER
                        SNOW, ICE PELLETS, HAIL    4 = ICE PELLETS
                        TOTAL MONTH:   0.0 INCH    5 = HAIL
                        GRTST 24HR     0.0         6 = FREEZING RAIN OR DRIZZLE
                        GRTST DEPTH:   0           7 = DUSTSTORM OR SANDSTORM:
                                                       VSBY 1/2 MILE OR LESS
                                                   8 = SMOKE OR HAZE
[NO. OF DAYS WITH]      [WEATHER - DAYS WITH]      9 = BLOWING SNOW
                                                   X = TORNADO
MAX 32 OR BELOW:   0    0.01 INCH OR MORE:  19
MAX 90 OR ABOVE:   2    0.10 INCH OR MORE:  13
MIN 32 OR BELOW:   0    0.50 INCH OR MORE:  10
MIN  0 OR BELOW:   0    1.00 INCH OR MORE:   6

[HDD (BASE 65) ]
TOTAL THIS MO.     0    CLEAR  (SCALE 0-3)   6
DPTR FM NORMAL     0    PTCLDY (SCALE 4-7)  20
TOTAL FM JUL 1  1829    CLOUDY (SCALE 8-10)  3
DPTR FM NORMAL   133

[CDD (BASE 65) ]
TOTAL THIS MO.   319
DPTR FM NORMAL     4    [PRESSURE DATA]
TOTAL FM JAN 1   553    HIGHEST SLP M ON M
DPTR FM NORMAL    18    LOWEST  SLP 29.78 ON 25

[REMARKS]
