000
CXUS53 KDDC 011338
CF6GCK
PRELIMINARY LOCAL CLIMATOLOGICAL DATA (WS FORM: F-6)
STATION: GARDEN CITY REGIONAL ARPT KS
MONTH: JUNE
YEAR: 2022
LATITUDE: 37 55 N
LONGITUDE: 100 43 W
TEMPERATURE IN F: :PCPN: SNOW: WIND :SUNSHINE: SKY :PK WND
================================================================================
1 2 3 4 5 6A 6B 7 8 9 10 11 12 13 14 15 16 17 18
12Z AVG MX 2MIN
DY MAX MIN AVG DEP HDD CDD WTR SNW DPTH SPD SPD DIR MIN PSBL S-S WX SPD DR
================================================================================
1 69 49 59 -11 6 0 0.00 M M 13.9 25 30 M M 5 33 30
2 72 44 58 -12 7 0 0.00 M M 5.9 17 120 M M 8 24 180
3 79 51 65 -5 0 0 0.43 M M 11.5 30 280 M M 8 13 41 280
4 87 54 71 0 0 6 T M M 13.8 23 200 M M 3 1 29 180
5 81 63 72 1 0 7 0.00 M M 10.7 21 150 M M 4 1 28 150
6 92 61 77 6 0 12 0.07 M M 9.3 36 260 M M 5 123 48 250
7 85 61 73 1 0 8 0.03 M M 9.1 26 190 M M 3 1 42 180
8 80 59 70 -2 0 5 T M M 12.6 25 360 M M 1 36 30
9 81 56 69 -3 0 4 0.00 M M 14.8 28 180 M M 3 37 180
10 91 61 76 3 0 11 0.00 M M 9.2 20 90 M M 1 12 26 80
11 102 64 83 10 0 18 0.00 M M 6.9 15 140 M M 0 22 110
12 102 71 87 14 0 22 T M M 10.0 33 320 M M 0 3 49 330
13 104 75 90 17 0 25 0.00 M M 25.9 40 180 M M 1 55 190
14 99 71 85 11 0 20 0.00 M M 14.1 30 180 M M 0 45 180
15 88 60 74 0 0 9 0.00 M M 15.9 32 180 M M 0 43 360
16 103 63 83 9 0 18 0.00 M M 13.9 25 180 M M 0 40 190
17 101 65 83 9 0 18 0.00 M M 14.3 29 200 M M 0 38 200
18 97 66 82 7 0 17 0.00 M M 15.7 30 170 M M 0 41 180
19 97 68 83 8 0 18 T M M 18.6 33 190 M M 1 48 190
20 98 68 83 8 0 18 0.00 M M 18.3 32 190 M M 1 45 180
21 94 65 80 5 0 15 T M M 10.9 32 150 M M 3 3 42 150
22 82 64 73 -3 0 8 T M M 9.3 23 120 M M 4 28 120
23 100 65 83 7 0 18 T M M 16.6 32 210 M M 2 1 42 220
24 104 73 89 13 0 24 T M M 13.6 25 230 M M 0 42 310
25 85 65 75 -1 0 10 T M M 19.5 36 10 M M 1 45 10
26 74 62 68 -8 0 3 T M M 10.1 22 60 M M 8 27 50
27 71 50 61 -15 4 0 0.08 M M 8.2 24 210 M M 8 1 32 210
28 87 46 67 -10 0 2 0.00 M M 10.5 20 200 M M 0 1 30 180
29 95 61 78 1 0 13 0.00 M M 14.4 30 150 M M 0 40 150
30 101 62 82 5 0 17 0.00 M M 14.1 26 150 M M 0 40 150
================================================================================
SM 2701 1843 17 346 0.61 M 391.6 M 70
================================================================================
AV 90.0 61.4 13.1 FASTST M M 2 MAX(MPH)
MISC ----> 40 180 55 190
================================================================================
NOTES:
# LAST OF SEVERAL OCCURRENCES
COLUMN 17 PEAK WIND IN M.P.H.
PRELIMINARY LOCAL CLIMATOLOGICAL DATA (WS FORM: F-6) , PAGE 2
STATION: GARDEN CITY REGIONAL ARPT KS
MONTH: JUNE
YEAR: 2022
LATITUDE: 37 55 N
LONGITUDE: 100 43 W
[TEMPERATURE DATA] [PRECIPITATION DATA] SYMBOLS USED IN COLUMN 16
AVERAGE MONTHLY: 75.7 TOTAL FOR MONTH: 0.61 1 = FOG OR MIST
DPTR FM NORMAL: 1.9 DPTR FM NORMAL: -2.90 2 = FOG REDUCING VISIBILITY
HIGHEST: 104 ON 24,13 GRTST 24HR 0.43 ON 3- 3 TO 1/4 MILE OR LESS
LOWEST: 44 ON 2 3 = THUNDER
4 = ICE PELLETS
5 = HAIL
6 = FREEZING RAIN OR DRIZZLE
7 = DUSTSTORM OR SANDSTORM:
VSBY 1/2 MILE OR LESS
8 = SMOKE OR HAZE
[NO. OF DAYS WITH] [WEATHER - DAYS WITH] 9 = BLOWING SNOW
X = TORNADO
MAX 32 OR BELOW: 0 0.01 INCH OR MORE: 4
MAX 90 OR ABOVE: 16 0.10 INCH OR MORE: 1
MIN 32 OR BELOW: 0 0.50 INCH OR MORE: 0
MIN 0 OR BELOW: 0 1.00 INCH OR MORE: 0
[HDD (BASE 65) ]
TOTAL THIS MO. 17 CLEAR (SCALE 0-3) 22
DPTR FM NORMAL 5 PTCLDY (SCALE 4-7) 8
TOTAL FM JUL 1 4841 CLOUDY (SCALE 8-10) 0
DPTR FM NORMAL -329
[CDD (BASE 65) ]
TOTAL THIS MO. 346
DPTR FM NORMAL 71 [PRESSURE DATA]
TOTAL FM JAN 1 510 HIGHEST SLP 30.40 ON 27
DPTR FM NORMAL 138 LOWEST SLP 29.41 ON 13
[REMARKS]
#FINAL-06-22#