000
CXUS53 KDDC 021842
CF6GCK
PRELIMINARY LOCAL CLIMATOLOGICAL DATA (WS FORM: F-6)
STATION: GARDEN CITY REGIONAL ARPT KS
MONTH: OCTOBER
YEAR: 2020
LATITUDE: 37 55 N
LONGITUDE: 100 43 W
TEMPERATURE IN F: :PCPN: SNOW: WIND :SUNSHINE: SKY :PK WND
================================================================================
1 2 3 4 5 6A 6B 7 8 9 10 11 12 13 14 15 16 17 18
12Z AVG MX 2MIN
DY MAX MIN AVG DEP HDD CDD WTR SNW DPTH SPD SPD DIR MIN PSBL S-S WX SPD DR
================================================================================
1 67 41 54 -8 11 0 0.00 M M 9.2 21 20 M M 1 27 360
2 79 38 59 -2 6 0 0.00 M M 8.3 22 220 M M 0 30 210
3 72 45 59 -2 6 0 0.00 M M 12.5 24 330 M M 0 32 360
4 79 38 59 -1 6 0 0.00 M M 11.2 25 200 M M 0 35 180
5 83 49 66 6 0 1 0.00 M M 8.5 23 200 M M 0 8 30 200
6 85 41 63 4 2 0 0.00 M M 8.0 17 30 M M 0 8 21 20
7 92 47 70 11 0 5 0.00 M M 9.0 15 180 M M 0 20 210
8 92 51 72 13 0 7 0.00 M M 10.6 21 190 M M 0 30 200
9 89 53 71 13 0 6 0.00 M M 8.4 18 210 M M 0 8 24 210
10 85 44 65 7 0 0 0.00 M M 11.0 17 140 M M 0 8 23 140
11 92 55 74 17 0 9 0.00 M M 17.5 49 350 M M 2 178 68 340
12 73 38 56 -1 9 0 0.00 M M 10.0 21 210 M M 0 28 350
13 76 34 55 -2 10 0 0.00 M M 10.5 23 50 M M 0 31 30
14 87 43 65 9 0 0 0.00 M M 15.2 31 20 M M 0 42 20
15 51 39 45 -11 20 0 0.00 M M 10.4 22 20 M M 8 29 20
16 65 36 51 -4 14 0 0.00 M M 12.6 33 210 M M 3 46 210
17 78 38 58 3 7 0 0.00 M M 10.1 16 190 M M 0 8 23 180
18 49 35 42 -13 23 0 0.00 M M 17.5 31 30 M M 8 39 30
19 53 37 45 -9 20 0 0.00 M M 5.7 16 120 M M 6 8 21 120
20 65 33 49 -5 16 0 0.00 M M 8.6 18 200 M M 2 24 180
21 61 41 51 -3 14 0 0.00 M M 9.8 16 120 M M 9 1 22 100
22 68 35 52 -1 13 0 T M M 20.9 35 10 M M 4 1 44 30
23 42 25 34 -19 31 0 0.00 M M 17.4 33 360 M M 5 46 360
24 53 21 37 -15 28 0 0.00 M M 14.5 25 140 M M 0 35 150
25 30 20 25 -27 40 0 T M M 17.6 24 20 M M 10 16 32 30
26 20 16 18 -33 47 0 T M M 15.8 29 20 M M 10 1 37 30
27 33 17 25 -26 40 0 0.00 M M 4.6 13 340 M M 9 16 330
28 45 28 37 -14 28 0 0.07 M M 9.7 29 350 M M 7 1 39 350
29 58 30 44 -6 21 0 0.00 M M 10.8 29 360 M M 0 39 10
30 68 31 50 0 15 0 0.00 M M 9.3 21 180 M M 0 27 170
31 70 36 53 4 12 0 0.00 M M 13.3 28 20 M M 0 35 360
================================================================================
SM 2060 1135 439 28 0.07 M 358.5 M 84
================================================================================
AV 66.5 36.6 11.6 FASTST M M 3 MAX(MPH)
MISC ----> 49 350 68 340
================================================================================
NOTES:
# LAST OF SEVERAL OCCURRENCES
COLUMN 17 PEAK WIND IN M.P.H.
PRELIMINARY LOCAL CLIMATOLOGICAL DATA (WS FORM: F-6) , PAGE 2
STATION: GARDEN CITY REGIONAL ARPT KS
MONTH: OCTOBER
YEAR: 2020
LATITUDE: 37 55 N
LONGITUDE: 100 43 W
[TEMPERATURE DATA] [PRECIPITATION DATA] SYMBOLS USED IN COLUMN 16
AVERAGE MONTHLY: 51.6 TOTAL FOR MONTH: 0.07 1 = FOG OR MIST
DPTR FM NORMAL: -3.8 DPTR FM NORMAL: -1.21 2 = FOG REDUCING VISIBILITY
HIGHEST: 92 ON 11, 8 GRTST 24HR 0.07 ON 28-28 TO 1/4 MILE OR LESS
LOWEST: 16 ON 26 3 = THUNDER
4 = ICE PELLETS
5 = HAIL
6 = FREEZING RAIN OR DRIZZLE
7 = DUSTSTORM OR SANDSTORM:
VSBY 1/2 MILE OR LESS
8 = SMOKE OR HAZE
[NO. OF DAYS WITH] [WEATHER - DAYS WITH] 9 = BLOWING SNOW
X = TORNADO
MAX 32 OR BELOW: 2 0.01 INCH OR MORE: 1
MAX 90 OR ABOVE: 3 0.10 INCH OR MORE: 0
MIN 32 OR BELOW: 8 0.50 INCH OR MORE: 0
MIN 0 OR BELOW: 0 1.00 INCH OR MORE: 0
[HDD (BASE 65) ]
TOTAL THIS MO. 439 CLEAR (SCALE 0-3) 21
DPTR FM NORMAL 121 PTCLDY (SCALE 4-7) 6
TOTAL FM JUL 1 527 CLOUDY (SCALE 8-10) 4
DPTR FM NORMAL 137
[CDD (BASE 65) ]
TOTAL THIS MO. 28
DPTR FM NORMAL 8 [PRESSURE DATA]
TOTAL FM JAN 1 1349 HIGHEST SLP 30.51 ON 26
DPTR FM NORMAL 51 LOWEST SLP 29.44 ON 11
[REMARKS]
#FINAL-10-20#