000
CXUS54 KSHV 011500
CF6GGG
PRELIMINARY LOCAL CLIMATOLOGICAL DATA (WS FORM: F-6)
STATION: LONGVIEW
MONTH: SEPTEMBER
YEAR: 2020
LATITUDE: 32 22 N
LONGITUDE: 94 43 W
TEMPERATURE IN F: :PCPN: SNOW: WIND :SUNSHINE: SKY :PK WND
================================================================================
1 2 3 4 5 6A 6B 7 8 9 10 11 12 13 14 15 16 17 18
12Z AVG MX 2MIN
DY MAX MIN AVG DEP HDD CDD WTR SNW DPTH SPD SPD DIR MIN PSBL S-S WX SPD DR
================================================================================
1 97 76 87 6 0 22 0.33 0.0 0 9.9 24 280 M M 5 13 31 280
2 79 74 77 -3 0 12 0.41 0.0 0 5.1 20 210 M M 5 138 28 210
3 80 72 76 -4 0 11 2.56 0.0 0 3.4 14 290 M M 5 138 18 330
4 88 70 79 -1 0 14 0.01 0.0 0 3.2 17 100 M M 2 3 26 100
5 88 72 80 0 0 15 T 0.0 0 3.2 10 150 M M 2 13 10
6 93 69 81 2 0 16 0.00 0.0 0 2.3 8 260 M M 1 10 160
7 93 68 81 2 0 16 0.00 0.0 0 5.1 13 210 M M 1 16 210
8 93 72 83 4 0 18 0.00 0.0 0 5.5 14 140 M M 1 1 17 150
9 93 74 84 6 0 19 T 0.0 0 5.8 15 150 M M 2 20 140
10 87 70 79 1 0 14 T 0.0 0 5.9 13 310 M M 6 15 320
11 89 66 78 0 0 13 0.00 0.0 0 6.0 12 320 M M 3 17 300
12 92 70 81 3 0 16 0.00 0.0 0 5.0 12 320 M M 1 14 320
13 92 71 82 5 0 17 0.00 0.0 0 5.1 14 40 M M 3 19 40
14 89 74 82 5 0 17 0.00 0.0 0 7.4 13 350 M M 5 18 350
15 92 72 82 6 0 17 0.00 0.0 0 5.8 13 350 M M 3 18 350
16 93 72 83 7 0 18 0.00 0.0 0 5.0 12 20 M M 2 16 20
17 88 70 79 3 0 14 0.00 0.0 0 4.6 14 320 M M 2 38 17 320
18 86 67 77 2 0 12 0.00 0.0 0 6.8 16 80 M M 1 1 20 70
19 81 61 71 -4 0 6 0.00 0.0 0 7.4 15 40 M M 0 20 40
20 84 58 71 -4 0 6 0.00 0.0 0 7.9 18 70 M M 2 26 70
21 74 66 70 -4 0 5 0.86 0.0 0 8.9 17 60 M M 10 8 21 60
22 70 66 68 -6 0 3 1.30 0.0 0 8.9 14 80 M M 8 1 18 60
23 69 65 67 -7 0 2 0.01 0.0 0 6.6 13 360 M M 9 1 16 360
24 74 63 69 -4 0 4 0.01 0.0 0 5.7 12 360 M M 10 1 16 360
25 79 61 70 -3 0 5 0.00 0.0 0 2.5 9 180 M M 6 12 180
26 84 59 72 0 0 7 0.00 0.0 0 5.5 14 190 M M 5 1 17 190
27 89 67 78 6 0 13 0.00 0.0 0 8.8 16 180 M M 4 1 23 210
28 78 53 66 -6 0 1 0.49 0.0 0 9.7 24 320 M M 1 13 32 320
29 80 50 65 -6 0 0 0.00 0.0 0 6.3 21 290 M M 0 28 320
30 87 52 70 -1 0 5 0.00 0.0 0 6.9 14 210 M M 0 18 190
================================================================================
SM 2561 2000 0 338 5.98 0.0 180.2 M 105
================================================================================
AV 85.4 66.7 6.0 FASTST M M 4 MAX(MPH)
MISC ----> # 24 280 # 32 320
================================================================================
NOTES:
# LAST OF SEVERAL OCCURRENCES
COLUMN 17 PEAK WIND IN M.P.H.
PRELIMINARY LOCAL CLIMATOLOGICAL DATA (WS FORM: F-6) , PAGE 2
STATION: LONGVIEW
MONTH: SEPTEMBER
YEAR: 2020
LATITUDE: 32 22 N
LONGITUDE: 94 43 W
[TEMPERATURE DATA] [PRECIPITATION DATA] SYMBOLS USED IN COLUMN 16
AVERAGE MONTHLY: 76.0 TOTAL FOR MONTH: 5.98 1 = FOG OR MIST
DPTR FM NORMAL: -0.1 DPTR FM NORMAL: 2.64 2 = FOG REDUCING VISIBILITY
HIGHEST: 97 ON 1 GRTST 24HR 2.56 ON 3- 3 TO 1/4 MILE OR LESS
LOWEST: 50 ON 29 3 = THUNDER
SNOW, ICE PELLETS, HAIL 4 = ICE PELLETS
TOTAL MONTH: 0.0 INCH 5 = HAIL
GRTST 24HR 0.0 6 = FREEZING RAIN OR DRIZZLE
GRTST DEPTH: 0 7 = DUSTSTORM OR SANDSTORM:
VSBY 1/2 MILE OR LESS
8 = SMOKE OR HAZE
[NO. OF DAYS WITH] [WEATHER - DAYS WITH] 9 = BLOWING SNOW
X = TORNADO
MAX 32 OR BELOW: 0 0.01 INCH OR MORE: 9
MAX 90 OR ABOVE: 9 0.10 INCH OR MORE: 6
MIN 32 OR BELOW: 0 0.50 INCH OR MORE: 3
MIN 0 OR BELOW: 0 1.00 INCH OR MORE: 2
[HDD (BASE 65) ]
TOTAL THIS MO. 0 CLEAR (SCALE 0-3) 18
DPTR FM NORMAL -6 PTCLDY (SCALE 4-7) 8
TOTAL FM JUL 1 0 CLOUDY (SCALE 8-10) 4
DPTR FM NORMAL -6
[CDD (BASE 65) ]
TOTAL THIS MO. 338
DPTR FM NORMAL -1 [PRESSURE DATA]
TOTAL FM JAN 1 2375 HIGHEST SLP 30.24 ON 5
DPTR FM NORMAL 96 LOWEST SLP 29.66 ON 27
[REMARKS]
#FINAL-09-20#