435
CXUS55 KSEW 010930
CF6HQM
PRELIMINARY LOCAL CLIMATOLOGICAL DATA (WS FORM: F-6)
STATION: HOQUIAM WA AIRPORT
MONTH: AUGUST
YEAR: 2020
LATITUDE: 46 58 N
LONGITUDE: 123 56 W
TEMPERATURE IN F: :PCPN: SNOW: WIND :SUNSHINE: SKY :PK WND
================================================================================
1 2 3 4 5 6A 6B 7 8 9 10 11 12 13 14 15 16 17 18
12Z AVG MX 2MIN
DY MAX MIN AVG DEP HDD CDD WTR SNW DPTH SPD SPD DIR MIN PSBL S-S WX SPD DR
================================================================================
1 69 57 63 2 2 0 0.00 0.0 0 7.2 15 250 M M 6 12 19 270
2 68 56 62 1 3 0 0.00 0.0 0 5.5 17 270 M M 7 12 19 260
3 68 58 63 2 2 0 0.16 0.0 0 5.8 14 270 M M 6 1 16 260
4 71 57 64 3 1 0 0.00 0.0 0 6.2 17 250 M M 5 12 19 250
5 67 54 61 0 4 0 0.00 0.0 0 9.4 17 240 M M 7 18 20 250
6 68 56 62 1 3 0 0.12 0.0 0 10.0 18 270 M M 6 1 24 260
7 68 54 61 0 4 0 T 0.0 0 5.7 17 250 M M 6 1 20 250
8 69 55 62 1 3 0 0.03 0.0 0 7.7 22 290 M M 2 1 30 290
9 71 51 61 0 4 0 0.00 0.0 0 4.6 16 290 M M 0 19 290
10 68 53 61 0 4 0 0.00 0.0 0 7.6 16 270 M M 3 12 22 270
11 65 54 60 -1 5 0 0.00 0.0 0 9.9 23 290 M M 5 28 290
12 66 53 60 -1 5 0 0.00 0.0 0 8.0 18 270 M M 1 23 270
13 66 47 57 -4 8 0 0.00 0.0 0 7.2 18 280 M M 0 22 280
14 75 49 62 1 3 0 0.00 0.0 0 5.6 16 260 M M 0 1 19 250
15 88 54 71 10 0 6 0.00 0.0 0 5.9 16 80 M M 0 20 70
16 80 59 70 9 0 5 0.00 0.0 0 8.2 18 290 M M 0 1 20 300
17 70 59 65 4 0 0 0.00 0.0 0 7.9 15 260 M M 6 1 17 260
18 69 59 64 3 1 0 0.00 0.0 0 6.1 14 260 M M 6 1 17 260
19 67 57 62 1 3 0 0.01 0.0 0 5.7 14 260 M M 8 12 16 260
20 67 61 64 3 1 0 0.31 0.0 0 8.8 17 180 M M 10 1 22 170
21 67 60 64 3 1 0 0.34 0.0 0 10.7 23 190 M M 8 1 29 190
22 71 54 63 2 2 0 0.00 0.0 0 6.0 17 290 M M 1 22 330
23 68 49 59 -2 6 0 0.00 0.0 0 5.6 16 260 M M 1 12 19 250
24 68 54 61 0 4 0 0.00 0.0 0 7.3 18 290 M M 1 24 290
25 67 53 60 -1 5 0 0.00 0.0 0 5.7 16 260 M M 4 20 260
26 67 49 58 -3 7 0 0.00 0.0 0 4.7 15 260 M M 1 1 18 270
27 68 50 59 -2 6 0 0.00 0.0 0 6.8 21 260 M M 2 1 23 270
28 69 49 59 -2 6 0 0.00 0.0 0 5.7 17 290 M M 4 1 23 280
29 64 53 59 -2 6 0 0.00 0.0 0 10.7 24 290 M M 0 32 290
30 65 50 58 -3 7 0 0.03 0.0 0 8.0 17 260 M M 3 1 21 260
31 66 55 61 1 4 0 0.01 0.0 0 4.6 15 260 M M 6 1 19 280
================================================================================
SM 2140 1679 110 11 1.01 0.0 218.8 M 115
================================================================================
AV 69.0 54.2 7.1 FASTST M M 4 MAX(MPH)
MISC ----> # 24 290 # 32 290
================================================================================
NOTES:
# LAST OF SEVERAL OCCURRENCES
COLUMN 17 PEAK WIND IN M.P.H.
PRELIMINARY LOCAL CLIMATOLOGICAL DATA (WS FORM: F-6) , PAGE 2
STATION: HOQUIAM WA AIRPORT
MONTH: AUGUST
YEAR: 2020
LATITUDE: 46 58 N
LONGITUDE: 123 56 W
[TEMPERATURE DATA] [PRECIPITATION DATA] SYMBOLS USED IN COLUMN 16
AVERAGE MONTHLY: 61.6 TOTAL FOR MONTH: 1.01 1 = FOG OR MIST
DPTR FM NORMAL: 1.0 DPTR FM NORMAL: -0.30 2 = FOG REDUCING VISIBILITY
HIGHEST: 88 ON 15 GRTST 24HR 0.34 ON 21-21 TO 1/4 MILE OR LESS
LOWEST: 47 ON 13 3 = THUNDER
SNOW, ICE PELLETS, HAIL 4 = ICE PELLETS
TOTAL MONTH: 0.0 INCH 5 = HAIL
GRTST 24HR 0.0 6 = FREEZING RAIN OR DRIZZLE
GRTST DEPTH: 0 7 = DUSTSTORM OR SANDSTORM:
VSBY 1/2 MILE OR LESS
8 = SMOKE OR HAZE
[NO. OF DAYS WITH] [WEATHER - DAYS WITH] 9 = BLOWING SNOW
X = TORNADO
MAX 32 OR BELOW: 0 0.01 INCH OR MORE: 8
MAX 90 OR ABOVE: 0 0.10 INCH OR MORE: 4
MIN 32 OR BELOW: 0 0.50 INCH OR MORE: 0
MIN 0 OR BELOW: 0 1.00 INCH OR MORE: 0
[HDD (BASE 65) ]
TOTAL THIS MO. 110 CLEAR (SCALE 0-3) 15
DPTR FM NORMAL -33 PTCLDY (SCALE 4-7) 15
TOTAL FM JUL 1 263 CLOUDY (SCALE 8-10) 1
DPTR FM NORMAL -44
[CDD (BASE 65) ]
TOTAL THIS MO. 11
DPTR FM NORMAL 4 [PRESSURE DATA]
TOTAL FM JAN 1 23 HIGHEST SLP M ON M
DPTR FM NORMAL 7 LOWEST SLP 29.70 ON 21
[REMARKS]
#FINAL-08-20#