000
CXUS55 KGGW 010810
CF6JDN
PRELIMINARY LOCAL CLIMATOLOGICAL DATA (WS FORM: F-6)
STATION: JORDAN ASOS MT
MONTH: AUGUST
YEAR: 2022
LATITUDE: 47 19 N
LONGITUDE: 106 50 W
TEMPERATURE IN F: :PCPN: SNOW: WIND :SUNSHINE: SKY :PK WND
================================================================================
1 2 3 4 5 6A 6B 7 8 9 10 11 12 13 14 15 16 17 18
12Z AVG MX 2MIN
DY MAX MIN AVG DEP HDD CDD WTR SNW DPTH SPD SPD DIR MIN PSBL S-S WX SPD DR
================================================================================
1 103 60 82 9 0 17 0.00 0.0 0 9.1 23 310 M M 0 31 310
2 98 64 81 8 0 16 0.00 0.0 0 13.8 31 310 M M 0 47 290
3 95 54 75 2 0 10 0.00 0.0 0 5.9 18 270 M M 0 29 200
4 104 55 80 7 0 15 0.04 0.0 0 10.9 44 270 M M 0 64 280
5 85 58 72 -1 0 7 0.00 M M 9.1 20 10 M M 0 26 360
6 64 56 60 -13 5 0 0.12 M M 6.2 15 130 M M 0 19 60
7 87 56 72 0 0 7 0.00 M M 5.3 15 260 M M 0 21 260
8 98 59 79 7 0 14 0.00 M M 7.6 20 250 M M 0 25 250
9 92 53 73 1 0 8 0.00 M M 10.4 22 50 M M 0 29 50
10 95 62 79 7 0 14 0.00 M M 15.9 24 100 M M 0 34 90
11 93 67 80 8 0 15 0.00 M M 6.1 16 80 M M 0 24 80
12 100 60 80 9 0 15 0.00 M M 6.6 25 290 M M 0 34 290
13 97 63 80 9 0 15 0.03 M M 6.9 26 350 M M 0 33 360
14 98 67 83 12 0 18 0.00 M M 8.1 22 320 M M 0 30 330
15 94 61 78 8 0 13 0.00 M M 8.2 38 280 M M 0 63 310
16 98 59 79 9 0 14 0.00 M M 5.8 18 140 M M 0 24 150
17 96 66 81 11 0 16 0.00 M M 9.5 22 350 M M 0 31 350
18 88 60 74 4 0 9 0.00 M M 7.6 17 30 M M 0 23 350
19 88 52 70 1 0 5 0.00 M M 5.6 15 110 M M 0 30 120
20 94 61 78 9 0 13 0.00 M M 9.6 20 130 M M 0 33 140
21 99 54 77 9 0 12 0.00 M M 4.7 18 340 M M 0 26 330
22 97 69 83 15 0 18 0.00 M M 6.5 15 360 M M 0 23 360
23 82 61 72 4 0 7 0.00 M M 8.8 22 350 M M 0 28 320
24 77 55 66 -1 0 1 0.33 M M 6.6 17 40 M M 0 23 30
25 78 60 69 2 0 4 0.04 M M 7.4 15 110 M M 0 20 80
26 90 62 76 9 0 11 0.01 M M 7.5 20 240 M M 0 27 230
27 92 61 77 11 0 12 0.00 M M 9.5 30 250 M M 0 55 230
28 79 52 66 0 0 1 0.00 M M 14.7 33 310 M M 0 49 290
29 85 50 68 2 0 3 0.00 M M 5.2 12 230 M M 0 22 240
30 96 49 73 8 0 8 0.00 M M 3.9 14 350 M M 0 19 320
31 100 54 77 12 0 12 0.00 M M 6.3 16 170 M M 0 22 140
================================================================================
SM 2842 1820 5 330 0.57 0.0 249.3 M 0
================================================================================
AV 91.7 58.7 8.0 FASTST M M 0 MAX(MPH)
MISC ----> 44 270 64 280
================================================================================
NOTES:
# LAST OF SEVERAL OCCURRENCES
COLUMN 17 PEAK WIND IN M.P.H.
PRELIMINARY LOCAL CLIMATOLOGICAL DATA (WS FORM: F-6) , PAGE 2
STATION: JORDAN ASOS MT
MONTH: AUGUST
YEAR: 2022
LATITUDE: 47 19 N
LONGITUDE: 106 50 W
[TEMPERATURE DATA] [PRECIPITATION DATA] SYMBOLS USED IN COLUMN 16
AVERAGE MONTHLY: 75.2 TOTAL FOR MONTH: 0.57 1 = FOG OR MIST
DPTR FM NORMAL: 5.5 DPTR FM NORMAL: -0.51 2 = FOG REDUCING VISIBILITY
HIGHEST: 104 ON 4 GRTST 24HR 0.37 ON 24-25 TO 1/4 MILE OR LESS
LOWEST: 49 ON 30 3 = THUNDER
SNOW, ICE PELLETS, HAIL 4 = ICE PELLETS
TOTAL MONTH: 0.0 INCH 5 = HAIL
GRTST 24HR 0.0 6 = FREEZING RAIN OR DRIZZLE
GRTST DEPTH: 0 7 = DUSTSTORM OR SANDSTORM:
VSBY 1/2 MILE OR LESS
8 = SMOKE OR HAZE
[NO. OF DAYS WITH] [WEATHER - DAYS WITH] 9 = BLOWING SNOW
X = TORNADO
MAX 32 OR BELOW: 0 0.01 INCH OR MORE: 6
MAX 90 OR ABOVE: 21 0.10 INCH OR MORE: 2
MIN 32 OR BELOW: 0 0.50 INCH OR MORE: 0
MIN 0 OR BELOW: 0 1.00 INCH OR MORE: 0
[HDD (BASE 65) ]
TOTAL THIS MO. 5 CLEAR (SCALE 0-3) 31
DPTR FM NORMAL -32 PTCLDY (SCALE 4-7) 0
TOTAL FM JUL 1 5 CLOUDY (SCALE 8-10) 0
DPTR FM NORMAL -45
[CDD (BASE 65) ]
TOTAL THIS MO. 330
DPTR FM NORMAL 147 [PRESSURE DATA]
TOTAL FM JAN 1 789 HIGHEST SLP M ON M
DPTR FM NORMAL 332 LOWEST SLP 29.43 ON 27
[REMARKS]
#FINAL-08-22#