000
CXUS51 KPHI 250800
CF6ACY
PRELIMINARY LOCAL CLIMATOLOGICAL DATA (WS FORM: F-6)

                                          STATION:   ATLANTIC CITY NJ
                                          MONTH:     MAY
                                          YEAR:      2016
                                          LATITUDE:   39 27 N
                                          LONGITUDE:  74 34 W

  TEMPERATURE IN F:       :PCPN:    SNOW:  WIND      :SUNSHINE: SKY     :PK WND
================================================================================
1   2   3   4   5  6A  6B    7    8   9   10  11  12  13   14  15   16   17  18
                                     12Z  AVG MX 2MIN
DY MAX MIN AVG DEP HDD CDD  WTR  SNW DPTH SPD SPD DIR MIN PSBL S-S WX    SPD DR
================================================================================

 1  52  48  50  -7  15   0 0.93  0.0    0  6.2 13 100   M    M  10 1      16 110
 2  70  48  59   2   6   0 0.30  0.0    0  5.9 15 210   M    M   9 1      18 220
 3  56  49  53  -4  12   0 0.26  0.0    0  9.7 18 100   M    M  10 1      24 100
 4  51  48  50  -8  15   0 0.83  0.0    0 12.2 20  70   M    M  10 13     27  50
 5  53  47  50  -8  15   0    T  0.0    0 10.4 18  30   M    M  10 18     28  40
 6  56  47  52  -6  13   0 1.18  0.0    0  9.8 21  40   M    M  10 1      27  30
 7  60  49  55  -3  10   0    T  0.0    0  6.6 15 140   M    M  10 12     18 140
 8  72  48  60   1   5   0 0.00  0.0    0 10.1 32 300   M    M   5 1      43 290
 9  71  42  57  -2   8   0 0.00  0.0    0  9.2 22 230   M    M   2        29 260
10  58  47  53  -6  12   0    T  0.0    0  6.1 21  70   M    M   8        26  70
11  66  47  57  -3   8   0 0.00  0.0    0  3.0  7 340   M    M   8        13 200
12  75  54  65   5   0   0 0.00  0.0    0  5.8 13 140   M    M   5 18     16 140
13  67  53  60   0   5   0 0.16  0.0    0  4.2 13 190   M    M   7 12     17 180
14  75  52  64   4   1   0 0.14  0.0    0  8.9 28 310   M    M   4 12     34 310
15  60  45  53  -8  12   0 0.00  0.0    0 14.9 25 290   M    M   4        34 270
16  66  41  54  -7  11   0 0.00  0.0    0 12.7 28 280   M    M   0        37 290
17  64  51  58  -3   7   0 0.13  0.0    0  4.2 10 350   M    M   6 1      13 260
18  65  45  55  -7  10   0 0.00  0.0    0  7.8 18  60   M    M   7 12     27  50
19  69  51  60  -2   5   0    T  0.0    0  6.6 14 150   M    M   6        18 130
20  73  45  59  -3   6   0 0.00  0.0    0  6.9 15 100   M    M   0        19 100
21  61  54  58  -5   7   0 0.51  0.0    0  9.5 21  70   M    M   6 1      28  80
22  60  53  57  -6   8   0 0.17  0.0    0  7.3 15  40   M    M  10 1      20  40
23  69  54  62  -1   3   0 0.15  0.0    0  6.4 18  80   M    M   6 1      23  80
24  78  56  67   3   0   2 0.11  0.0    0  7.0 15 220   M    M   5 1      21 260
================================================================================
SM 1547 1174       194   2  4.87     0.0 191.4          M      158
================================================================================
AV 64.5 48.9                               8.0 FASTST   M    M   7    MAX(MPH)
                                 MISC ---->  # 32 300               # 43  290
================================================================================
NOTES:
# LAST OF SEVERAL OCCURRENCES

COLUMN 17 PEAK WIND IN M.P.H.

PRELIMINARY LOCAL CLIMATOLOGICAL DATA (WS FORM: F-6) , PAGE 2

                                          STATION:  ATLANTIC CITY NJ
                                          MONTH:    MAY
                                          YEAR:     2016
                                          LATITUDE:   39 27 N
                                          LONGITUDE:  74 34 W

[TEMPERATURE DATA]      [PRECIPITATION DATA]       SYMBOLS USED IN COLUMN 16

AVERAGE MONTHLY: 56.7   TOTAL FOR MONTH:   4.87    1 = FOG OR MIST
DPTR FM NORMAL:  -3.4   DPTR FM NORMAL:    2.33    2 = FOG REDUCING VISIBILITY
HIGHEST:    78 ON 24    GRTST 24HR  1.18 ON  6- 6      TO 1/4 MILE OR LESS
LOWEST:     41 ON 16                               3 = THUNDER
                        SNOW, ICE PELLETS, HAIL    4 = ICE PELLETS
                        TOTAL MONTH:   0.0 INCH    5 = HAIL
                        GRTST 24HR     0.0         6 = FREEZING RAIN OR DRIZZLE
                        GRTST DEPTH:   0           7 = DUSTSTORM OR SANDSTORM:
                                                       VSBY 1/2 MILE OR LESS
                                                   8 = SMOKE OR HAZE
[NO. OF DAYS WITH]      [WEATHER - DAYS WITH]      9 = BLOWING SNOW
                                                   X = TORNADO
MAX 32 OR BELOW:   0    0.01 INCH OR MORE:  12
MAX 90 OR ABOVE:   0    0.10 INCH OR MORE:  12
MIN 32 OR BELOW:   0    0.50 INCH OR MORE:   4
MIN  0 OR BELOW:   0    1.00 INCH OR MORE:   1

[HDD (BASE 65) ]
TOTAL THIS MO.   194    CLEAR  (SCALE 0-3)   3
DPTR FM NORMAL    41    PTCLDY (SCALE 4-7)  12
TOTAL FM JUL 1  4050    CLOUDY (SCALE 8-10)  9
DPTR FM NORMAL  -807

[CDD (BASE 65) ]
TOTAL THIS MO.     2
DPTR FM NORMAL   -32    [PRESSURE DATA]
TOTAL FM JAN 1    16    HIGHEST SLP M ON M
DPTR FM NORMAL   -27    LOWEST  SLP 29.57 ON  6

[REMARKS]
