000
CXUS55 KOHX 221010
CF6BNA
PRELIMINARY LOCAL CLIMATOLOGICAL DATA (WS FORM: F-6)

                                          STATION:   NASHVILLE
                                          MONTH:     APRIL
                                          YEAR:      2014
                                          LATITUDE:   36  7 N
                                          LONGITUDE:  86 41 W

  TEMPERATURE IN F:       :PCPN:    SNOW:  WIND      :SUNSHINE: SKY     :PK WND
================================================================================
1   2   3   4   5  6A  6B    7    8   9   10  11  12  13   14  15   16   17  18
                                     12Z  AVG MX 2MIN
DY MAX MIN AVG DEP HDD CDD  WTR  SNW DPTH SPD SPD DIR MIN PSBL S-S WX    SPD DR
================================================================================

 1  82  57  70  15   0   5 0.00  0.0    0  8.5 22 260   M    M   4        17 310
 2  80  55  68  13   0   3 0.55  0.0    0  8.4 18 190   M    M   7 13     26 200
 3  78  61  70  15   0   5 0.09  0.0    0 11.8 28 200   M    M   9 13     37 200
 4  71  46  59   3   6   0 0.72  0.0    0 12.3 24 200   M    M   8 13     31 200
 5  58  44  51  -5  14   0 0.00  0.0    0  7.5 16  10   M    M   7        20  30
 6  66  39  53  -3  12   0 0.52  0.0    0  4.7 14 110   M    M   6 1      17 110
 7  68  47  58   2   7   0 0.06  0.0    0  9.6 24 200   M    M  10 1      32 270
 8  66  40  53  -4  12   0 0.05  0.0    0  5.2 22 320   M    M   7 1      31 310
 9  69  44  57   0   8   0 0.00  0.0    0  5.6 14 300   M    M   1        29 280
10  77  41  59   2   6   0 0.00  0.0    0 11.0 24 190   M    M   3        32 190
11  78  57  68  10   0   3 0.22  0.0    0 10.0 28 360   M    M   7 3      31 360
12  80  51  66   8   0   1 0.00  0.0    0  9.4 23 190   M    M   4 1      30 190
13  82  62  72  14   0   7 0.00  0.0    0 14.6 26 190   M    M   7        36 190
14  74  44  59   0   6   0 0.34  0.0    0 14.6 24 200   M    M  10 1      35 190
15  48  36  42 -17  23   0 0.21  0.0    0 11.8 22 330   M    M   6 1      28 340
16  62  31  47 -12  18   0 0.00  0.0    0  5.9 16 100   M    M   4        21 100
17  69  43  56  -4   9   0 0.00  0.0    0  7.2 23 170   M    M   5        28 160
18  69  52  61   1   4   0 0.00  0.0    0  2.0 12  30   M    M  10        15  50
19  78  48  63   3   2   0 0.00  0.0    0  7.9 21  40   M    M   3        26  40
20  82  45  64   4   1   0 0.00  0.0    0  2.3 10 100   M    M   3        17 330
21  81  50  66   5   0   1 0.01  0.0    0  5.3 16 190   M    M   7 1      24 180
================================================================================
SM 1518  993       128  25  2.77     0.0 175.6          M      128
================================================================================
AV 72.3 47.3                               8.4 FASTST   M    M   6    MAX(MPH)
                                 MISC ---->  # 28 200               # 37  200
================================================================================
NOTES:
# LAST OF SEVERAL OCCURRENCES

COLUMN 17 PEAK WIND IN M.P.H.

PRELIMINARY LOCAL CLIMATOLOGICAL DATA (WS FORM: F-6) , PAGE 2

                                          STATION:  NASHVILLE
                                          MONTH:    APRIL
                                          YEAR:     2014
                                          LATITUDE:   36  7 N
                                          LONGITUDE:  86 41 W

[TEMPERATURE DATA]      [PRECIPITATION DATA]       SYMBOLS USED IN COLUMN 16

AVERAGE MONTHLY: 59.8   TOTAL FOR MONTH:   2.77    1 = FOG OR MIST
DPTR FM NORMAL:   2.1   DPTR FM NORMAL:    0.16    2 = FOG REDUCING VISIBILITY
HIGHEST:    82 ON 20,13 GRTST 24HR  0.72 ON  4- 4      TO 1/4 MILE OR LESS
LOWEST:     31 ON 16                               3 = THUNDER
                        SNOW, ICE PELLETS, HAIL    4 = ICE PELLETS
                        TOTAL MONTH:   0.0 INCH    5 = HAIL
                        GRTST 24HR     0.0         6 = FREEZING RAIN OR DRIZZLE
                        GRTST DEPTH:   0           7 = DUSTSTORM OR SANDSTORM:
                                                       VSBY 1/2 MILE OR LESS
                                                   8 = SMOKE OR HAZE
[NO. OF DAYS WITH]      [WEATHER - DAYS WITH]      9 = BLOWING SNOW
                                                   X = TORNADO
MAX 32 OR BELOW:   0    0.01 INCH OR MORE:  10
MAX 90 OR ABOVE:   0    0.10 INCH OR MORE:   6
MIN 32 OR BELOW:   1    0.50 INCH OR MORE:   3
MIN  0 OR BELOW:   0    1.00 INCH OR MORE:   0

[HDD (BASE 65) ]
TOTAL THIS MO.   128    CLEAR  (SCALE 0-3)   2
DPTR FM NORMAL   -48    PTCLDY (SCALE 4-7)  15
TOTAL FM JUL 1  3855    CLOUDY (SCALE 8-10)  4
DPTR FM NORMAL   268

[CDD (BASE 65) ]
TOTAL THIS MO.    25
DPTR FM NORMAL     3    [PRESSURE DATA]
TOTAL FM JAN 1    25    HIGHEST SLP  0.00 ON 13
DPTR FM NORMAL    -5    LOWEST  SLP 29.53 ON  7

[REMARKS]
