000
CXUS55 KALY 280710
CF6GFL
PRELIMINARY LOCAL CLIMATOLOGICAL DATA (WS FORM: F-6)

                                          STATION:   GLENS FALLS NY
                                          MONTH:     MAY
                                          YEAR:      2016
                                          LATITUDE:   43 20 N
                                          LONGITUDE:  73 37 W

  TEMPERATURE IN F:       :PCPN:    SNOW:  WIND      :SUNSHINE: SKY     :PK WND
================================================================================
1   2   3   4   5  6A  6B    7    8   9   10  11  12  13   14  15   16   17  18
                                     12Z  AVG MX 2MIN
DY MAX MIN AVG DEP HDD CDD  WTR  SNW DPTH SPD SPD DIR MIN PSBL S-S WX    SPD DR
================================================================================

 1  47  44  46  -5  19   0 0.16    M    M  3.7  8 190   M    M   8 18     11 200
 2  51  43  47  -4  18   0 0.56    M    M  3.7 10  40   M    M  10 18     16 340
 3  57  45  51   0  14   0    T    M    M  3.7 13  20   M    M   9        21  20
 4  53  46  50  -2  15   0 0.24    M    M  3.6  8  20   M    M  10 18     10  40
 5  59  47  53   1  12   0 0.00    M    M  8.7 16  20   M    M  10        23  60
 6  66  45  56   4   9   0 0.24    M    M  7.1 18  40   M    M   7 1      24  50
 7  68  47  58   5   7   0    T    M    M  5.1 17 160   M    M   6 1      24 170
 8  59  42  51  -2  14   0 0.16    M    M 10.4 26 290   M    M   9 1      36 290
 9  59  35  47  -6  18   0    T    M    M  7.7 23 320   M    M   5        29 300
10  68  30  49  -5  16   0 0.00    M    M  4.0 13 150   M    M   0        17 190
11  72  37  55   1  10   0 0.00  0.0    M  4.6 14  80   M    M   0        21  80
12  80  42  61   7   4   0 0.00  0.0    0  3.7 13 140   M    M   0        16 150
13  65  52  59   5   6   0 0.57  0.0    0  4.8 12 200   M    M   6 12     15 190
14  71  44  58   3   7   0 0.09    M    M  6.2 20 240   M    M   5 12     27 230
15  50  41  46  -9  19   0 0.01    M    M  9.4 21 220   M    M   9        31 230
16  59  39  49  -6  16   0 0.00    M    M 10.1 26 290   M    M   6        34 270
17  69  42  56   0   9   0 0.00    M    M  7.0 17 210   M    M   6        25 200
18  65  37  51  -5  14   0 0.00    M    M  3.7 10  70   M    M   1        16  90
19  68  47  58   2   7   0    T    M    M  4.9 18 350   M    M   8        23 350
20  74  41  58   1   7   0 0.00    M    M  3.3 13 160   M    M   0 1      16 130
21  69  44  57   0   8   0 0.00  0.0    0  3.7 12 190   M    M   2 1      15 190
22  75  52  64   7   1   0    T    M    M  3.0 21  60   M    M   7        26  70
23  81  45  63   5   2   0 0.00    M    M  4.8 21  50   M    M   0 1      26  30
24  71  51  61   3   4   0    T    M    M  3.5 12 120   M    M   5 1      14 120
25  88  48  68  10   0   3    T    M    M  5.8 29 300   M    M   4 12     40 300
26  85  52  69  11   0   4 0.00    M    M  3.0 13 190   M    M   1 18     17 190
27  89  61  75  16   0  10 0.00    M    M  6.4 20 200   M    M   2        27 150
================================================================================
SM 1818 1199       256  17  2.03     0.0 145.6          M      136
================================================================================
AV 67.3 44.4                               5.4 FASTST   M    M   5    MAX(MPH)
                                 MISC ---->  # 29 300               # 40  300
================================================================================
NOTES:
# LAST OF SEVERAL OCCURRENCES

COLUMN 17 PEAK WIND IN M.P.H.

PRELIMINARY LOCAL CLIMATOLOGICAL DATA (WS FORM: F-6) , PAGE 2

                                          STATION:  GLENS FALLS NY
                                          MONTH:    MAY
                                          YEAR:     2016
                                          LATITUDE:   43 20 N
                                          LONGITUDE:  73 37 W

[TEMPERATURE DATA]      [PRECIPITATION DATA]       SYMBOLS USED IN COLUMN 16

AVERAGE MONTHLY: 55.9   TOTAL FOR MONTH:   2.03    1 = FOG OR MIST
DPTR FM NORMAL:   1.1   DPTR FM NORMAL:   -1.12    2 = FOG REDUCING VISIBILITY
HIGHEST:    89 ON 27    GRTST 24HR  0.57 ON 13-13      TO 1/4 MILE OR LESS
LOWEST:     30 ON 10                               3 = THUNDER
                        SNOW, ICE PELLETS, HAIL    4 = ICE PELLETS
                        TOTAL MONTH:   0.0 INCH    5 = HAIL
                        GRTST 24HR     0.0         6 = FREEZING RAIN OR DRIZZLE
                        GRTST DEPTH:   0           7 = DUSTSTORM OR SANDSTORM:
                                                       VSBY 1/2 MILE OR LESS
                                                   8 = SMOKE OR HAZE
[NO. OF DAYS WITH]      [WEATHER - DAYS WITH]      9 = BLOWING SNOW
                                                   X = TORNADO
MAX 32 OR BELOW:   0    0.01 INCH OR MORE:   8
MAX 90 OR ABOVE:   0    0.10 INCH OR MORE:   6
MIN 32 OR BELOW:   1    0.50 INCH OR MORE:   2
MIN  0 OR BELOW:   0    1.00 INCH OR MORE:   0

[HDD (BASE 65) ]
TOTAL THIS MO.   256    CLEAR  (SCALE 0-3)   9
DPTR FM NORMAL   -29    PTCLDY (SCALE 4-7)  12
TOTAL FM JUL 1  5883    CLOUDY (SCALE 8-10)  6
DPTR FM NORMAL -1678

[CDD (BASE 65) ]
TOTAL THIS MO.    17
DPTR FM NORMAL    13    [PRESSURE DATA]
TOTAL FM JAN 1    17    HIGHEST SLP M ON M
DPTR FM NORMAL    12    LOWEST  SLP 29.53 ON 14

[REMARKS]
