000
CXUS55 KMSO 310900
CF6GPI
PRELIMINARY LOCAL CLIMATOLOGICAL DATA (WS FORM: F-6)

                                          STATION:   KALISPELL MT
                                          MONTH:     MAY
                                          YEAR:      2016
                                          LATITUDE:   48 17 N
                                          LONGITUDE: 114 16 W

  TEMPERATURE IN F:       :PCPN:    SNOW:  WIND      :SUNSHINE: SKY     :PK WND
================================================================================
1   2   3   4   5  6A  6B    7    8   9   10  11  12  13   14  15   16   17  18
                                     12Z  AVG MX 2MIN
DY MAX MIN AVG DEP HDD CDD  WTR  SNW DPTH SPD SPD DIR MIN PSBL S-S WX    SPD DR
================================================================================

 1  71  35  53   6  12   0 0.00  0.0    0  3.3 10 210   M    M   0        13 220
 2  74  33  54   6  11   0 0.00  0.0    0  3.5 13  10   M    M   0        19  10
 3  79  37  58  10   7   0 0.00  0.0    0  4.7 13 150   M    M   0        18 160
 4  77  41  59  11   6   0 0.00  0.0    0  4.8 15 160   M    M   0        18 180
 5  77  50  64  15   1   0 0.01  0.0    0  6.9 26  50   M    M   3        35  60
 6  71  43  57   8   8   0    T  0.0    0 12.5 25  30   M    M   5        33  30
 7  77  39  58   9   7   0 0.00  0.0    0  5.6 14  30   M    M   0        18  30
 8  80  40  60  10   5   0 0.05  0.0    0  8.1 31 280   M    M   3 1      41 290
 9  54  42  48  -2  17   0 0.04  0.0    0 12.0 28  30   M    M   8 18     38  20
10  57  37  47  -3  18   0 0.00  0.0    0  4.7 17  60   M    M   8        21  60
11  60  34  47  -3  18   0    T  0.0    0  6.2 16 150   M    M   8        20 150
12  64  39  52   1  13   0 0.22  0.0    0 12.9 35  20   M    M   6 1      43  30
13  61  38  50  -1  15   0 0.00  0.0    0 11.0 20  20   M    M   5        23  30
14  65  40  53   2  12   0 0.00  0.0    0  9.9 17  20   M    M   0        23  10
15  66  44  55   3  10   0 0.00  0.0    0  7.9 18  50   M    M   4        23  20
16  66  41  54   2  11   0 0.00  0.0    0  2.9 12 210   M    M   8        16 140
17  73  36  55   3  10   0 0.00  0.0    0  3.2 12 160   M    M   1        15 130
18  77  46  62  10   3   0 0.00  0.0    0  4.6 16 150   M    M   4        22 160
19  58  44  51  -2  14   0 0.46  0.0    0  7.3 22 290   M    M   9 13     29 280
20  60  44  52  -1  13   0 0.06  0.0    0 11.1 23  30   M    M   8 1      29  20
21  61  46  54   1  11   0 0.61  0.0    0 11.6 18  20   M    M   7 1      24  30
22  48  45  47  -7  18   0 0.88  0.0    0 10.9 21 190   M    M  10 1      26 180
23  48  44  46  -8  19   0 0.45  0.0    0 10.8 18 160   M    M  10 1      24 140
24  62  40  51  -3  14   0 0.05  0.0    0  2.6 10 160   M    M   6        16 160
25  67  40  54   0  11   0 0.01  0.0    0  4.5 21 290   M    M   7 3      25 290
26  66  46  56   2   9   0 0.24  0.0    0  5.5 15 190   M    M   9 1      19 190
27  63  43  53  -2  12   0    T  0.0    0  5.7 18 160   M    M   7 1      25 230
28  63  35  49  -6  16   0    T  0.0    0  5.6 18 220   M    M   6        26 220
29  67  33  50  -5  15   0 0.02  0.0    0  6.2 29 220   M    M   3        38 210
30  67  40  54  -1  11   0 0.02  0.0    0  4.2 15 310   M    M   4        27 310
================================================================================
SM 1979 1215       347   0  3.12     0.0 210.7          M      149
================================================================================
AV 66.0 40.5                               7.0 FASTST   M    M   5    MAX(MPH)
                                 MISC ---->  # 35  20               # 43   30
================================================================================
NOTES:
# LAST OF SEVERAL OCCURRENCES

COLUMN 17 PEAK WIND IN M.P.H.

PRELIMINARY LOCAL CLIMATOLOGICAL DATA (WS FORM: F-6) , PAGE 2

                                          STATION:  KALISPELL MT
                                          MONTH:    MAY
                                          YEAR:     2016
                                          LATITUDE:   48 17 N
                                          LONGITUDE: 114 16 W

[TEMPERATURE DATA]      [PRECIPITATION DATA]       SYMBOLS USED IN COLUMN 16

AVERAGE MONTHLY: 53.2   TOTAL FOR MONTH:   3.12    1 = FOG OR MIST
DPTR FM NORMAL:   1.6   DPTR FM NORMAL:    1.23    2 = FOG REDUCING VISIBILITY
HIGHEST:    80 ON  8    GRTST 24HR  1.45 ON 21-22      TO 1/4 MILE OR LESS
LOWEST:     33 ON 29, 2                            3 = THUNDER
                        SNOW, ICE PELLETS, HAIL    4 = ICE PELLETS
                        TOTAL MONTH:   0.0 INCH    5 = HAIL
                        GRTST 24HR     0.0         6 = FREEZING RAIN OR DRIZZLE
                        GRTST DEPTH:   0           7 = DUSTSTORM OR SANDSTORM:
                                                       VSBY 1/2 MILE OR LESS
                                                   8 = SMOKE OR HAZE
[NO. OF DAYS WITH]      [WEATHER - DAYS WITH]      9 = BLOWING SNOW
                                                   X = TORNADO
MAX 32 OR BELOW:   0    0.01 INCH OR MORE:  14
MAX 90 OR ABOVE:   0    0.10 INCH OR MORE:   6
MIN 32 OR BELOW:   0    0.50 INCH OR MORE:   2
MIN  0 OR BELOW:   0    1.00 INCH OR MORE:   0

[HDD (BASE 65) ]
TOTAL THIS MO.   347    CLEAR  (SCALE 0-3)   8
DPTR FM NORMAL   -56    PTCLDY (SCALE 4-7)  16
TOTAL FM JUL 1  6942    CLOUDY (SCALE 8-10)  6
DPTR FM NORMAL  -872

[CDD (BASE 65) ]
TOTAL THIS MO.     0
DPTR FM NORMAL     0    [PRESSURE DATA]
TOTAL FM JAN 1     0    HIGHEST SLP M ON M
DPTR FM NORMAL     0    LOWEST  SLP 29.52 ON  8

[REMARKS]
