000
CXUS54 KEWX 280910
CF6T82
PRELIMINARY LOCAL CLIMATOLOGICAL DATA (WS FORM: F-6)

                                          STATION:   FREDERICKSBURG
                                          MONTH:     NOVEMBER
                                          YEAR:      2014
                                          LATITUDE:   30 15 N
                                          LONGITUDE:  98 55 W

  TEMPERATURE IN F:       :PCPN:    SNOW:  WIND      :SUNSHINE: SKY     :PK WND
================================================================================
1   2   3   4   5  6A  6B    7    8   9   10  11  12  13   14  15   16   17  18
                                     12Z  AVG MX 2MIN
DY MAX MIN AVG DEP HDD CDD  WTR  SNW DPTH SPD SPD DIR MIN PSBL S-S WX    SPD DR
================================================================================

 1  66  40  53   M  12   0 0.00    M    M  3.8  8 140   M    M   0         M  M
 2  68  49  59   M   6   0 0.00    M    M  8.7 17 170   M    M   7        21 160
 3  70  62  66   M   0   1 0.00    M    M 10.4 17 180   M    M  10        25 180
 4  71  66  69   M   0   4    M    M    M  9.9 16 170   M    M  10        24 170
 5  62  52  57   M   8   0 2.31    M    M  9.7 16 360   M    M  10 3      21  50
 6  60  53  57   M   8   0 0.08    M    M  7.2 12  10   M    M  10        18  10
 7  67  52  60   M   5   0 0.00    M    M  1.1  6 120   M    M   7         M  M
 8  68  46  57   M   8   0 0.00    M    M  4.1 17 350   M    M   1        24 350
 9  73  38  56   M   9   0 0.00    M    M  4.5 12 240   M    M   0         M  M
10  73  43  58   M   7   0 0.00    M    M  8.0 21 200   M    M   0        25 210
11  61  38  50   M  15   0 0.00    M    M  9.8 18 360   M    M   2        28  10
12  45  31  38   M  27   0 0.00    M    M 11.6 16  20   M    M   2        23  20
13  40  29  35   M  30   0 0.00    M    M 14.1 18 350   M    M  10        25  10
14  41  26  34   M  31   0 0.00    M    M  3.4  9  20   M    M   8         M  M
15  50  33  42   M  23   0 0.00    M    M  4.0  9 190   M    M   8         M  M
16  56  42  49   M  16   0 0.00    M    M  5.1 14  10   M    M  10 1      18 340
17  47  25  36   M  29   0 0.00    M    M 14.3 20 350   M    M   4 1      29 340
18  53  22  38   M  27   0 0.00    M    M  4.2 14 220   M    M   0        18 190
19  65  30  48   M  17   0 0.00    M    M  6.1 16 210   M    M   0        21 220
20  68  35  52   M  13   0 0.00    M    M  6.2 17 190   M    M   5 1      25 210
21  72  60  66   M   0   1 0.00    M    M  6.4 14 190   M    M   9        17 190
22  70  64  67   M   0   2 0.57    M    M  9.3 15 170   M    M  10 3      23 160
23  76  45  61   M   4   0 0.00    M    M  8.2 20 270   M    M   2 1      30 280
24  69  38  54   M  11   0 0.00    M    M  6.5 18 360   M    M   0        27 360
25  62  29  46   M  19   0 0.00    M    M  3.0 13 260   M    M   0        22 260
26  72  31  52   M  13   0 0.00    M    M  4.4 13 320   M    M   0        21 310
27  61  31  46   M  19   0 0.00    M    M  3.0 10  70   M    M   0         M  M
================================================================================
SM 1686 1110       357   8  2.96    M    187.0          M      125
================================================================================
AV 62.4 41.1                               6.9 FASTST   M    M   5    MAX(MPH)
                                 MISC ---->    21   M                 30    M
================================================================================
NOTES:
# LAST OF SEVERAL OCCURRENCES

COLUMN 17 PEAK WIND IN M.P.H.

PRELIMINARY LOCAL CLIMATOLOGICAL DATA (WS FORM: F-6) , PAGE 2

                                          STATION:  FREDERICKSBURG
                                          MONTH:    NOVEMBER
                                          YEAR:     2014
                                          LATITUDE:   30 15 N
                                          LONGITUDE:  98 55 W

[TEMPERATURE DATA]      [PRECIPITATION DATA]       SYMBOLS USED IN COLUMN 16

AVERAGE MONTHLY: 51.8   TOTAL FOR MONTH:   2.96    1 = FOG OR MIST
DPTR FM NORMAL:     M   DPTR FM NORMAL:       M    2 = FOG REDUCING VISIBILITY
HIGHEST:    76 ON 23    GRTST 24HR  2.31 ON  5- 5      TO 1/4 MILE OR LESS
LOWEST:     22 ON 18                               3 = THUNDER
                        SNOW, ICE PELLETS, HAIL    4 = ICE PELLETS
                        TOTAL MONTH:    M          5 = HAIL
                        GRTST 24HR    M  ON   M    6 = FREEZING RAIN OR DRIZZLE
                        GRTST DEPTH:  M  ON   M    7 = DUSTSTORM OR SANDSTORM:
                                                       VSBY 1/2 MILE OR LESS
                                                   8 = SMOKE OR HAZE
[NO. OF DAYS WITH]      [WEATHER - DAYS WITH]      9 = BLOWING SNOW
                                                   X = TORNADO
MAX 32 OR BELOW:   0    0.01 INCH OR MORE:   3
MAX 90 OR ABOVE:   0    0.10 INCH OR MORE:   2
MIN 32 OR BELOW:   9    0.50 INCH OR MORE:   2
MIN  0 OR BELOW:   0    1.00 INCH OR MORE:   1

[HDD (BASE 65) ]
TOTAL THIS MO.   357    CLEAR  (SCALE 0-3)  13
DPTR FM NORMAL     M    PTCLDY (SCALE 4-7)   5
TOTAL FM JUL 1   370    CLOUDY (SCALE 8-10)  9
DPTR FM NORMAL     M

[CDD (BASE 65) ]
TOTAL THIS MO.     8
DPTR FM NORMAL     M    [PRESSURE DATA]
TOTAL FM JAN 1  2376    HIGHEST SLP M ON M
DPTR FM NORMAL     M    LOWEST  SLP M ON M

[REMARKS]
