000
CXUS54 KMEG 030659
CLMMEG
CLIMATE REPORT
NATIONAL WEATHER SERVICE MEMPHIS TN
1259 AM CST SUN DEC 03 2023
...................................
...THE MEMPHIS/GERMANTOWN WFO CLIMATE SUMMARY FOR THE MONTH OF NOVEMBER 2023...
CLIMATE NORMAL PERIOD 1991 TO 2020
CLIMATE RECORD PERIOD 1988 TO 2023
WEATHER OBSERVED NORMAL DEPART LAST YEAR`S
VALUE DATE(S) VALUE FROM VALUE DATE(S)
NORMAL
................................................................
TEMPERATURE (F)
RECORD
HIGH 88 11/01/2016
LOW 14 11/13/2019
HIGHEST 82 11/07 79 3 82 11/08
11/08
LOWEST 27 11/27 25 2 21 11/21
AVG. MAXIMUM 64.1 62.1 2.0 62.5
AVG. MINIMUM 41.3 39.1 2.2 39.8
MEAN 52.7 50.6 2.1 51.2
DAYS MAX >= 90 0 0.0 0.0 0
DAYS MAX <= 32 0 0.1 -0.1 0
DAYS MIN <= 32 6 8.6 -2.6 12
DAYS MIN <= 0 0 0.0 0.0 0
PRECIPITATION (INCHES)
RECORD
MAXIMUM 3.05 2022
MINIMUM 1.65 2020
TOTALS 3.24 4.75 -1.51 3.05
DAILY AVG. 0.11 0.16 -0.05 0.10
DAYS >= .01 9 9.6 -0.6 11
DAYS >= .10 3 6.4 -3.4 5
DAYS >= .50 2 3.0 -1.0 2
DAYS >= 1.00 1 1.5 -0.5 1
GREATEST
24 HR. TOTAL 1.60 11/20 TO 11/20
SNOWFALL (INCHES)
RECORDS
TOTAL MM 2022
TOTALS 0.0 0.0 0.0 T
SINCE 7/1 0.0 0.0 0.0 MM
SNOWDEPTH AVG. 0 0
DAYS >= 1.0 0 0.0 0.0 0
GREATEST
SNOW DEPTH 0 0 MM
24 HR TOTAL MM
DEGREE DAYS
HEATING TOTAL 376 440 -64 417
SINCE 7/1 482 617 -135 MM
COOLING TOTAL 14 8 6 10
SINCE 1/1 2200 1975 225 MM
................................................................
- INDICATES NEGATIVE NUMBERS.
R INDICATES RECORD WAS SET OR TIED.
MM INDICATES DATA IS MISSING.
T INDICATES TRACE AMOUNT.
$$