000
CXUS53 KILX 011000
CF6PIA
PRELIMINARY LOCAL CLIMATOLOGICAL DATA (WS FORM: F-6)
STATION: PEORIA IL
MONTH: NOVEMBER
YEAR: 2023
LATITUDE: 40 40 N
LONGITUDE: 89 41 W
TEMPERATURE IN F: :PCPN: SNOW: WIND :SUNSHINE: SKY :PK WND
================================================================================
1 2 3 4 5 6A 6B 7 8 9 10 11 12 13 14 15 16 17 18
12Z AVG MX 2MIN
DY MAX MIN AVG DEP HDD CDD WTR SNW DPTH SPD SPD DIR MIN PSBL S-S WX SPD DR
================================================================================
1 44 25 35 -13 30 0 0.00 0.0 0 5.7 16 200 M M 0 23 230
2 58 29 44 -4 21 0 0.00 0.0 0 10.0 20 200 M M 0 25 220
3 61 43 52 5 13 0 T 0.0 0 10.4 20 200 M M 3 28 210
4 64 38 51 4 14 0 0.00 0.0 0 2.7 8 280 M M 0 8 14 290
5 65 35 50 4 15 0 0.00 0.0 0 6.8 17 180 M M 0 1 22 190
6 69 48 59 13 6 0 0.00 0.0 0 8.9 20 220 M M 2 27 230
7 64 42 53 7 12 0 0.00 0.0 0 7.8 22 90 M M 1 8 31 100
8 74 48 61 16 4 0 0.00 0.0 0 8.2 17 90 M M 9 26 310
9 60 37 49 4 16 0 0.00 0.0 0 7.3 16 300 M M 0 30 340
10 50 32 41 -3 24 0 0.00 0.0 0 4.5 15 330 M M 0 23 300
11 52 28 40 -4 25 0 0.00 0.0 0 4.7 14 170 M M 2 19 140
12 60 41 51 8 14 0 0.00 0.0 0 10.2 18 180 M M 2 25 180
13 66 33 50 7 15 0 0.00 0.0 0 2.7 15 280 M M 0 20 280
14 64 31 48 6 17 0 0.00 0.0 0 6.9 20 200 M M 0 26 210
15 69 37 53 11 12 0 0.00 0.0 0 5.8 10 210 M M 0 16 230
16 66 42 54 12 11 0 0.00 0.0 0 11.1 26 200 M M 2 36 190
17 62 31 47 6 18 0 0.02 0.0 0 6.7 16 220 M M 3 25 240
18 56 27 42 1 23 0 0.00 0.0 0 3.2 14 230 M M 0 19 280
19 63 31 47 7 18 0 0.00 0.0 0 3.6 13 90 M M 0 17 80
20 53 41 47 7 18 0 0.42 0.0 0 12.0 20 60 M M 8 1 28 60
21 44 37 41 1 24 0 0.10 0.0 0 6.9 15 330 M M 8 1 23 340
22 47 33 40 1 25 0 0.00 0.0 0 7.0 14 240 M M 6 20 240
23 49 30 40 1 25 0 0.00 0.0 0 5.4 12 360 M M 0 21 360
24 36 28 32 -6 33 0 0.00 0.0 0 7.8 16 60 M M 0 21 60
25 42 28 35 -3 30 0 0.00 0.0 0 3.5 9 50 M M 2 8 13 60
26 34 29 32 -5 33 0 0.39 4.1 3 7.0 18 300 M M 10 1 31 270
27 33 18 26 -11 39 0 T T 3 10.3 20 270 M M 3 29 290
28 23 11 17 -20 48 0 0.00 0.0 2 6.2 12 190 M M 0 15 190
29 44 20 32 -4 33 0 0.00 0.0 1 5.5 12 240 M M 0 16 190
30 56 33 45 9 20 0 0.11 0.0 T 9.1 20 220 M M 4 1 27 220
================================================================================
SM 1628 986 636 0 1.04 4.1 207.9 M 65
================================================================================
AV 54.3 32.9 6.9 FASTST M M 2 MAX(MPH)
MISC ----> 26 200 36 190
================================================================================
NOTES:
# LAST OF SEVERAL OCCURRENCES
COLUMN 17 PEAK WIND IN M.P.H.
PRELIMINARY LOCAL CLIMATOLOGICAL DATA (WS FORM: F-6) , PAGE 2
STATION: PEORIA IL
MONTH: NOVEMBER
YEAR: 2023
LATITUDE: 40 40 N
LONGITUDE: 89 41 W
[TEMPERATURE DATA] [PRECIPITATION DATA] SYMBOLS USED IN COLUMN 16
AVERAGE MONTHLY: 43.6 TOTAL FOR MONTH: 1.04 1 = FOG OR MIST
DPTR FM NORMAL: 1.7 DPTR FM NORMAL: -1.66 2 = FOG REDUCING VISIBILITY
HIGHEST: 74 ON 8 GRTST 24HR 0.52 ON 20-21 TO 1/4 MILE OR LESS
LOWEST: 11 ON 28 3 = THUNDER
SNOW, ICE PELLETS, HAIL 4 = ICE PELLETS
TOTAL MONTH: 4.1 INCHES 5 = HAIL
GRTST 24HR 4.1 ON 26-26 6 = FREEZING RAIN OR DRIZZLE
GRTST DEPTH: 3 ON 27,26 7 = DUSTSTORM OR SANDSTORM:
VSBY 1/2 MILE OR LESS
8 = SMOKE OR HAZE
[NO. OF DAYS WITH] [WEATHER - DAYS WITH] 9 = BLOWING SNOW
X = TORNADO
MAX 32 OR BELOW: 1 0.01 INCH OR MORE: 5
MAX 90 OR ABOVE: 0 0.10 INCH OR MORE: 4
MIN 32 OR BELOW: 15 0.50 INCH OR MORE: 0
MIN 0 OR BELOW: 0 1.00 INCH OR MORE: 0
[HDD (BASE 65) ]
TOTAL THIS MO. 636 CLEAR (SCALE 0-3) 23
DPTR FM NORMAL -58 PTCLDY (SCALE 4-7) 4
TOTAL FM JUL 1 926 CLOUDY (SCALE 8-10) 3
DPTR FM NORMAL -173
[CDD (BASE 65) ]
TOTAL THIS MO. 0
DPTR FM NORMAL -1 [PRESSURE DATA]
TOTAL FM JAN 1 1246 HIGHEST SLP 30.53 ON 24
DPTR FM NORMAL 89 LOWEST SLP 29.58 ON 8
[REMARKS]
#FINAL-11-23#