000
CXUS54 KJAN 301200
CF6HKS
PRELIMINARY LOCAL CLIMATOLOGICAL DATA (WS FORM: F-6)

                                          STATION:   JACKSON HAWKINS
                                          MONTH:     OCTOBER
                                          YEAR:      2014
                                          LATITUDE:   32 20 N
                                          LONGITUDE:  90 14 W

  TEMPERATURE IN F:       :PCPN:    SNOW:  WIND      :SUNSHINE: SKY     :PK WND
================================================================================
1   2   3   4   5  6A  6B    7    8   9   10  11  12  13   14  15   16   17  18
                                     12Z  AVG MX 2MIN
DY MAX MIN AVG DEP HDD CDD  WTR  SNW DPTH SPD SPD DIR MIN PSBL S-S WX    SPD DR
================================================================================

 1  90  70  80   9   0  15 0.00  0.0    0  7.5 15 160   M    M   2 18     19 150
 2  92  75  84  13   0  19 0.08  0.0    0  9.8 23 160   M    M   7 13     28 150
 3  82  61  72   2   0   7 0.94  0.0    0  8.1 24 300   M    M   5 13     31 280
 4  71  50  61  -9   4   0 0.00  0.0    0  5.6 16 300   M    M   0        22 340
 5  80  48  64  -6   1   0 0.00  0.0    0  7.3 18 200   M    M   1        24 200
 6  81  61  71   2   0   6 0.00  0.0    0  8.6 18 220   M    M   1        26 190
 7  88  67  78   9   0  13 0.00  0.0    0  7.9 16 210   M    M   3 1      21 210
 8  88  66  77   8   0  12 0.00  0.0    0  3.3 12 190   M    M   1 1      15 190
 9  88  68  78  10   0  13 0.00  0.0    0  6.0 13 160   M    M   3 18     17 160
10  89  74  82  14   0  17    T  0.0    0  8.2 17 210   M    M   4 18     25 210
11  89  70  80  12   0  15 0.00  0.0    0  6.6 15 240   M    M   4        21 230
12  87  68  78  11   0  13    T  0.0    0  7.3 15 160   M    M   4 38     21 230
13  88  61  75   8   0  10 1.85  0.0    0 13.1 29 310   M    M   9 13     41 320
14  72  57  65  -2   0   0 0.00  0.0    0 10.1 20 260   M    M   7        34 260
15  74  51  63  -3   2   0 0.00  0.0    0  6.9 23 270   M    M   0        30 310
16  80  48  64  -2   1   0 0.00  0.0    0  2.1 13 260   M    M   0        16 260
17  83  53  68   2   0   3 0.00  0.0    0  3.7 16 270   M    M   0        20 240
18  80  59  70   5   0   5 0.00  0.0    0  4.6 10 360   M    M   1        16  10
19  74  51  63  -2   2   0 0.00  0.0    0  4.9 15  80   M    M   0        21  80
20  77  47  62  -3   3   0 0.00  0.0    0  1.4  9 310   M    M   0 1      13 310
21  79  51  65   1   0   0 0.00  0.0    0  2.2 10 330   M    M   0 18     16 340
22  75  50  63  -1   2   0 0.00  0.0    0  4.0 12 360   M    M   0 1      19 350
23  68  44  56  -8   9   0 0.00  0.0    0  2.1  9 350   M    M   0        12 110
24  75  44  60  -4   5   0 0.00  0.0    0  3.1 10 330   M    M   0        14  10
25  80  48  64   1   1   0 0.00  0.0    0  2.5 10 290   M    M   0 18     15 270
26  84  56  70   7   0   5 0.00  0.0    0  2.2  9 210   M    M   0 1      22 160
27  83  57  70   7   0   5 0.00  0.0    0  6.7 17 170   M    M   1 12     24 140
28  80  62  71   9   0   6 0.00  0.0    0  6.5 15 180   M    M   2 1      23 130
29  75  54  65   3   0   0    T  0.0    0  4.8 14  30   M    M   5 1      19  20
================================================================================
SM 2352 1671        30 164  2.87     0.0 167.1          M       60
================================================================================
AV 81.1 57.6                               5.8 FASTST   M    M   2    MAX(MPH)
                                 MISC ---->  # 29 310               # 41  320
================================================================================
NOTES:
# LAST OF SEVERAL OCCURRENCES

COLUMN 17 PEAK WIND IN M.P.H.

PRELIMINARY LOCAL CLIMATOLOGICAL DATA (WS FORM: F-6) , PAGE 2

                                          STATION:  JACKSON HAWKINS
                                          MONTH:    OCTOBER
                                          YEAR:     2014
                                          LATITUDE:   32 20 N
                                          LONGITUDE:  90 14 W

[TEMPERATURE DATA]      [PRECIPITATION DATA]       SYMBOLS USED IN COLUMN 16

AVERAGE MONTHLY: 69.4   TOTAL FOR MONTH:   2.87    1 = FOG OR MIST
DPTR FM NORMAL:   2.9   DPTR FM NORMAL:   -0.90    2 = FOG REDUCING VISIBILITY
HIGHEST:    92 ON  2    GRTST 24HR  1.85 ON 13-13      TO 1/4 MILE OR LESS
LOWEST:     44 ON 24,23                            3 = THUNDER
                        SNOW, ICE PELLETS, HAIL    4 = ICE PELLETS
                        TOTAL MONTH:   0.0 INCH    5 = HAIL
                        GRTST 24HR     0.0         6 = FREEZING RAIN OR DRIZZLE
                        GRTST DEPTH:   0           7 = DUSTSTORM OR SANDSTORM:
                                                       VSBY 1/2 MILE OR LESS
                                                   8 = SMOKE OR HAZE
[NO. OF DAYS WITH]      [WEATHER - DAYS WITH]      9 = BLOWING SNOW
                                                   X = TORNADO
MAX 32 OR BELOW:   0    0.01 INCH OR MORE:   3
MAX 90 OR ABOVE:   2    0.10 INCH OR MORE:   2
MIN 32 OR BELOW:   0    0.50 INCH OR MORE:   2
MIN  0 OR BELOW:   0    1.00 INCH OR MORE:   1

[HDD (BASE 65) ]
TOTAL THIS MO.    30    CLEAR  (SCALE 0-3)  21
DPTR FM NORMAL   -41    PTCLDY (SCALE 4-7)   7
TOTAL FM JUL 1    30    CLOUDY (SCALE 8-10)  1
DPTR FM NORMAL   -44

[CDD (BASE 65) ]
TOTAL THIS MO.   164
DPTR FM NORMAL    50    [PRESSURE DATA]
TOTAL FM JAN 1  2416    HIGHEST SLP M ON M
DPTR FM NORMAL   111    LOWEST  SLP 29.68 ON 13

[REMARKS]
