000
CXUS54 KJAN 201200
CF6HKS
PRELIMINARY LOCAL CLIMATOLOGICAL DATA (WS FORM: F-6)

                                          STATION:   JACKSON HAWKINS
                                          MONTH:     FEBRUARY
                                          YEAR:      2018
                                          LATITUDE:   32 20 N
                                          LONGITUDE:  90 14 W

  TEMPERATURE IN F:       :PCPN:    SNOW:  WIND      :SUNSHINE: SKY     :PK WND
================================================================================
1   2   3   4   5  6A  6B    7    8   9   10  11  12  13   14  15   16   17  18
                                     12Z  AVG MX 2MIN
DY MAX MIN AVG DEP HDD CDD  WTR  SNW DPTH SPD SPD DIR MIN PSBL S-S WX    SPD DR
================================================================================

 1  71  47  59  11   6   0 0.02  0.0    0  7.1 18 230   M    M   9 1      24 320
 2  50  33  42  -6  23   0 0.00  0.0    0  7.7 18  10   M    M   2        29  20
 3  52  30  41  -7  24   0 0.76  0.0    0  9.6 17 140   M    M   5 1      21 140
 4  60  47  54   6  11   0 1.01  0.0    0  5.1 25 300   M    M   5 1      34 300
 5  59  35  47  -1  18   0 0.00  0.0    0  5.0 12 350   M    M   5        18 360
 6  67  52  60  11   5   0 0.14  0.0    0  7.4 23 160   M    M  10 13     29 150
 7  66  37  52   3  13   0 2.18  0.0    0  7.3 21 180   M    M   9 13     28 170
 8  61  30  46  -3  19   0 0.00  0.0    0  4.7 10  50   M    M   0 1      15  60
 9  59  37  48  -1  17   0 0.12  0.0    0  4.5 10 150   M    M   5 1      13 130
10  68  57  63  14   2   0 0.93  0.0    0  7.8 16 170   M    M  10 1      22 180
11  65  40  53   3  12   0 0.04  0.0    0  6.0 14 310   M    M   9 13     19 330
12  43  36  40 -10  25   0 0.09  0.0    0  6.4 12  10   M    M  10 18     19  10
13  72  42  57   7   8   0    T  0.0    0  5.5 12 130   M    M   8 1      16 110
14  77  55  66  16   0   1 0.00  0.0    0  9.2 16 190   M    M   8 12     21 180
15  83  63  73  22   0   8 0.00  0.0    0 10.7 24 210   M    M   6 1      33 200
16  73  53  63  12   2   0    T  0.0    0  7.2 15 330   M    M   8        21 330
17  76  51  64  13   1   0 0.09  0.0    0  7.9 17 250   M    M  10 1      26 240
18  64  49  57   6   8   0 0.03  0.0    0  5.8 12 140   M    M   7 1      15 150
19  83  59  71  19   0   6 0.00  0.0    0 11.9 22 180   M    M   5 1      30 180
================================================================================
SM 1249  853       194  15  5.41     0.0 136.8          M      131
================================================================================
AV 65.7 44.9                               7.2 FASTST   M    M   7    MAX(MPH)
                                 MISC ---->  # 25 300               # 34  300
================================================================================
NOTES:
# LAST OF SEVERAL OCCURRENCES

COLUMN 17 PEAK WIND IN M.P.H.

PRELIMINARY LOCAL CLIMATOLOGICAL DATA (WS FORM: F-6) , PAGE 2

                                          STATION:  JACKSON HAWKINS
                                          MONTH:    FEBRUARY
                                          YEAR:     2018
                                          LATITUDE:   32 20 N
                                          LONGITUDE:  90 14 W

[TEMPERATURE DATA]      [PRECIPITATION DATA]       SYMBOLS USED IN COLUMN 16

AVERAGE MONTHLY: 55.3   TOTAL FOR MONTH:   5.41    1 = FOG OR MIST
DPTR FM NORMAL:   5.8   DPTR FM NORMAL:    2.36    2 = FOG REDUCING VISIBILITY
HIGHEST:    83 ON 19,15 GRTST 24HR  2.18 ON  7- 7      TO 1/4 MILE OR LESS
LOWEST:     30 ON  8, 3                            3 = THUNDER
                        SNOW, ICE PELLETS, HAIL    4 = ICE PELLETS
                        TOTAL MONTH:   0.0 INCH    5 = HAIL
                        GRTST 24HR     0.0         6 = FREEZING RAIN OR DRIZZLE
                        GRTST DEPTH:   0           7 = DUSTSTORM OR SANDSTORM:
                                                       VSBY 1/2 MILE OR LESS
                                                   8 = SMOKE OR HAZE
[NO. OF DAYS WITH]      [WEATHER - DAYS WITH]      9 = BLOWING SNOW
                                                   X = TORNADO
MAX 32 OR BELOW:   0    0.01 INCH OR MORE:  11
MAX 90 OR ABOVE:   0    0.10 INCH OR MORE:   6
MIN 32 OR BELOW:   2    0.50 INCH OR MORE:   4
MIN  0 OR BELOW:   0    1.00 INCH OR MORE:   2

[HDD (BASE 65) ]
TOTAL THIS MO.   194    CLEAR  (SCALE 0-3)   2
DPTR FM NORMAL  -105    PTCLDY (SCALE 4-7)  10
TOTAL FM JUL 1  1713    CLOUDY (SCALE 8-10)  7
DPTR FM NORMAL   -38

[CDD (BASE 65) ]
TOTAL THIS MO.    15
DPTR FM NORMAL    15    [PRESSURE DATA]
TOTAL FM JAN 1    15    HIGHEST SLP M ON M
DPTR FM NORMAL    11    LOWEST  SLP 29.81 ON  4

[REMARKS]
