000
CXUS54 KCRP 221300
CF6VCT
PRELIMINARY LOCAL CLIMATOLOGICAL DATA (WS FORM: F-6)

                                          STATION:   VICTORIA
                                          MONTH:     APRIL
                                          YEAR:      2014
                                          LATITUDE:   28 51 N
                                          LONGITUDE:  96 55 W

  TEMPERATURE IN F:       :PCPN:    SNOW:  WIND      :SUNSHINE: SKY     :PK WND
================================================================================
1   2   3   4   5  6A  6B    7    8   9   10  11  12  13   14  15   16   17  18
                                     12Z  AVG MX 2MIN
DY MAX MIN AVG DEP HDD CDD  WTR  SNW DPTH SPD SPD DIR MIN PSBL S-S WX    SPD DR
================================================================================

 1  85  69  77  10   0  12 0.01  0.0    0 14.0 24 160   M    M  10 1      30 160
 2  84  73  79  12   0  14 0.00  0.0    0 20.2 32 160   M    M  10 18     41 170
 3  80  73  77  10   0  12 0.01  0.0    0 15.9 26 160   M    M  10 18     36 170
 4  77  56  67   0   0   2    T  0.0    0 13.2 29  20   M    M   3 18     37  10
 5  70  54  62  -6   3   0    T  0.0    0 11.4 18  80   M    M   8 1      23  70
 6  71  53  62  -6   3   0 0.14  0.0    0  9.8 21 340   M    M   9 12     25 350
 7  78  47  63  -5   2   0 0.07    M    0  8.9 29 320   M    M   3 13     34 320
 8  79  49  64  -4   1   0 0.00  0.0    0 12.2 29 350   M    M   0        40 320
 9  82  45  64  -4   1   0 0.00  0.0    0  8.5 23 160   M    M   0        28 170
10  84  55  70   1   0   5 0.00  0.0    0 16.0 29 170   M    M   0        37 150
11  83  59  71   2   0   6 0.00  0.0    0 13.8 26 160   M    M   3 1      36 150
12  84  66  75   6   0  10 0.00  0.0    0 15.6 29 160   M    M   9 1      35 160
13  82  71  77   8   0  12    T  0.0    0 17.0 29 150   M    M   9 18     35 150
14  78  49  64  -6   1   0 0.14    M    0 16.9 36 350   M    M   7 13     48 350
15  67  38  53 -17  12   0 0.00  0.0    0  8.1 22  20   M    M   0        28  20
16  72  40  56 -14   9   0 0.00  0.0    0 11.0 24 130   M    M   3        32 140
17  72  57  65  -5   0   0 0.01  0.0    0  9.4 18 120   M    M   8 138    23 120
18  82  59  71   1   0   6 0.00  0.0    0  6.8 16  40   M    M   5 1      23  50
19  82  51  67  -4   0   2 0.00  0.0    0  8.4 21 150   M    M   5 12     31 140
20  81  58  70  -1   0   5 0.00  0.0    0 10.7 24 120   M    M   7 12     28 120
21  79  62  71   0   0   6 0.00  0.0    0  8.8 17 160   M    M   7 1      22 160
================================================================================
SM 1652 1184        32  92  0.38     0.0 256.6          M      116
================================================================================
AV 78.7 56.4                              12.2 FASTST   M    M   6    MAX(MPH)
                                 MISC ---->  # 36 350               # 48  350
================================================================================
NOTES:
# LAST OF SEVERAL OCCURRENCES

COLUMN 17 PEAK WIND IN M.P.H.

PRELIMINARY LOCAL CLIMATOLOGICAL DATA (WS FORM: F-6) , PAGE 2

                                          STATION:  VICTORIA
                                          MONTH:    APRIL
                                          YEAR:     2014
                                          LATITUDE:   28 51 N
                                          LONGITUDE:  96 55 W

[TEMPERATURE DATA]      [PRECIPITATION DATA]       SYMBOLS USED IN COLUMN 16

AVERAGE MONTHLY: 67.5   TOTAL FOR MONTH:   0.38    1 = FOG OR MIST
DPTR FM NORMAL:  -1.4   DPTR FM NORMAL:   -1.49    2 = FOG REDUCING VISIBILITY
HIGHEST:    85 ON  1    GRTST 24HR  0.14 ON 14-14      TO 1/4 MILE OR LESS
LOWEST:     38 ON 15                               3 = THUNDER
                        SNOW, ICE PELLETS, HAIL    4 = ICE PELLETS
                        TOTAL MONTH:   0.0 INCH    5 = HAIL
                        GRTST 24HR     0.0         6 = FREEZING RAIN OR DRIZZLE
                        GRTST DEPTH:   0           7 = DUSTSTORM OR SANDSTORM:
                                                       VSBY 1/2 MILE OR LESS
                                                   8 = SMOKE OR HAZE
[NO. OF DAYS WITH]      [WEATHER - DAYS WITH]      9 = BLOWING SNOW
                                                   X = TORNADO
MAX 32 OR BELOW:   0    0.01 INCH OR MORE:   6
MAX 90 OR ABOVE:   0    0.10 INCH OR MORE:   2
MIN 32 OR BELOW:   0    0.50 INCH OR MORE:   0
MIN  0 OR BELOW:   0    1.00 INCH OR MORE:   0

[HDD (BASE 65) ]
TOTAL THIS MO.    32    CLEAR  (SCALE 0-3)   6
DPTR FM NORMAL     4    PTCLDY (SCALE 4-7)   8
TOTAL FM JUL 1  1490    CLOUDY (SCALE 8-10)  7
DPTR FM NORMAL   244

[CDD (BASE 65) ]
TOTAL THIS MO.    92
DPTR FM NORMAL   -16    [PRESSURE DATA]
TOTAL FM JAN 1   202    HIGHEST SLP M ON M
DPTR FM NORMAL   -18    LOWEST  SLP 29.64 ON  6

[REMARKS]
