000
CXUS54 KCRP 291300
CF6VCT
PRELIMINARY LOCAL CLIMATOLOGICAL DATA (WS FORM: F-6)

                                          STATION:   VICTORIA
                                          MONTH:     AUGUST
                                          YEAR:      2015
                                          LATITUDE:   28 51 N
                                          LONGITUDE:  96 55 W

  TEMPERATURE IN F:       :PCPN:    SNOW:  WIND      :SUNSHINE: SKY     :PK WND
================================================================================
1   2   3   4   5  6A  6B    7    8   9   10  11  12  13   14  15   16   17  18
                                     12Z  AVG MX 2MIN
DY MAX MIN AVG DEP HDD CDD  WTR  SNW DPTH SPD SPD DIR MIN PSBL S-S WX    SPD DR
================================================================================

 1  99  72  86   2   0  21 0.00  0.0    0  6.9 17 130   M    M   0 1      26  20
 2  99  70  85   0   0  20 0.00  0.0    0  5.9 18 170   M    M   1 1      23 180
 3  95  70  83  -2   0  18 0.00  0.0    0  6.2 20 140   M    M   2 1      25 140
 4  97  76  87   2   0  22 0.00  0.0    0  8.8 18 170   M    M   2 1      31 170
 5  98  77  88   3   0  23 0.00  0.0    0 10.4 23 160   M    M   2        27 170
 6  98  77  88   3   0  23 0.00  0.0    0 12.0 23 150   M    M   1 1      30 160
 7  97  76  87   2   0  22 0.00  0.0    0 10.1 21 170   M    M   2 1      27 150
 8  98  78  88   3   0  23 0.00  0.0    0 12.0 18 190   M    M   2 18     24 200
 9  99  75  87   2   0  22 0.00  0.0    0  8.3 18 160   M    M   1 18     23 150
10 101  71  86   1   0  21 0.00  0.0    0  6.2 20 160   M    M   1 12     24 150
11 104  70  87   2   0  22 0.00  0.0    0  6.5 21 150   M    M   0 1      23 150
12 104  77  91   6   0  26 0.00  0.0    0  7.2 20 180   M    M   1        23 170
13  99  77  88   3   0  23 1.08  0.0    0  6.1 20  50   M    M   6 13     25  50
14 101  77  89   4   0  24 0.00  0.0    0  6.1 26 120   M    M   2 8      33 120
15  99  74  87   2   0  22 0.00  0.0    0  6.6 25 130   M    M   1 1      32 110
16  91  74  83  -2   0  18 0.53  0.0    0  4.6 28 170   M    M   2 13     35 160
17  94  72  83  -2   0  18 0.00  0.0    0  5.6 17 150   M    M   1 13     20 170
18  94  76  85   1   0  20 0.00  0.0    0 11.6 24 150   M    M   2        32 150
19  95  78  87   3   0  22 0.00  0.0    0 11.4 22 140   M    M   2 1      28 190
20  81  70  76  -8   0  11 0.51  0.0    0  7.1 29 130   M    M   5 13     34 130
21  88  70  79  -5   0  14 0.25  0.0    0  7.6 20 170   M    M   5 18     27 170
22  92  74  83  -1   0  18 0.00  0.0    0  9.9  9 140   M    M   3 128    11 140
23  95  76  86   2   0  21 0.02  0.0    0  7.0  9 180   M    M   3 13     12 180
24  97  73  85   1   0  20 0.00  0.0    0  3.3 13 180   M    M   2 12     16 180
25  97  75  86   2   0  21 0.00  0.0    0  5.9 29  60   M    M   2 12     41  50
26  94  72  83  -1   0  18 0.00  0.0    0  6.4 16 130   M    M   1 1      19 130
27  94  65  80  -4   0  15 0.00  0.0    0  4.9 12  50   M    M   0 18     14 100
28  93  65  79  -5   0  14 0.00  0.0    0  4.9 14 190   M    M   0 1      18 170
================================================================================
SM 2693 2057         0 562  2.39     0.0 209.5          M       52
================================================================================
AV 96.2 73.5                               7.5 FASTST   M    M   2    MAX(MPH)
                                 MISC ---->  # 29 130               # 41   50
================================================================================
NOTES:
# LAST OF SEVERAL OCCURRENCES

COLUMN 17 PEAK WIND IN M.P.H.

PRELIMINARY LOCAL CLIMATOLOGICAL DATA (WS FORM: F-6) , PAGE 2

                                          STATION:  VICTORIA
                                          MONTH:    AUGUST
                                          YEAR:     2015
                                          LATITUDE:   28 51 N
                                          LONGITUDE:  96 55 W

[TEMPERATURE DATA]      [PRECIPITATION DATA]       SYMBOLS USED IN COLUMN 16

AVERAGE MONTHLY: 84.8   TOTAL FOR MONTH:   2.39    1 = FOG OR MIST
DPTR FM NORMAL:   0.2   DPTR FM NORMAL:   -0.07    2 = FOG REDUCING VISIBILITY
HIGHEST:   104 ON 12,11 GRTST 24HR  1.08 ON 13-13      TO 1/4 MILE OR LESS
LOWEST:     65 ON 28,27                            3 = THUNDER
                        SNOW, ICE PELLETS, HAIL    4 = ICE PELLETS
                        TOTAL MONTH:   0.0 INCH    5 = HAIL
                        GRTST 24HR     0.0         6 = FREEZING RAIN OR DRIZZLE
                        GRTST DEPTH:   0           7 = DUSTSTORM OR SANDSTORM:
                                                       VSBY 1/2 MILE OR LESS
                                                   8 = SMOKE OR HAZE
[NO. OF DAYS WITH]      [WEATHER - DAYS WITH]      9 = BLOWING SNOW
                                                   X = TORNADO
MAX 32 OR BELOW:   0    0.01 INCH OR MORE:   5
MAX 90 OR ABOVE:  26    0.10 INCH OR MORE:   4
MIN 32 OR BELOW:   0    0.50 INCH OR MORE:   3
MIN  0 OR BELOW:   0    1.00 INCH OR MORE:   1

[HDD (BASE 65) ]
TOTAL THIS MO.     0    CLEAR  (SCALE 0-3)  25
DPTR FM NORMAL     0    PTCLDY (SCALE 4-7)   3
TOTAL FM JUL 1     0    CLOUDY (SCALE 8-10)  0
DPTR FM NORMAL     0

[CDD (BASE 65) ]
TOTAL THIS MO.   562
DPTR FM NORMAL    12    [PRESSURE DATA]
TOTAL FM JAN 1  2373    HIGHEST SLP M ON M
DPTR FM NORMAL    70    LOWEST  SLP 29.73 ON 19

[REMARKS]
