000
CXUS54 KFWD 270730
CF6ACT
PRELIMINARY LOCAL CLIMATOLOGICAL DATA (WS FORM: F-6)
STATION: WACO
MONTH: APRIL
YEAR: 2024
LATITUDE: 31 37 N
LONGITUDE: 97 13 W
TEMPERATURE IN F: :PCPN: SNOW: WIND :SUNSHINE: SKY :PK WND
================================================================================
1 2 3 4 5 6A 6B 7 8 9 10 11 12 13 14 15 16 17 18
12Z AVG MX 2MIN
DY MAX MIN AVG DEP HDD CDD WTR SNW DPTH SPD SPD DIR MIN PSBL S-S WX SPD DR
================================================================================
1 81 63 72 9 0 7 0.19 0.0 0 14.4 29 180 M M 7 138 38 170
2 67 51 59 -4 6 0 T 0.0 0 11.9 24 310 M M 3 3 35 360
3 79 42 61 -3 4 0 0.00 0.0 0 9.6 23 300 M M 0 31 310
4 82 42 62 -2 3 0 0.00 0.0 0 5.8 12 160 M M 0 15 170
5 87 50 69 5 0 4 0.00 0.0 0 10.3 24 180 M M 0 33 180
6 76 59 68 4 0 3 0.00 0.0 0 18.0 30 180 M M 6 40 180
7 79 50 65 1 0 0 0.00 0.0 0 9.0 15 180 M M 3 20 200
8 82 51 67 2 0 2 T 0.0 0 6.0 22 150 M M 7 138 28 140
9 72 62 67 2 0 2 0.61 0.0 0 8.4 22 50 M M 10 13 28 40
10 65 49 57 -8 8 0 0.23 0.0 0 12.4 24 320 M M 8 13 39 340
11 76 45 61 -4 4 0 0.00 0.0 0 8.1 17 330 M M 0 24 350
12 79 44 62 -4 3 0 0.00 0.0 0 8.9 21 170 M M 0 26 160
13 80 56 68 2 0 3 0.00 0.0 0 14.1 24 180 M M 1 33 180
14 80 63 72 6 0 7 0.00 0.0 0 13.8 21 200 M M 4 27 200
15 81 68 75 9 0 10 T 0.0 0 15.0 28 150 M M 8 39 140
16 83 70 77 11 0 12 T 0.0 0 10.8 17 180 M M 7 3 24 180
17 82 71 77 11 0 12 T 0.0 0 8.8 17 150 M M 6 24 160
18 87 70 79 12 0 14 0.00 0.0 0 9.3 18 10 M M 7 25 10
19 72 61 67 0 0 2 0.00 0.0 0 10.3 20 360 M M 9 26 360
20 65 49 57 -10 8 0 1.56 0.0 0 13.3 23 10 M M 10 13 33 360
21 68 47 58 -9 7 0 T 0.0 0 9.6 18 10 M M 4 29 30
22 71 42 57 -11 8 0 0.00 0.0 M 7.2 20 180 M M 0 26 180
23 76 56 66 -2 0 1 0.00 0.0 M 14.8 24 180 M M 4 30 170
24 82 64 73 5 0 8 0.00 0.0 M 9.1 22 150 M M 8 1 28 170
25 81 67 74 6 0 9 T 0.0 M 13.8 23 160 M M 9 35 150
26 77 72 75 6 0 10 0.03 0.0 M 12.5 23 150 M M 8 3 32 150
================================================================================
SM 2010 1464 51 106 2.62 0.0 285.2 M 129
================================================================================
AV 77.3 56.3 11.0 FASTST M M 5 MAX(MPH)
MISC ----> 30 180 40 180
================================================================================
NOTES:
# LAST OF SEVERAL OCCURRENCES
COLUMN 17 PEAK WIND IN M.P.H.
PRELIMINARY LOCAL CLIMATOLOGICAL DATA (WS FORM: F-6) , PAGE 2
STATION: WACO
MONTH: APRIL
YEAR: 2024
LATITUDE: 31 37 N
LONGITUDE: 97 13 W
[TEMPERATURE DATA] [PRECIPITATION DATA] SYMBOLS USED IN COLUMN 16
AVERAGE MONTHLY: 66.8 TOTAL FOR MONTH: 2.62 1 = FOG OR MIST
DPTR FM NORMAL: 1.0 DPTR FM NORMAL: -0.18 2 = FOG REDUCING VISIBILITY
HIGHEST: 87 ON 18, 5 GRTST 24HR 1.56 ON 20-20 TO 1/4 MILE OR LESS
LOWEST: 42 ON 22, 4 3 = THUNDER
SNOW, ICE PELLETS, HAIL 4 = ICE PELLETS
TOTAL MONTH: 0.0 INCH 5 = HAIL
GRTST 24HR 0.0 6 = FREEZING RAIN OR DRIZZLE
GRTST DEPTH: 0 7 = DUSTSTORM OR SANDSTORM:
VSBY 1/2 MILE OR LESS
8 = SMOKE OR HAZE
[NO. OF DAYS WITH] [WEATHER - DAYS WITH] 9 = BLOWING SNOW
X = TORNADO
MAX 32 OR BELOW: 0 0.01 INCH OR MORE: 5
MAX 90 OR ABOVE: 0 0.10 INCH OR MORE: 4
MIN 32 OR BELOW: 0 0.50 INCH OR MORE: 2
MIN 0 OR BELOW: 0 1.00 INCH OR MORE: 1
[HDD (BASE 65) ]
TOTAL THIS MO. 51 CLEAR (SCALE 0-3) 8
DPTR FM NORMAL -21 PTCLDY (SCALE 4-7) 13
TOTAL FM JUL 1 1844 CLOUDY (SCALE 8-10) 5
DPTR FM NORMAL -223
[CDD (BASE 65) ]
TOTAL THIS MO. 106
DPTR FM NORMAL 13 [PRESSURE DATA]
TOTAL FM JAN 1 188 HIGHEST SLP M ON M
DPTR FM NORMAL 44 LOWEST SLP 29.48 ON 1
[REMARKS]