000
CXUS51 KBGM 280810
CF6AVP
PRELIMINARY LOCAL CLIMATOLOGICAL DATA (WS FORM: F-6)
STATION: AVOCA PA
MONTH: MARCH
YEAR: 2024
LATITUDE: 41 19 N
LONGITUDE: 75 44 W
TEMPERATURE IN F: :PCPN: SNOW: WIND :SUNSHINE: SKY :PK WND
================================================================================
1 2 3 4 5 6A 6B 7 8 9 10 11 12 13 14 15 16 17 18
12Z AVG MX 2MIN
DY MAX MIN AVG DEP HDD CDD WTR SNW DPTH SPD SPD DIR MIN PSBL S-S WX SPD DR
================================================================================
1 50 20 35 1 30 0 0.00 0.0 M 4.1 13 170 M M 0 22 180
2 47 36 42 8 23 0 0.47 0.0 M 3.7 13 40 M M 10 1 17 230
3 57 45 51 17 14 0 T 0.0 M 3.0 10 60 M M 9 1 14 100
4 67 46 57 23 8 0 0.00 0.0 M 6.5 14 140 M M 9 25 150
5 50 45 48 13 17 0 0.66 0.0 M 4.2 9 110 M M 10 1 14 220
6 56 47 52 17 13 0 0.61 0.0 M 2.7 9 220 M M 10 1 15 240
7 51 37 44 9 21 0 0.14 0.0 M 6.7 15 350 M M 9 1 23 10
8 60 32 46 10 19 0 0.00 0.0 M 3.5 9 130 M M 2 128 16 150
9 44 39 42 6 23 0 1.09 0.0 M 6.4 16 70 M M 8 18 28 130
10 46 30 38 2 27 0 0.08 0.1 M 10.1 32 300 M M 10 18 56 270
11 49 31 40 4 25 0 T T M 16.6 35 330 M M 4 48 330
12 65 40 53 16 12 0 0.00 0.0 M 8.6 16 350 M M 2 8 22 210
13 71 36 54 17 11 0 0.00 0.0 M 6.1 16 240 M M 1 8 24 220
14 73 42 58 21 7 0 T 0.0 M 3.4 20 230 M M 2 8 32 180
15 66 41 54 16 11 0 0.02 0.0 M 9.9 28 230 M M 8 1 44 220
16 57 38 48 10 17 0 0.00 0.0 M 6.5 20 260 M M 4 28 260
17 55 41 48 10 17 0 0.05 0.0 M 10.3 24 260 M M 8 36 270
18 41 32 37 -2 28 0 T T M 9.7 20 320 M M 9 26 340
19 42 31 37 -2 28 0 0.03 0.5 M 9.4 21 250 M M 10 18 29 210
20 41 27 34 -5 31 0 0.14 0.1 M 6.6 26 310 M M 7 1238 39 350
21 38 25 32 -8 33 0 0.00 0.0 M 11.9 24 330 M M 3 38 330
22 45 21 33 -7 32 0 0.00 0.0 M 4.2 14 30 M M 4 22 170
23 40 29 35 -5 30 0 1.40 0.0 M 10.6 25 340 M M 10 1 37 340
24 44 29 37 -4 28 0 T 0.0 M 8.9 22 20 M M 5 30 350
25 59 29 44 3 21 0 0.00 0.0 M 4.8 12 130 M M 0 18 130
26 63 32 48 6 17 0 0.00 0.0 M 4.8 13 210 M M 4 8 22 150
27 50 43 47 5 18 0 0.08 0.0 M 2.3 10 240 M M 9 18 14 170
================================================================================
SM 1427 944 561 0 4.77 0.7 185.5 M 167
================================================================================
AV 52.9 35.0 6.9 FASTST M M 6 MAX(MPH)
MISC ----> 35 330 56 270
================================================================================
NOTES:
# LAST OF SEVERAL OCCURRENCES
COLUMN 17 PEAK WIND IN M.P.H.
PRELIMINARY LOCAL CLIMATOLOGICAL DATA (WS FORM: F-6) , PAGE 2
STATION: AVOCA PA
MONTH: MARCH
YEAR: 2024
LATITUDE: 41 19 N
LONGITUDE: 75 44 W
[TEMPERATURE DATA] [PRECIPITATION DATA] SYMBOLS USED IN COLUMN 16
AVERAGE MONTHLY: 43.9 TOTAL FOR MONTH: 4.77 1 = FOG OR MIST
DPTR FM NORMAL: 6.4 DPTR FM NORMAL: 2.37 2 = FOG REDUCING VISIBILITY
HIGHEST: 73 ON 14 GRTST 24HR 1.40 ON 23-23 TO 1/4 MILE OR LESS
LOWEST: 20 ON 1 3 = THUNDER
SNOW, ICE PELLETS, HAIL 4 = ICE PELLETS
TOTAL MONTH: 0.7 INCH 5 = HAIL
GRTST 24HR 0.5 ON 19-19 6 = FREEZING RAIN OR DRIZZLE
GRTST DEPTH: M ON M 7 = DUSTSTORM OR SANDSTORM:
VSBY 1/2 MILE OR LESS
8 = SMOKE OR HAZE
[NO. OF DAYS WITH] [WEATHER - DAYS WITH] 9 = BLOWING SNOW
X = TORNADO
MAX 32 OR BELOW: 0 0.01 INCH OR MORE: 12
MAX 90 OR ABOVE: 0 0.10 INCH OR MORE: 7
MIN 32 OR BELOW: 13 0.50 INCH OR MORE: 4
MIN 0 OR BELOW: 0 1.00 INCH OR MORE: 2
[HDD (BASE 65) ]
TOTAL THIS MO. 561 CLEAR (SCALE 0-3) 6
DPTR FM NORMAL -180 PTCLDY (SCALE 4-7) 8
TOTAL FM JUL 1 4321 CLOUDY (SCALE 8-10) 13
DPTR FM NORMAL -670
[CDD (BASE 65) ]
TOTAL THIS MO. 0
DPTR FM NORMAL 0 [PRESSURE DATA]
TOTAL FM JAN 1 0 HIGHEST SLP M ON M
DPTR FM NORMAL 0 LOWEST SLP 29.44 ON 10
[REMARKS]