000
CXUS51 KBGM 012207 AAA
CF6AVP
PRELIMINARY LOCAL CLIMATOLOGICAL DATA (WS FORM: F-6)
STATION: AVOCA PA
MONTH: APRIL
YEAR: 2022
LATITUDE: 41 19 N
LONGITUDE: 75 44 W
TEMPERATURE IN F: :PCPN: SNOW: WIND :SUNSHINE: SKY :PK WND
================================================================================
1 2 3 4 5 6A 6B 7 8 9 10 11 12 13 14 15 16 17 18
12Z AVG MX 2MIN
DY MAX MIN AVG DEP HDD CDD WTR SNW DPTH SPD SPD DIR MIN PSBL S-S WX SPD DR
================================================================================
1 57 37 47 3 18 0 0.50 T M 12.8 25 320 M M 10 1 36 290
2 50 33 42 -2 23 0 T T M 7.9 23 310 M M 5 30 310
3 45 37 41 -4 24 0 0.27 T M 6.7 20 330 M M 9 1 25 320
4 49 36 43 -2 22 0 0.00 0.0 M 6.4 18 320 M M 7 23 340
5 64 37 51 5 14 0 T 0.0 M 6.3 14 130 M M 5 23 120
6 58 45 52 6 13 0 0.31 0.0 M 7.4 17 60 M M 10 18 23 50
7 51 45 48 2 17 0 2.14 0.0 M 4.8 14 70 M M 10 13 23 60
8 59 41 50 3 15 0 0.06 0.0 M 6.2 20 250 M M 7 1 24 260
9 50 40 45 -2 20 0 0.14 0.0 M 4.8 24 280 M M 9 1 29 270
10 44 37 41 -7 24 0 0.01 0.0 M 9.1 22 330 M M 10 30 340
11 65 30 48 0 17 0 T 0.0 M 4.6 14 210 M M 3 8 20 170
12 69 47 58 9 7 0 0.16 0.0 M 6.0 15 320 M M 5 1 25 330
13 78 49 64 15 1 0 T 0.0 M 6.8 17 250 M M 3 24 230
14 80 45 63 13 2 0 0.01 0.0 M 7.8 32 340 M M 4 44 350
15 68 36 52 2 13 0 0.00 0.0 M 8.1 26 240 M M 0 39 260
16 61 41 51 1 14 0 0.66 0.0 M 7.2 23 320 M M 8 1 33 230
17 47 30 39 -12 26 0 T T M 9.0 24 330 M M 6 32 340
18 50 29 40 -11 25 0 0.92 T M 6.5 16 140 M M 4 1 25 160
19 47 33 40 -12 25 0 0.61 2.2 M 12.2 30 250 M M 10 1 39 250
20 55 38 47 -5 18 0 0.00 0.0 M 8.2 21 350 M M 4 28 360
21 61 43 52 -1 13 0 T 0.0 M 6.7 18 190 M M 4 32 220
22 63 44 54 1 11 0 0.00 0.0 M 7.2 20 340 M M 1 1 25 10
23 67 44 56 2 9 0 T 0.0 M 4.5 17 250 M M 8 20 260
24 79 50 65 11 0 0 0.00 0.0 M 5.7 14 190 M M 0 22 190
25 68 48 58 4 7 0 0.00 0.0 M 5.0 15 190 M M 6 24 160
26 57 47 52 -3 13 0 0.37 0.0 M 3.6 17 20 M M 10 1 21 20
27 47 35 41 -14 24 0 T T M 13.6 22 320 M M 9 29 310
28 52 35 44 -12 21 0 T T M 13.7 28 330 M M 4 37 320
29 59 35 47 -9 18 0 0.00 0.0 M 11.5 23 330 M M 0 30 330
30 66 31 49 -7 16 0 0.00 0.0 M 5.9 16 340 M M 0 23 360
================================================================================
SM 1766 1178 470 0 6.16 2.2 226.2 M 171
================================================================================
AV 58.9 39.3 7.5 FASTST M M 6 MAX(MPH)
MISC ----> 32 340 44 350
================================================================================
NOTES:
# LAST OF SEVERAL OCCURRENCES
COLUMN 17 PEAK WIND IN M.P.H.
PRELIMINARY LOCAL CLIMATOLOGICAL DATA (WS FORM: F-6) , PAGE 2
STATION: AVOCA PA
MONTH: APRIL
YEAR: 2022
LATITUDE: 41 19 N
LONGITUDE: 75 44 W
[TEMPERATURE DATA] [PRECIPITATION DATA] SYMBOLS USED IN COLUMN 16
AVERAGE MONTHLY: 49.1 TOTAL FOR MONTH: 6.16 1 = FOG OR MIST
DPTR FM NORMAL: -1.1 DPTR FM NORMAL: 2.90 2 = FOG REDUCING VISIBILITY
HIGHEST: 80 ON 14 GRTST 24HR 2.14 ON 7- 7 TO 1/4 MILE OR LESS
LOWEST: 29 ON 18 3 = THUNDER
SNOW, ICE PELLETS, HAIL 4 = ICE PELLETS
TOTAL MONTH: 2.2 INCHES 5 = HAIL
GRTST 24HR 2.2 ON 19-19 6 = FREEZING RAIN OR DRIZZLE
GRTST DEPTH: M ON M 7 = DUSTSTORM OR SANDSTORM:
VSBY 1/2 MILE OR LESS
8 = SMOKE OR HAZE
[NO. OF DAYS WITH] [WEATHER - DAYS WITH] 9 = BLOWING SNOW
X = TORNADO
MAX 32 OR BELOW: 0 0.01 INCH OR MORE: 13
MAX 90 OR ABOVE: 0 0.10 INCH OR MORE: 10
MIN 32 OR BELOW: 4 0.50 INCH OR MORE: 5
MIN 0 OR BELOW: 0 1.00 INCH OR MORE: 1
[HDD (BASE 65) ]
TOTAL THIS MO. 470 CLEAR (SCALE 0-3) 7
DPTR FM NORMAL 18 PTCLDY (SCALE 4-7) 14
TOTAL FM JUL 1 5056 CLOUDY (SCALE 8-10) 9
DPTR FM NORMAL -477
[CDD (BASE 65) ]
TOTAL THIS MO. 0
DPTR FM NORMAL -8 [PRESSURE DATA]
TOTAL FM JAN 1 0 HIGHEST SLP 30.45 ON 22
DPTR FM NORMAL -8 LOWEST SLP 29.46 ON 1
[REMARKS]
#FINAL-04-22#
5TH GREATEST APRIL PRECIPITATION
TAC