000
CXUS51 KBGM 050143 CCA
CF6AVP
PRELIMINARY LOCAL CLIMATOLOGICAL DATA (WS FORM: F-6)
STATION: AVOCA PA
MONTH: JANUARY
YEAR: 2023
LATITUDE: 41 19 N
LONGITUDE: 75 44 W
TEMPERATURE IN F: :PCPN: SNOW: WIND :SUNSHINE: SKY :PK WND
================================================================================
1 2 3 4 5 6A 6B 7 8 9 10 11 12 13 14 15 16 17 18
12Z AVG MX 2MIN
DY MAX MIN AVG DEP HDD CDD WTR SNW DPTH SPD SPD DIR MIN PSBL S-S WX SPD DR
================================================================================
1 M 41 M M M M 0.00 0.0 M 5.2 14 220 M M 8 18 18 220
2 M 43 M M M M T 0.0 M 3.1 12 240 M M 8 15 250
3 M M M M M M 0.35 0.0 M 3.2 12 260 M M 10 128 13 250
4 61 M M M M M 0.08 0.0 M 3.8 12 210 M M 8 18 18 190
5 57 41 49 20 16 0 0.01 0.0 M 6.0 13 240 M M 3 1 18 210
6 43 36 40 11 25 0 0.05 0.0 M 3.6 15 330 M M 9 12 19 330
7 40 34 37 8 28 0 T T M 6.2 16 330 M M 10 1 20 320
8 38 28 33 5 32 0 0.00 0.0 M 4.5 16 340 M M 4 23 340
9 41 27 34 6 31 0 0.00 0.0 M 5.1 14 320 M M 5 1 19 330
10 37 33 35 7 30 0 0.00 0.0 M 4.3 10 280 M M 10 8 14 230
11 42 32 37 9 28 0 0.00 0.0 M 2.4 10 150 M M 7 16 180
12 50 36 43 15 22 0 0.38 T M 3.6 12 230 M M 10 12 16 80
13 52 29 41 13 24 0 0.29 T M 10.6 22 350 M M 10 1 34 280
14 29 23 26 -2 39 0 T T M 14.5 23 340 M M 10 31 360
15 34 21 28 0 37 0 0.00 0.0 M 11.6 20 340 M M 4 25 340
16 42 17 30 2 35 0 0.00 0.0 M 4.8 17 360 M M 1 21 350
17 41 23 32 4 33 0 T 0.0 M 2.3 10 270 M M 8 12 280
18 50 36 43 15 22 0 T 0.0 M 8.6 18 320 M M 10 23 320
19 41 37 39 11 26 0 0.76 0.0 M 3.6 10 60 M M 10 1 15 90
20 41 34 38 11 27 0 0.03 T M 10.1 17 240 M M 10 1 22 230
21 35 32 34 7 31 0 0.01 T M 7.2 16 320 M M 10 1 21 330
22 39 32 36 9 29 0 0.27 T M 5.7 15 200 M M 9 1 23 200
23 35 31 33 6 32 0 0.33 1.0 M 8.3 25 320 M M 10 12 32 310
24 36 28 32 5 33 0 T T M 9.4 18 260 M M 8 23 260
25 43 26 35 7 30 0 0.19 1.0 M 6.8 26 130 M M 8 18 47 120
26 42 33 38 10 27 0 T T M 12.9 24 250 M M 10 1 31 240
27 37 30 34 6 31 0 T T M 7.0 17 240 M M 6 22 250
28 50 31 41 13 24 0 0.00 0.0 M 6.5 22 260 M M 3 27 280
29 49 32 41 13 24 0 0.00 0.0 M 5.8 15 240 M M 6 19 230
30 48 32 40 12 25 0 0.03 T M 5.1 14 340 M M 9 1 18 330
31 32 22 27 -1 38 0 0.06 0.5 M 5.4 16 350 M M 6 18 21 350
================================================================================
SM 1185 900 779 0 2.84 2.5 197.2 M 240
================================================================================
AV 42.3 31.0 6.4 FASTST M M 8 MAX(MPH)
MISC ----> 26 130 47 120
================================================================================
NOTES:
# LAST OF SEVERAL OCCURRENCES
COLUMN 17 PEAK WIND IN M.P.H.
PRELIMINARY LOCAL CLIMATOLOGICAL DATA (WS FORM: F-6) , PAGE 2
STATION: AVOCA PA
MONTH: JANUARY
YEAR: 2023
LATITUDE: 41 19 N
LONGITUDE: 75 44 W
[TEMPERATURE DATA] [PRECIPITATION DATA] SYMBOLS USED IN COLUMN 16
AVERAGE MONTHLY: 36.7 TOTAL FOR MONTH: 2.84 1 = FOG OR MIST
DPTR FM NORMAL: 8.7 DPTR FM NORMAL: 0.25 2 = FOG REDUCING VISIBILITY
HIGHEST: 61 ON 4 GRTST 24HR 0.77 ON 19-20 TO 1/4 MILE OR LESS
LOWEST: 17 ON 16 3 = THUNDER
SNOW, ICE PELLETS, HAIL 4 = ICE PELLETS
TOTAL MONTH: 2.5 INCHES 5 = HAIL
GRTST 24HR 1.0 ON 23-23 6 = FREEZING RAIN OR DRIZZLE
GRTST DEPTH: M ON M 7 = DUSTSTORM OR SANDSTORM:
VSBY 1/2 MILE OR LESS
8 = SMOKE OR HAZE
[NO. OF DAYS WITH] [WEATHER - DAYS WITH] 9 = BLOWING SNOW
X = TORNADO
MAX 32 OR BELOW: 2 0.01 INCH OR MORE: 14
MAX 90 OR ABOVE: 0 0.10 INCH OR MORE: 7
MIN 32 OR BELOW: 18 0.50 INCH OR MORE: 1
MIN 0 OR BELOW: 0 1.00 INCH OR MORE: 0
[HDD (BASE 65) ]
TOTAL THIS MO. 779 CLEAR (SCALE 0-3) 3
DPTR FM NORMAL -368 PTCLDY (SCALE 4-7) 12
TOTAL FM JUL 1 2697 CLOUDY (SCALE 8-10) 16
DPTR FM NORMAL -586
[CDD (BASE 65) ]
TOTAL THIS MO. 0
DPTR FM NORMAL 0 [PRESSURE DATA]
TOTAL FM JAN 1 0 HIGHEST SLP 30.34 ON 8
DPTR FM NORMAL 0 LOWEST SLP 29.45 ON 26
[REMARKS]
#FINAL-01-23#
DAYS 01 TO 04 TEMPERATURE/DEWPOINT SENSOR UNRELIABLE AND REPLACED
4TH WARMEST JANUARY RECORD 1932 39.5F
CORRECTED GREATEST 24 HOUR PRECIPITATION
TAC